Last updated on 2024-08-17 05:49:17 CEST.
Flavor | Version | Tinstall | Tcheck | Ttotal | Status | Flags |
---|---|---|---|---|---|---|
r-devel-linux-x86_64-debian-clang | 0.2.0 | 51.28 | 122.50 | 173.78 | NOTE | |
r-devel-linux-x86_64-debian-gcc | 0.2.0 | 39.08 | 89.33 | 128.41 | NOTE | |
r-devel-linux-x86_64-fedora-clang | 0.2.0 | 325.59 | NOTE | |||
r-devel-linux-x86_64-fedora-gcc | 0.2.0 | 323.22 | NOTE | |||
r-devel-windows-x86_64 | 0.2.0 | 71.00 | 152.00 | 223.00 | NOTE | |
r-patched-linux-x86_64 | 0.2.0 | 53.20 | 116.57 | 169.77 | NOTE | |
r-release-linux-x86_64 | 0.2.0 | 51.01 | 118.36 | 169.37 | NOTE | |
r-release-macos-arm64 | 0.2.0 | 87.00 | NOTE | |||
r-release-macos-x86_64 | 0.2.0 | 117.00 | NOTE | |||
r-release-windows-x86_64 | 0.2.0 | 70.00 | 153.00 | 223.00 | NOTE | |
r-oldrel-macos-arm64 | 0.2.0 | 96.00 | NOTE | |||
r-oldrel-macos-x86_64 | 0.2.0 | 156.00 | NOTE | |||
r-oldrel-windows-x86_64 | 0.2.0 | 82.00 | 186.00 | 268.00 | NOTE |
Version: 0.2.0
Check: C++ specification
Result: NOTE
Specified C++11: please drop specification unless essential
Flavors: r-devel-linux-x86_64-debian-clang, r-devel-linux-x86_64-debian-gcc, r-devel-linux-x86_64-fedora-clang, r-devel-linux-x86_64-fedora-gcc, r-devel-windows-x86_64, r-patched-linux-x86_64, r-release-linux-x86_64, r-release-macos-arm64, r-release-macos-x86_64, r-release-windows-x86_64, r-oldrel-macos-arm64, r-oldrel-macos-x86_64, r-oldrel-windows-x86_64