Last updated on 2024-08-17 05:49:17 CEST.
Flavor | Version | Tinstall | Tcheck | Ttotal | Status | Flags |
---|---|---|---|---|---|---|
r-devel-linux-x86_64-debian-clang | 0.3.6 | 6.31 | 58.13 | 64.44 | NOTE | |
r-devel-linux-x86_64-debian-gcc | 0.3.6 | 4.20 | 43.12 | 47.32 | NOTE | |
r-devel-linux-x86_64-fedora-clang | 0.3.6 | 105.31 | NOTE | |||
r-devel-linux-x86_64-fedora-gcc | 0.3.6 | 112.88 | OK | |||
r-devel-windows-x86_64 | 0.3.6 | 7.00 | 85.00 | 92.00 | NOTE | |
r-patched-linux-x86_64 | 0.3.6 | 12.44 | 55.75 | 68.19 | OK | |
r-release-linux-x86_64 | 0.3.6 | 5.97 | 56.13 | 62.10 | OK | |
r-release-macos-arm64 | 0.3.6 | 42.00 | OK | |||
r-release-macos-x86_64 | 0.3.6 | 72.00 | OK | |||
r-release-windows-x86_64 | 0.3.6 | 8.00 | 84.00 | 92.00 | OK | |
r-oldrel-macos-arm64 | 0.3.6 | 43.00 | OK | |||
r-oldrel-macos-x86_64 | 0.3.6 | 65.00 | OK | |||
r-oldrel-windows-x86_64 | 0.3.6 | 9.00 | 93.00 | 102.00 | OK |
Version: 0.3.6
Check: Rd cross-references
Result: NOTE
Found the following Rd file(s) with Rd \link{} targets missing package
anchors:
box_dir_diff.Rd: digest
box_upload_new.Rd: httr
boxr_S3_classes.Rd: as_tibble
Please provide package anchors for all Rd \link{} targets not in the
package itself and the base packages.
Flavors: r-devel-linux-x86_64-debian-clang, r-devel-linux-x86_64-debian-gcc, r-devel-windows-x86_64
Version: 0.3.6
Check: Rd cross-references
Result: NOTE
Undeclared packages ‘data.table’, ‘readxl’, ‘openxlsx’ in Rd xrefs
Flavor: r-devel-linux-x86_64-fedora-clang