Last updated on 2025-04-14 04:51:42 CEST.
Flavor | Version | Tinstall | Tcheck | Ttotal | Status | Flags |
---|---|---|---|---|---|---|
r-devel-linux-x86_64-debian-clang | 1.0.2 | 1.89 | 58.60 | 60.49 | OK | |
r-devel-linux-x86_64-debian-gcc | 1.0.2 | 1.51 | 42.23 | 43.74 | OK | |
r-devel-linux-x86_64-fedora-gcc | 1.0.2 | 99.90 | OK | |||
r-devel-macos-arm64 | 1.0.2 | 33.00 | OK | |||
r-devel-macos-x86_64 | 1.0.2 | 99.00 | OK | |||
r-devel-windows-x86_64 | 1.0.2 | 3.00 | 85.00 | 88.00 | OK | |
r-patched-linux-x86_64 | 1.0.2 | 2.09 | 57.75 | 59.84 | OK | |
r-release-linux-x86_64 | 1.0.2 | 1.97 | 57.33 | 59.30 | OK | |
r-release-macos-arm64 | 1.0.2 | 36.00 | NOTE | |||
r-release-macos-x86_64 | 1.0.2 | 81.00 | NOTE | |||
r-release-windows-x86_64 | 1.0.2 | 3.00 | 97.00 | 100.00 | NOTE | |
r-oldrel-macos-arm64 | 1.0.2 | NOTE | ||||
r-oldrel-macos-x86_64 | 1.0.2 | 105.00 | NOTE | |||
r-oldrel-windows-x86_64 | 1.0.2 | 3.00 | 101.00 | 104.00 | NOTE |
Version: 1.0.2
Check: LazyData
Result: NOTE
'LazyData' is specified without a 'data' directory
Flavors: r-release-macos-arm64, r-release-macos-x86_64, r-release-windows-x86_64, r-oldrel-macos-arm64, r-oldrel-macos-x86_64, r-oldrel-windows-x86_64