CRAN Package Check Results for Package bodenmiller

Last updated on 2025-02-10 03:49:13 CET.

Flavor Version Tinstall Tcheck Ttotal Status Flags
r-devel-linux-x86_64-debian-clang 0.1.1 7.86 37.90 45.76 NOTE
r-devel-linux-x86_64-debian-gcc 0.1.1 7.12 29.91 37.03 NOTE
r-devel-linux-x86_64-fedora-clang 0.1.1 74.20 NOTE
r-devel-linux-x86_64-fedora-gcc 0.1.1 82.54 NOTE
r-devel-windows-x86_64 0.1.1 9.00 55.00 64.00 NOTE
r-patched-linux-x86_64 0.1.1 7.98 35.14 43.12 NOTE
r-release-linux-x86_64 0.1.1 8.41 35.36 43.77 NOTE
r-release-macos-arm64 0.1.1 36.00 NOTE
r-release-macos-x86_64 0.1.1 47.00 NOTE
r-release-windows-x86_64 0.1.1 10.00 54.00 64.00 NOTE
r-oldrel-macos-arm64 0.1.1 36.00 NOTE
r-oldrel-macos-x86_64 0.1.1 53.00 NOTE
r-oldrel-windows-x86_64 0.1.1 11.00 64.00 75.00 NOTE

Check Details

Version: 0.1.1
Check: Rd files
Result: NOTE checkRd: (-1) refAnnots.Rd:10: Lost braces in \itemize; meant \describe ? checkRd: (-1) refAnnots.Rd:11-12: Lost braces in \itemize; meant \describe ? checkRd: (-1) untreatedAnnots.Rd:10: Lost braces in \itemize; meant \describe ? checkRd: (-1) untreatedAnnots.Rd:11-12: Lost braces in \itemize; meant \describe ? checkRd: (-1) untreatedAnnots.Rd:13-14: Lost braces in \itemize; meant \describe ? Flavors: r-devel-linux-x86_64-debian-clang, r-devel-linux-x86_64-debian-gcc, r-devel-linux-x86_64-fedora-clang, r-devel-linux-x86_64-fedora-gcc, r-devel-windows-x86_64, r-patched-linux-x86_64, r-release-linux-x86_64, r-release-macos-arm64, r-release-macos-x86_64, r-release-windows-x86_64

Version: 0.1.1
Check: installed package size
Result: NOTE installed size is 7.4Mb sub-directories of 1Mb or more: data 7.2Mb Flavors: r-release-macos-arm64, r-release-macos-x86_64, r-release-windows-x86_64, r-oldrel-macos-arm64, r-oldrel-macos-x86_64, r-oldrel-windows-x86_64