Last updated on 2025-02-04 05:50:15 CET.
Flavor | Version | Tinstall | Tcheck | Ttotal | Status | Flags |
---|---|---|---|---|---|---|
r-devel-linux-x86_64-debian-clang | 1.0-2 | 7.54 | 39.83 | 47.37 | OK | |
r-devel-linux-x86_64-debian-gcc | 1.0-2 | 4.96 | 30.34 | 35.30 | OK | |
r-devel-linux-x86_64-fedora-clang | 1.0-2 | 81.99 | NOTE | |||
r-devel-linux-x86_64-fedora-gcc | 1.0-2 | 71.80 | NOTE | |||
r-devel-windows-x86_64 | 1.0-2 | 8.00 | 55.00 | 63.00 | OK | |
r-patched-linux-x86_64 | 1.0-2 | 6.62 | 37.46 | 44.08 | OK | |
r-release-linux-x86_64 | 1.0-2 | 6.47 | 38.03 | 44.50 | OK | |
r-release-macos-arm64 | 1.0-2 | 23.00 | OK | |||
r-release-macos-x86_64 | 1.0-2 | 35.00 | OK | |||
r-release-windows-x86_64 | 1.0-2 | 8.00 | 55.00 | 63.00 | OK | |
r-oldrel-macos-arm64 | 1.0-2 | 27.00 | OK | |||
r-oldrel-macos-x86_64 | 1.0-2 | 36.00 | OK | |||
r-oldrel-windows-x86_64 | 1.0-2 | 10.00 | 62.00 | 72.00 | OK |
Version: 1.0-2
Check: dependencies in R code
Result: NOTE
Namespace in Imports field not imported from: ‘shiny’
All declared Imports should be used.
Flavors: r-devel-linux-x86_64-fedora-clang, r-devel-linux-x86_64-fedora-gcc