Last updated on 2024-08-18 04:48:07 CEST.
Flavor | Version | Tinstall | Tcheck | Ttotal | Status | Flags |
---|---|---|---|---|---|---|
r-devel-linux-x86_64-debian-clang | 0.1.5 | 2.15 | 110.79 | 112.94 | OK | |
r-devel-linux-x86_64-debian-gcc | 0.1.5 | 1.61 | 62.07 | 63.68 | OK | |
r-devel-linux-x86_64-fedora-clang | 0.1.5 | 193.84 | NOTE | |||
r-devel-linux-x86_64-fedora-gcc | 0.1.5 | 201.40 | OK | |||
r-devel-windows-x86_64 | 0.1.5 | 4.00 | 101.00 | 105.00 | OK | |
r-patched-linux-x86_64 | 0.1.5 | 2.25 | 102.15 | 104.40 | OK | |
r-release-linux-x86_64 | 0.1.5 | 1.37 | 102.28 | 103.65 | OK | |
r-release-macos-arm64 | 0.1.5 | 57.00 | OK | |||
r-release-macos-x86_64 | 0.1.5 | 91.00 | OK | |||
r-release-windows-x86_64 | 0.1.5 | 4.00 | 99.00 | 103.00 | OK | |
r-oldrel-macos-arm64 | 0.1.5 | 56.00 | OK | |||
r-oldrel-macos-x86_64 | 0.1.5 | 94.00 | OK | |||
r-oldrel-windows-x86_64 | 0.1.5 | 4.00 | 150.00 | 154.00 | OK |
Version: 0.1.5
Check: Rd cross-references
Result: NOTE
Undeclared package ‘np’ in Rd xrefs
Flavor: r-devel-linux-x86_64-fedora-clang