Last updated on 2024-08-18 04:48:07 CEST.
Flavor | Version | Tinstall | Tcheck | Ttotal | Status | Flags |
---|---|---|---|---|---|---|
r-devel-linux-x86_64-debian-clang | 0.6.4 | 6.38 | 53.71 | 60.09 | OK | |
r-devel-linux-x86_64-debian-gcc | 0.6.4 | 4.76 | 36.57 | 41.33 | OK | |
r-devel-linux-x86_64-fedora-clang | 0.6.4 | 101.58 | NOTE | |||
r-devel-linux-x86_64-fedora-gcc | 0.6.4 | 93.09 | NOTE | |||
r-devel-windows-x86_64 | 0.6.4 | 13.00 | 72.00 | 85.00 | OK | |
r-patched-linux-x86_64 | 0.6.4 | 7.30 | 50.38 | 57.68 | OK | |
r-release-linux-x86_64 | 0.6.4 | 7.13 | 51.43 | 58.56 | OK | |
r-release-macos-arm64 | 0.6.4 | 32.00 | OK | |||
r-release-macos-x86_64 | 0.6.4 | 45.00 | OK | |||
r-release-windows-x86_64 | 0.6.4 | 13.00 | 72.00 | 85.00 | OK | |
r-oldrel-macos-arm64 | 0.6.4 | 33.00 | OK | |||
r-oldrel-macos-x86_64 | 0.6.4 | 49.00 | OK | |||
r-oldrel-windows-x86_64 | 0.6.4 | 14.00 | 88.00 | 102.00 | OK |
Version: 0.6.4
Check: compiled code
Result: NOTE
File ‘blockTools/libs/blockTools.so’:
Found no calls to: ‘R_registerRoutines’, ‘R_useDynamicSymbols’
It is good practice to register native routines and to disable symbol
search.
See ‘Writing portable packages’ in the ‘Writing R Extensions’ manual.
Flavors: r-devel-linux-x86_64-fedora-clang, r-devel-linux-x86_64-fedora-gcc