Last updated on 2025-02-10 03:49:13 CET.
Flavor | Version | Tinstall | Tcheck | Ttotal | Status | Flags |
---|---|---|---|---|---|---|
r-devel-linux-x86_64-debian-clang | 1.3.3 | 38.01 | 150.06 | 188.07 | NOTE | |
r-devel-linux-x86_64-debian-gcc | 1.3.3 | 21.42 | 100.60 | 122.02 | NOTE | |
r-devel-linux-x86_64-fedora-clang | 1.3.3 | 305.28 | OK | |||
r-devel-linux-x86_64-fedora-gcc | 1.3.3 | 279.37 | OK | |||
r-devel-windows-x86_64 | 1.3.3 | 30.00 | 160.00 | 190.00 | NOTE | |
r-patched-linux-x86_64 | 1.3.3 | 41.68 | 140.08 | 181.76 | OK | |
r-release-linux-x86_64 | 1.3.3 | 30.80 | 141.03 | 171.83 | OK | |
r-release-macos-arm64 | 1.3.3 | 78.00 | OK | |||
r-release-macos-x86_64 | 1.3.3 | 162.00 | OK | |||
r-release-windows-x86_64 | 1.3.3 | 30.00 | 161.00 | 191.00 | OK | |
r-oldrel-macos-arm64 | 1.3.3 | 87.00 | OK | |||
r-oldrel-macos-x86_64 | 1.3.3 | 240.00 | OK | |||
r-oldrel-windows-x86_64 | 1.3.3 | 40.00 | 215.00 | 255.00 | OK |
Version: 1.3.3
Check: Rd cross-references
Result: NOTE
Found the following Rd file(s) with Rd \link{} targets missing package
anchors:
bizicount.Rd: DHARMa
zic.reg.Rd: DHARMa
Please provide package anchors for all Rd \link{} targets not in the
package itself and the base packages.
Flavors: r-devel-linux-x86_64-debian-clang, r-devel-linux-x86_64-debian-gcc, r-devel-windows-x86_64