Last updated on 2024-08-17 05:49:17 CEST.
Flavor | Version | Tinstall | Tcheck | Ttotal | Status | Flags |
---|---|---|---|---|---|---|
r-devel-linux-x86_64-debian-clang | 1.1.1 | 31.93 | 167.35 | 199.28 | OK | |
r-devel-linux-x86_64-debian-gcc | 1.1.1 | 22.12 | 125.27 | 147.39 | OK | |
r-devel-linux-x86_64-fedora-clang | 1.1.1 | 324.00 | NOTE | |||
r-devel-linux-x86_64-fedora-gcc | 1.1.1 | 319.16 | OK | |||
r-devel-windows-x86_64 | 1.1.1 | 35.00 | 180.00 | 215.00 | NOTE | |
r-patched-linux-x86_64 | 1.1.1 | 29.78 | 159.31 | 189.09 | OK | |
r-release-linux-x86_64 | 1.1.1 | 30.31 | 161.03 | 191.34 | OK | |
r-release-macos-arm64 | 1.1.1 | 83.00 | NOTE | |||
r-release-macos-x86_64 | 1.1.1 | 160.00 | NOTE | |||
r-release-windows-x86_64 | 1.1.1 | 36.00 | 180.00 | 216.00 | NOTE | |
r-oldrel-macos-arm64 | 1.1.1 | 95.00 | NOTE | |||
r-oldrel-macos-x86_64 | 1.1.1 | 204.00 | NOTE | |||
r-oldrel-windows-x86_64 | 1.1.1 | 47.00 | 236.00 | 283.00 | NOTE |
Version: 1.1.1
Check: installed package size
Result: NOTE
installed size is 5.5Mb
sub-directories of 1Mb or more:
data 1.6Mb
help 2.7Mb
Flavors: r-devel-linux-x86_64-fedora-clang, r-devel-windows-x86_64, r-release-macos-arm64, r-release-macos-x86_64, r-release-windows-x86_64, r-oldrel-macos-arm64, r-oldrel-macos-x86_64, r-oldrel-windows-x86_64
Version: 1.1.1
Check: Rd cross-references
Result: NOTE
Undeclared package ‘vegan’ in Rd xrefs
Flavor: r-devel-linux-x86_64-fedora-clang