Last updated on 2025-02-04 05:50:15 CET.
Flavor | Version | Tinstall | Tcheck | Ttotal | Status | Flags |
---|---|---|---|---|---|---|
r-devel-linux-x86_64-debian-clang | 0.1.0 | 3.26 | 18.46 | 21.72 | OK | |
r-devel-linux-x86_64-debian-gcc | 0.1.0 | 2.92 | 15.74 | 18.66 | OK | |
r-devel-linux-x86_64-fedora-clang | 0.1.0 | 35.14 | NOTE | |||
r-devel-linux-x86_64-fedora-gcc | 0.1.0 | 32.24 | NOTE | |||
r-devel-windows-x86_64 | 0.1.0 | 5.00 | 42.00 | 47.00 | OK | |
r-patched-linux-x86_64 | 0.1.0 | 3.25 | 17.54 | 20.79 | OK | |
r-release-linux-x86_64 | 0.1.0 | 2.90 | 17.68 | 20.58 | OK | |
r-release-macos-arm64 | 0.1.0 | 17.00 | OK | |||
r-release-macos-x86_64 | 0.1.0 | 29.00 | OK | |||
r-release-windows-x86_64 | 0.1.0 | 6.00 | 41.00 | 47.00 | OK | |
r-oldrel-macos-arm64 | 0.1.0 | 20.00 | OK | |||
r-oldrel-macos-x86_64 | 0.1.0 | 23.00 | OK | |||
r-oldrel-windows-x86_64 | 0.1.0 | 6.00 | 43.00 | 49.00 | OK |
Version: 0.1.0
Check: dependencies in R code
Result: NOTE
Namespace in Imports field not imported from: ‘tibble’
All declared Imports should be used.
Flavors: r-devel-linux-x86_64-fedora-clang, r-devel-linux-x86_64-fedora-gcc