Last updated on 2025-02-04 05:50:15 CET.
Flavor | Version | Tinstall | Tcheck | Ttotal | Status | Flags |
---|---|---|---|---|---|---|
r-devel-linux-x86_64-debian-clang | 1.9.1 | 3.42 | 39.78 | 43.20 | OK | |
r-devel-linux-x86_64-debian-gcc | 1.9.1 | 2.44 | 28.02 | 30.46 | OK | |
r-devel-linux-x86_64-fedora-clang | 1.9.1 | 71.92 | OK | |||
r-devel-linux-x86_64-fedora-gcc | 1.9.1 | 67.78 | OK | |||
r-devel-windows-x86_64 | 1.9.1 | 5.00 | 65.00 | 70.00 | OK | |
r-patched-linux-x86_64 | 1.9.1 | 3.95 | 37.46 | 41.41 | NOTE | |
r-release-linux-x86_64 | 1.9.1 | 3.31 | 37.66 | 40.97 | NOTE | |
r-release-macos-arm64 | 1.9.1 | 25.00 | NOTE | |||
r-release-macos-x86_64 | 1.9.1 | 43.00 | NOTE | |||
r-release-windows-x86_64 | 1.9.1 | 4.00 | 65.00 | 69.00 | NOTE | |
r-oldrel-macos-arm64 | 1.9.1 | 27.00 | NOTE | |||
r-oldrel-macos-x86_64 | 1.9.1 | 39.00 | NOTE | |||
r-oldrel-windows-x86_64 | 1.9.1 | 5.00 | 71.00 | 76.00 | NOTE |
Version: 1.9.1
Check: package dependencies
Result: NOTE
Package suggested but not available for checking: ‘ffbase’
Flavors: r-patched-linux-x86_64, r-release-linux-x86_64, r-release-macos-arm64, r-release-macos-x86_64, r-release-windows-x86_64, r-oldrel-macos-arm64, r-oldrel-macos-x86_64, r-oldrel-windows-x86_64