Last updated on 2024-08-17 05:49:17 CEST.
Flavor | Version | Tinstall | Tcheck | Ttotal | Status | Flags |
---|---|---|---|---|---|---|
r-devel-linux-x86_64-debian-clang | 1.6.1 | 16.02 | 79.82 | 95.84 | NOTE | |
r-devel-linux-x86_64-debian-gcc | 1.6.1 | 11.43 | 55.92 | 67.35 | NOTE | |
r-devel-linux-x86_64-fedora-clang | 1.6.1 | 158.47 | NOTE | |||
r-devel-linux-x86_64-fedora-gcc | 1.6.1 | 152.62 | NOTE | |||
r-devel-windows-x86_64 | 1.6.1 | 20.00 | 112.00 | 132.00 | NOTE | |
r-patched-linux-x86_64 | 1.6.1 | 16.22 | 75.90 | 92.12 | OK | |
r-release-linux-x86_64 | 1.6.1 | 16.08 | 76.33 | 92.41 | OK | |
r-release-macos-arm64 | 1.6.1 | 50.00 | OK | |||
r-release-macos-x86_64 | 1.6.1 | 84.00 | OK | |||
r-release-windows-x86_64 | 1.6.1 | 22.00 | 111.00 | 133.00 | OK | |
r-oldrel-macos-arm64 | 1.6.1 | 54.00 | OK | |||
r-oldrel-macos-x86_64 | 1.6.1 | 80.00 | OK | |||
r-oldrel-windows-x86_64 | 1.6.1 | 26.00 | 137.00 | 163.00 | OK |
Version: 1.6.1
Check: differences from ‘bfast-Ex.Rout’ to ‘bfast-Ex.Rout.save’
Result: NOTE
788a789
>
809a811
>
922a925
>
943a947
>
Flavors: r-devel-linux-x86_64-debian-clang, r-devel-linux-x86_64-debian-gcc, r-devel-linux-x86_64-fedora-clang, r-devel-linux-x86_64-fedora-gcc, r-devel-windows-x86_64