CRAN Package Check Results for Package betacal

Last updated on 2025-02-11 03:50:05 CET.

Flavor Version Tinstall Tcheck Ttotal Status Flags
r-devel-linux-x86_64-debian-clang 0.1.0 1.66 16.11 17.77 OK
r-devel-linux-x86_64-debian-gcc 0.1.0 1.30 13.72 15.02 OK
r-devel-linux-x86_64-fedora-clang 0.1.0 29.13 OK
r-devel-linux-x86_64-fedora-gcc 0.1.0 27.07 OK
r-devel-windows-x86_64 0.1.0 2.00 34.00 36.00 OK
r-patched-linux-x86_64 0.1.0 1.52 15.43 16.95 NOTE
r-release-linux-x86_64 0.1.0 1.61 15.34 16.95 NOTE
r-release-macos-arm64 0.1.0 18.00 NOTE
r-release-macos-x86_64 0.1.0 23.00 NOTE
r-release-windows-x86_64 0.1.0 2.00 33.00 35.00 NOTE
r-oldrel-macos-arm64 0.1.0 16.00 NOTE
r-oldrel-macos-x86_64 0.1.0 18.00 NOTE
r-oldrel-windows-x86_64 0.1.0 3.00 34.00 37.00 NOTE

Check Details

Version: 0.1.0
Check: LazyData
Result: NOTE 'LazyData' is specified without a 'data' directory Flavors: r-patched-linux-x86_64, r-release-linux-x86_64, r-release-macos-arm64, r-release-macos-x86_64, r-release-windows-x86_64, r-oldrel-macos-arm64, r-oldrel-macos-x86_64, r-oldrel-windows-x86_64