Last updated on 2025-02-10 03:49:13 CET.
Flavor | Version | Tinstall | Tcheck | Ttotal | Status | Flags |
---|---|---|---|---|---|---|
r-devel-linux-x86_64-debian-clang | 0.5.4 | 8.26 | 50.92 | 59.18 | OK | |
r-devel-linux-x86_64-debian-gcc | 0.5.4 | 5.00 | 35.25 | 40.25 | OK | |
r-devel-linux-x86_64-fedora-clang | 0.5.4 | 92.94 | NOTE | |||
r-devel-linux-x86_64-fedora-gcc | 0.5.4 | 86.18 | NOTE | |||
r-devel-windows-x86_64 | 0.5.4 | 11.00 | 62.00 | 73.00 | OK | |
r-patched-linux-x86_64 | 0.5.4 | 6.68 | 47.35 | 54.03 | OK | |
r-release-linux-x86_64 | 0.5.4 | 6.12 | 47.28 | 53.40 | OK | |
r-release-macos-arm64 | 0.5.4 | 27.00 | NOTE | |||
r-release-macos-x86_64 | 0.5.4 | 42.00 | NOTE | |||
r-release-windows-x86_64 | 0.5.4 | 10.00 | 67.00 | 77.00 | NOTE | |
r-oldrel-macos-arm64 | 0.5.4 | 30.00 | NOTE | |||
r-oldrel-macos-x86_64 | 0.5.4 | 42.00 | NOTE | |||
r-oldrel-windows-x86_64 | 0.5.4 | 11.00 | 77.00 | 88.00 | NOTE |
Version: 0.5.4
Check: dependencies in R code
Result: NOTE
Namespaces in Imports field not imported from:
‘knitr’ ‘rlang’
All declared Imports should be used.
Flavors: r-devel-linux-x86_64-fedora-clang, r-devel-linux-x86_64-fedora-gcc
Version: 0.5.4
Check: package dependencies
Result: NOTE
Package suggested but not available for checking: ‘BRugs’
Flavors: r-release-macos-arm64, r-release-macos-x86_64, r-release-windows-x86_64, r-oldrel-macos-arm64, r-oldrel-macos-x86_64, r-oldrel-windows-x86_64