Last updated on 2024-08-17 05:49:16 CEST.
Flavor | Version | Tinstall | Tcheck | Ttotal | Status | Flags |
---|---|---|---|---|---|---|
r-devel-linux-x86_64-debian-clang | 0.1.0 | 7.88 | 228.19 | 236.07 | NOTE | |
r-devel-linux-x86_64-debian-gcc | 0.1.0 | 5.88 | 136.15 | 142.03 | NOTE | |
r-devel-linux-x86_64-fedora-clang | 0.1.0 | 396.79 | OK | |||
r-devel-linux-x86_64-fedora-gcc | 0.1.0 | 396.80 | OK | |||
r-devel-windows-x86_64 | 0.1.0 | 10.00 | 198.00 | 208.00 | NOTE | |
r-patched-linux-x86_64 | 0.1.0 | 11.91 | 214.30 | 226.21 | OK | |
r-release-linux-x86_64 | 0.1.0 | 7.73 | 215.93 | 223.66 | OK | |
r-release-macos-arm64 | 0.1.0 | 178.00 | OK | |||
r-release-macos-x86_64 | 0.1.0 | 433.00 | OK | |||
r-release-windows-x86_64 | 0.1.0 | 10.00 | 192.00 | 202.00 | OK | |
r-oldrel-macos-arm64 | 0.1.0 | 93.00 | OK | |||
r-oldrel-macos-x86_64 | 0.1.0 | 173.00 | OK | |||
r-oldrel-windows-x86_64 | 0.1.0 | 12.00 | 250.00 | 262.00 | OK |
Version: 0.1.0
Check: Rd cross-references
Result: NOTE
Found the following Rd file(s) with Rd \link{} targets missing package
anchors:
pwr_curve.Rd: ggplot2
Please provide package anchors for all Rd \link{} targets not in the
package itself and the base packages.
Flavors: r-devel-linux-x86_64-debian-clang, r-devel-linux-x86_64-debian-gcc, r-devel-windows-x86_64