Last updated on 2024-08-17 05:49:16 CEST.
Flavor | Version | Tinstall | Tcheck | Ttotal | Status | Flags |
---|---|---|---|---|---|---|
r-devel-linux-x86_64-debian-clang | 0.99.3 | 10.92 | 283.91 | 294.83 | NOTE | |
r-devel-linux-x86_64-debian-gcc | 0.99.3 | 9.29 | 200.10 | 209.39 | NOTE | |
r-devel-linux-x86_64-fedora-clang | 0.99.3 | 482.08 | OK | |||
r-devel-linux-x86_64-fedora-gcc | 0.99.3 | 479.05 | OK | |||
r-devel-windows-x86_64 | 0.99.3 | 13.00 | 248.00 | 261.00 | NOTE | |
r-patched-linux-x86_64 | 0.99.3 | 16.84 | 267.71 | 284.55 | OK | |
r-release-linux-x86_64 | 0.99.3 | 11.45 | 270.56 | 282.01 | OK | |
r-release-macos-arm64 | 0.99.3 | 121.00 | OK | |||
r-release-macos-x86_64 | 0.99.3 | 479.00 | OK | |||
r-release-windows-x86_64 | 0.99.3 | 14.00 | 244.00 | 258.00 | OK | |
r-oldrel-macos-arm64 | 0.99.3 | 135.00 | OK | |||
r-oldrel-macos-x86_64 | 0.99.3 | 269.00 | OK | |||
r-oldrel-windows-x86_64 | 0.99.3 | 17.00 | 344.00 | 361.00 | OK |
Version: 0.99.3
Check: Rd cross-references
Result: NOTE
Found the following Rd file(s) with Rd \link{} targets missing package
anchors:
binomialBACT.Rd: bdpnormal
binomial_analysis.Rd: bdpnormal
historical_binomial.Rd: bdpnormal
historical_normal.Rd: bdpnormal
historical_survival.Rd: bdpnormal
normalBACT.Rd: bdpnormal
normal_analysis.Rd: bdpnormal
survivalBACT.Rd: bdpnormal
survival_analysis.Rd: bdpnormal
Please provide package anchors for all Rd \link{} targets not in the
package itself and the base packages.
Flavors: r-devel-linux-x86_64-debian-clang, r-devel-linux-x86_64-debian-gcc, r-devel-windows-x86_64