Last updated on 2024-08-17 05:49:16 CEST.
Flavor | Version | Tinstall | Tcheck | Ttotal | Status | Flags |
---|---|---|---|---|---|---|
r-devel-linux-x86_64-debian-clang | 0.1.0 | 5.69 | 118.95 | 124.64 | OK | |
r-devel-linux-x86_64-debian-gcc | 0.1.0 | 3.74 | 79.99 | 83.73 | OK | |
r-devel-linux-x86_64-fedora-clang | 0.1.0 | 202.81 | NOTE | |||
r-devel-linux-x86_64-fedora-gcc | 0.1.0 | 203.18 | NOTE | |||
r-devel-windows-x86_64 | 0.1.0 | 8.00 | 112.00 | 120.00 | OK | |
r-patched-linux-x86_64 | 0.1.0 | 4.42 | 111.42 | 115.84 | OK | |
r-release-linux-x86_64 | 0.1.0 | 5.62 | 112.57 | 118.19 | OK | |
r-release-macos-arm64 | 0.1.0 | 59.00 | OK | |||
r-release-macos-x86_64 | 0.1.0 | 86.00 | OK | |||
r-release-windows-x86_64 | 0.1.0 | 8.00 | 110.00 | 118.00 | OK | |
r-oldrel-macos-arm64 | 0.1.0 | 61.00 | OK | |||
r-oldrel-macos-x86_64 | 0.1.0 | 105.00 | OK | |||
r-oldrel-windows-x86_64 | 0.1.0 | 10.00 | 142.00 | 152.00 | OK |
Version: 0.1.0
Check: dependencies in R code
Result: NOTE
Namespace in Imports field not imported from: ‘vtable’
All declared Imports should be used.
Flavors: r-devel-linux-x86_64-fedora-clang, r-devel-linux-x86_64-fedora-gcc