Last updated on 2025-02-10 03:49:13 CET.
Flavor | Version | Tinstall | Tcheck | Ttotal | Status | Flags |
---|---|---|---|---|---|---|
r-devel-linux-x86_64-debian-clang | 2.2.1 | 150.53 | 406.70 | 557.23 | OK | |
r-devel-linux-x86_64-debian-gcc | 2.2.1 | 100.35 | 125.09 | 225.44 | OK | |
r-devel-linux-x86_64-fedora-clang | 2.2.1 | 769.07 | OK | |||
r-devel-linux-x86_64-fedora-gcc | 2.2.1 | 600.25 | OK | |||
r-devel-windows-x86_64 | 2.2.1 | 156.00 | 217.00 | 373.00 | OK | |
r-patched-linux-x86_64 | 2.2.1 | 143.94 | 162.54 | 306.48 | OK | |
r-release-linux-x86_64 | 2.2.1 | 148.83 | 184.41 | 333.24 | OK | |
r-release-macos-arm64 | 2.2.1 | 139.00 | NOTE | |||
r-release-macos-x86_64 | 2.2.1 | 207.00 | NOTE | |||
r-release-windows-x86_64 | 2.2.1 | 155.00 | 215.00 | 370.00 | OK | |
r-oldrel-macos-arm64 | 2.2.1 | 139.00 | NOTE | |||
r-oldrel-macos-x86_64 | 2.2.1 | 208.00 | NOTE | |||
r-oldrel-windows-x86_64 | 2.2.1 | 184.00 | 253.00 | 437.00 | OK |
Version: 2.2.1
Check: installed package size
Result: NOTE
installed size is 7.2Mb
sub-directories of 1Mb or more:
libs 6.8Mb
Flavors: r-release-macos-arm64, r-release-macos-x86_64, r-oldrel-macos-arm64, r-oldrel-macos-x86_64