Last updated on 2024-08-18 04:48:07 CEST.
Flavor | Version | Tinstall | Tcheck | Ttotal | Status | Flags |
---|---|---|---|---|---|---|
r-devel-linux-x86_64-debian-clang | 2.2.1 | 143.25 | 205.13 | 348.38 | OK | |
r-devel-linux-x86_64-debian-gcc | 2.2.1 | 100.03 | 123.82 | 223.85 | OK | |
r-devel-linux-x86_64-fedora-clang | 2.2.1 | 756.55 | OK | |||
r-devel-linux-x86_64-fedora-gcc | 2.2.1 | 588.96 | OK | |||
r-devel-windows-x86_64 | 2.2.1 | 154.00 | 221.00 | 375.00 | OK | |
r-patched-linux-x86_64 | 2.2.1 | 143.46 | 163.70 | 307.16 | OK | |
r-release-linux-x86_64 | 2.2.1 | 136.20 | 163.55 | 299.75 | OK | |
r-release-macos-arm64 | 2.2.1 | 139.00 | NOTE | |||
r-release-macos-x86_64 | 2.2.1 | 207.00 | NOTE | |||
r-release-windows-x86_64 | 2.2.1 | 161.00 | 221.00 | 382.00 | OK | |
r-oldrel-macos-arm64 | 2.2.1 | 139.00 | NOTE | |||
r-oldrel-macos-x86_64 | 2.2.1 | 208.00 | NOTE | |||
r-oldrel-windows-x86_64 | 2.2.1 | 186.00 | 255.00 | 441.00 | OK |
Version: 2.2.1
Check: installed package size
Result: NOTE
installed size is 7.2Mb
sub-directories of 1Mb or more:
libs 6.8Mb
Flavors: r-release-macos-arm64, r-release-macos-x86_64, r-oldrel-macos-arm64, r-oldrel-macos-x86_64