Last updated on 2025-02-10 03:49:13 CET.
Flavor | Version | Tinstall | Tcheck | Ttotal | Status | Flags |
---|---|---|---|---|---|---|
r-devel-linux-x86_64-debian-clang | 1.0 | 43.14 | 59.41 | 102.55 | NOTE | |
r-devel-linux-x86_64-debian-gcc | 1.0 | 35.64 | 43.58 | 79.22 | NOTE | |
r-devel-linux-x86_64-fedora-clang | 1.0 | 165.23 | NOTE | |||
r-devel-linux-x86_64-fedora-gcc | 1.0 | 186.70 | NOTE | |||
r-devel-windows-x86_64 | 1.0 | 44.00 | 102.00 | 146.00 | NOTE | |
r-patched-linux-x86_64 | 1.0 | 52.26 | 57.70 | 109.96 | OK | |
r-release-linux-x86_64 | 1.0 | 49.79 | 56.37 | 106.16 | OK | |
r-release-macos-arm64 | 1.0 | 46.00 | NOTE | |||
r-release-macos-x86_64 | 1.0 | 76.00 | NOTE | |||
r-release-windows-x86_64 | 1.0 | 47.00 | 101.00 | 148.00 | OK | |
r-oldrel-macos-arm64 | 1.0 | 54.00 | NOTE | |||
r-oldrel-macos-x86_64 | 1.0 | 72.00 | NOTE | |||
r-oldrel-windows-x86_64 | 1.0 | 54.00 | 118.00 | 172.00 | OK |
Version: 1.0
Check: DESCRIPTION meta-information
Result: NOTE
Missing dependency on R >= 4.1.0 because package code uses the pipe
|> or function shorthand \(...) syntax added in R 4.1.0.
File(s) using such syntax:
‘aloocv.R’ ‘cohortODX.R’ ‘computeEndpoints.R’ ‘fit_baclava.R’
‘predictODX.R’ ‘s3_methods.R’ ‘utilities.R’
Flavors: r-devel-linux-x86_64-debian-clang, r-devel-linux-x86_64-debian-gcc, r-devel-linux-x86_64-fedora-clang, r-devel-linux-x86_64-fedora-gcc, r-devel-windows-x86_64
Version: 1.0
Check: installed package size
Result: NOTE
installed size is 10.4Mb
sub-directories of 1Mb or more:
libs 10.1Mb
Flavors: r-release-macos-arm64, r-release-macos-x86_64, r-oldrel-macos-arm64, r-oldrel-macos-x86_64