Last updated on 2024-08-17 05:49:16 CEST.
Flavor | Version | Tinstall | Tcheck | Ttotal | Status | Flags |
---|---|---|---|---|---|---|
r-devel-linux-x86_64-debian-clang | 0.1.2 | 36.74 | 367.90 | 404.64 | NOTE | |
r-devel-linux-x86_64-debian-gcc | 0.1.2 | 25.30 | 253.92 | 279.22 | NOTE | |
r-devel-linux-x86_64-fedora-clang | 0.1.2 | 651.08 | NOTE | |||
r-devel-linux-x86_64-fedora-gcc | 0.1.2 | 661.49 | NOTE | |||
r-devel-windows-x86_64 | 0.1.2 | 51.00 | 438.00 | 489.00 | NOTE | |
r-patched-linux-x86_64 | 0.1.2 | 35.90 | 340.00 | 375.90 | NOTE | |
r-release-linux-x86_64 | 0.1.2 | 35.14 | 352.13 | 387.27 | NOTE | |
r-release-macos-arm64 | 0.1.2 | 196.00 | NOTE | |||
r-release-macos-x86_64 | 0.1.2 | 290.00 | NOTE | |||
r-release-windows-x86_64 | 0.1.2 | 51.00 | 434.00 | 485.00 | NOTE | |
r-oldrel-macos-arm64 | 0.1.2 | 190.00 | NOTE | |||
r-oldrel-macos-x86_64 | 0.1.2 | 263.00 | NOTE | |||
r-oldrel-windows-x86_64 | 0.1.2 | 64.00 | 531.00 | 595.00 | NOTE |
Version: 0.1.2
Check: package dependencies
Result: NOTE
Package suggested but not available for checking: ‘lixoftConnectors’
Flavors: r-devel-linux-x86_64-debian-clang, r-devel-linux-x86_64-debian-gcc, r-devel-linux-x86_64-fedora-clang, r-devel-linux-x86_64-fedora-gcc, r-devel-windows-x86_64, r-patched-linux-x86_64, r-release-linux-x86_64, r-release-macos-arm64, r-release-macos-x86_64, r-release-windows-x86_64, r-oldrel-macos-arm64, r-oldrel-macos-x86_64, r-oldrel-windows-x86_64