CRAN Package Check Results for Package automagic

Last updated on 2025-02-10 03:49:13 CET.

Flavor Version Tinstall Tcheck Ttotal Status Flags
r-devel-linux-x86_64-debian-clang 0.5.1 1.74 19.58 21.32 OK
r-devel-linux-x86_64-debian-gcc 0.5.1 1.44 15.75 17.19 OK
r-devel-linux-x86_64-fedora-clang 0.5.1 34.54 OK
r-devel-linux-x86_64-fedora-gcc 0.5.1 32.38 OK
r-devel-windows-x86_64 0.5.1 3.00 42.00 45.00 OK
r-patched-linux-x86_64 0.5.1 1.86 18.90 20.76 NOTE
r-release-linux-x86_64 0.5.1 1.80 18.74 20.54 NOTE
r-release-macos-arm64 0.5.1 15.00 NOTE
r-release-macos-x86_64 0.5.1 21.00 NOTE
r-release-windows-x86_64 0.5.1 5.00 42.00 47.00 NOTE
r-oldrel-macos-arm64 0.5.1 15.00 NOTE
r-oldrel-macos-x86_64 0.5.1 20.00 NOTE
r-oldrel-windows-x86_64 0.5.1 4.00 44.00 48.00 NOTE

Check Details

Version: 0.5.1
Check: LazyData
Result: NOTE 'LazyData' is specified without a 'data' directory Flavors: r-patched-linux-x86_64, r-release-linux-x86_64, r-release-macos-arm64, r-release-macos-x86_64, r-release-windows-x86_64, r-oldrel-macos-arm64, r-oldrel-macos-x86_64, r-oldrel-windows-x86_64