Last updated on 2024-08-18 04:48:06 CEST.
Flavor | Version | Tinstall | Tcheck | Ttotal | Status | Flags |
---|---|---|---|---|---|---|
r-devel-linux-x86_64-debian-clang | 0.3.0 | 2.95 | 141.88 | 144.83 | NOTE | |
r-devel-linux-x86_64-debian-gcc | 0.3.0 | 1.81 | 92.45 | 94.26 | NOTE | |
r-devel-linux-x86_64-fedora-clang | 0.3.0 | 252.53 | NOTE | |||
r-devel-linux-x86_64-fedora-gcc | 0.3.0 | 242.25 | NOTE | |||
r-devel-windows-x86_64 | 0.3.0 | 5.00 | 165.00 | 170.00 | NOTE | |
r-patched-linux-x86_64 | 0.3.0 | 3.18 | 130.85 | 134.03 | NOTE | |
r-release-linux-x86_64 | 0.3.0 | 3.16 | 134.59 | 137.75 | NOTE | |
r-release-macos-arm64 | 0.3.0 | 65.00 | NOTE | |||
r-release-macos-x86_64 | 0.3.0 | 99.00 | NOTE | |||
r-release-windows-x86_64 | 0.3.0 | 5.00 | 159.00 | 164.00 | NOTE | |
r-oldrel-macos-arm64 | 0.3.0 | 63.00 | OK | |||
r-oldrel-macos-x86_64 | 0.3.0 | 160.00 | OK | |||
r-oldrel-windows-x86_64 | 0.3.0 | 6.00 | 186.00 | 192.00 | OK |
Version: 0.3.0
Check: Rd files
Result: NOTE
checkRd: (-1) noauto_scorecard.Rd:20: Lost braces; missing escapes or markup?
20 | \item{fit}{See glm {stats}.}
| ^
checkRd: (-1) noauto_scorecard2.Rd:21: Lost braces; missing escapes or markup?
21 | \item{fit}{See glm {stats}.}
| ^
Flavors: r-devel-linux-x86_64-debian-clang, r-devel-linux-x86_64-debian-gcc, r-devel-linux-x86_64-fedora-clang, r-devel-linux-x86_64-fedora-gcc, r-devel-windows-x86_64, r-patched-linux-x86_64, r-release-linux-x86_64, r-release-macos-arm64, r-release-macos-x86_64, r-release-windows-x86_64