Last updated on 2024-08-18 04:48:06 CEST.
Flavor | Version | Tinstall | Tcheck | Ttotal | Status | Flags |
---|---|---|---|---|---|---|
r-devel-linux-x86_64-debian-clang | 0.9.8.1 | 35.12 | 206.62 | 241.74 | NOTE | |
r-devel-linux-x86_64-debian-gcc | 0.9.8.1 | 25.36 | 123.51 | 148.87 | NOTE | |
r-devel-linux-x86_64-fedora-clang | 0.9.8.1 | 394.48 | NOTE | |||
r-devel-linux-x86_64-fedora-gcc | 0.9.8.1 | 372.86 | NOTE | |||
r-devel-windows-x86_64 | 0.9.8.1 | 37.00 | 180.00 | 217.00 | NOTE | |
r-patched-linux-x86_64 | 0.9.8.1 | 34.00 | 192.28 | 226.28 | NOTE | |
r-release-linux-x86_64 | 0.9.8.1 | 33.69 | 189.65 | 223.34 | NOTE | |
r-release-macos-arm64 | 0.9.8.1 | 87.00 | NOTE | |||
r-release-macos-x86_64 | 0.9.8.1 | 142.00 | NOTE | |||
r-release-windows-x86_64 | 0.9.8.1 | 39.00 | 179.00 | 218.00 | NOTE | |
r-oldrel-macos-arm64 | 0.9.8.1 | 87.00 | OK | |||
r-oldrel-macos-x86_64 | 0.9.8.1 | 221.00 | OK | |||
r-oldrel-windows-x86_64 | 0.9.8.1 | 49.00 | 247.00 | 296.00 | OK |
Version: 0.9.8.1
Check: Rd files
Result: NOTE
checkRd: (-1) ataCoKriging.Rd:52: Lost braces; missing escapes or markup?
52 | only one contrained condition for all points and all variables, \\sum_{i=1}^n\\lambda_i +\\sum_{j=1}^m\\beta_j =1, assuming expected means of variables known and constant with the study area.
| ^
checkRd: (-1) ataCoKriging.Rd:52: Lost braces; missing escapes or markup?
52 | only one contrained condition for all points and all variables, \\sum_{i=1}^n\\lambda_i +\\sum_{j=1}^m\\beta_j =1, assuming expected means of variables known and constant with the study area.
| ^
Flavors: r-devel-linux-x86_64-debian-clang, r-devel-linux-x86_64-debian-gcc, r-devel-linux-x86_64-fedora-clang, r-devel-linux-x86_64-fedora-gcc, r-devel-windows-x86_64, r-patched-linux-x86_64, r-release-linux-x86_64, r-release-macos-arm64, r-release-macos-x86_64, r-release-windows-x86_64