CRAN Package Check Results for Package ashapesampler

Last updated on 2025-02-04 05:50:14 CET.

Flavor Version Tinstall Tcheck Ttotal Status Flags
r-devel-linux-x86_64-debian-clang 1.0.0 0.56 1.90 2.46 ERROR
r-devel-linux-x86_64-debian-gcc 1.0.0 4.42 229.69 234.11 OK
r-devel-linux-x86_64-fedora-clang 1.0.0 533.47 OK
r-devel-linux-x86_64-fedora-gcc 1.0.0 567.01 OK
r-devel-windows-x86_64 1.0.0 8.00 426.00 434.00 OK
r-patched-linux-x86_64 1.0.0 0.57 1.79 2.36 ERROR
r-release-linux-x86_64 1.0.0 0.34 1.97 2.31 ERROR
r-release-macos-arm64 1.0.0 231.00 OK
r-release-macos-x86_64 1.0.0 375.00 OK
r-release-windows-x86_64 1.0.0 10.00 420.00 430.00 OK
r-oldrel-macos-arm64 1.0.0 246.00 OK
r-oldrel-macos-x86_64 1.0.0 475.00 OK
r-oldrel-windows-x86_64 1.0.0 12.00 535.00 547.00 OK

Check Details

Version: 1.0.0
Check: package dependencies
Result: ERROR Package required but not available: ‘TDA’ See section ‘The DESCRIPTION file’ in the ‘Writing R Extensions’ manual. Flavors: r-devel-linux-x86_64-debian-clang, r-patched-linux-x86_64, r-release-linux-x86_64