Last updated on 2024-08-17 05:49:16 CEST.
Flavor | Version | Tinstall | Tcheck | Ttotal | Status | Flags |
---|---|---|---|---|---|---|
r-devel-linux-x86_64-debian-clang | 0.0.1 | 2.99 | 77.21 | 80.20 | OK | |
r-devel-linux-x86_64-debian-gcc | 0.0.1 | 2.36 | 68.05 | 70.41 | OK | |
r-devel-linux-x86_64-fedora-clang | 0.0.1 | 137.24 | NOTE | |||
r-devel-linux-x86_64-fedora-gcc | 0.0.1 | 138.56 | NOTE | |||
r-devel-windows-x86_64 | 0.0.1 | 5.00 | 89.00 | 94.00 | OK | |
r-patched-linux-x86_64 | 0.0.1 | 3.36 | 80.41 | 83.77 | OK | |
r-release-linux-x86_64 | 0.0.1 | 3.09 | 82.16 | 85.25 | OK | |
r-release-macos-arm64 | 0.0.1 | 39.00 | OK | |||
r-release-macos-x86_64 | 0.0.1 | 76.00 | OK | |||
r-release-windows-x86_64 | 0.0.1 | 5.00 | 91.00 | 96.00 | OK | |
r-oldrel-macos-arm64 | 0.0.1 | 42.00 | OK | |||
r-oldrel-macos-x86_64 | 0.0.1 | 72.00 | OK | |||
r-oldrel-windows-x86_64 | 0.0.1 | 5.00 | 108.00 | 113.00 | OK |
Version: 0.0.1
Check: dependencies in R code
Result: NOTE
Namespace in Imports field not imported from: ‘purrr’
All declared Imports should be used.
Flavors: r-devel-linux-x86_64-fedora-clang, r-devel-linux-x86_64-fedora-gcc