Last updated on 2025-02-04 05:50:14 CET.
Flavor | Version | Tinstall | Tcheck | Ttotal | Status | Flags |
---|---|---|---|---|---|---|
r-devel-linux-x86_64-debian-clang | 3.3.1 | 27.15 | 170.61 | 197.76 | NOTE | |
r-devel-linux-x86_64-debian-gcc | 3.3.1 | 17.06 | 112.32 | 129.38 | NOTE | |
r-devel-linux-x86_64-fedora-clang | 3.3.1 | 323.38 | OK | |||
r-devel-linux-x86_64-fedora-gcc | 3.3.1 | 300.73 | OK | |||
r-devel-windows-x86_64 | 3.3.1 | 29.00 | 187.00 | 216.00 | NOTE | |
r-patched-linux-x86_64 | 3.3.1 | 29.68 | 152.14 | 181.82 | NOTE | |
r-release-linux-x86_64 | 3.3.1 | 24.01 | 155.50 | 179.51 | NOTE | |
r-release-macos-arm64 | 3.3.1 | 72.00 | NOTE | |||
r-release-macos-x86_64 | 3.3.1 | 119.00 | NOTE | |||
r-release-windows-x86_64 | 3.3.1 | 27.00 | 177.00 | 204.00 | NOTE | |
r-oldrel-macos-arm64 | 3.3.1 | 101.00 | NOTE | |||
r-oldrel-macos-x86_64 | 3.3.1 | 188.00 | NOTE | |||
r-oldrel-windows-x86_64 | 3.3.1 | 35.00 | 221.00 | 256.00 | NOTE |
Version: 3.3.1
Check: Rd cross-references
Result: NOTE
Found the following Rd file(s) with Rd \link{} targets missing package
anchors:
writeDataFrame.AromaUnitSignalBinaryFile.Rd: TabularTextFile
writeDataFrame.AromaUnitSignalBinarySet.Rd: TabularTextFileSet
writeDataFrame.AromaUnitTabularBinaryFile.Rd: TabularTextFile
Please provide package anchors for all Rd \link{} targets not in the
package itself and the base packages.
Package unavailable to check Rd xrefs: ‘GLAD’
Flavors: r-devel-linux-x86_64-debian-clang, r-devel-linux-x86_64-debian-gcc
Version: 3.3.1
Check: Rd cross-references
Result: NOTE
Found the following Rd file(s) with Rd \link{} targets missing package
anchors:
writeDataFrame.AromaUnitSignalBinaryFile.Rd: TabularTextFile
writeDataFrame.AromaUnitSignalBinarySet.Rd: TabularTextFileSet
writeDataFrame.AromaUnitTabularBinaryFile.Rd: TabularTextFile
Please provide package anchors for all Rd \link{} targets not in the
package itself and the base packages.
Flavor: r-devel-windows-x86_64
Version: 3.3.1
Check: package dependencies
Result: NOTE
Packages suggested but not available for checking:
'sfit', 'expectile', 'HaarSeg', 'mpcbs'
Flavors: r-patched-linux-x86_64, r-release-linux-x86_64, r-release-macos-arm64, r-release-macos-x86_64, r-release-windows-x86_64, r-oldrel-windows-x86_64
Version: 3.3.1
Check: package dependencies
Result: NOTE
Packages suggested but not available for checking:
'GLAD', 'sfit', 'expectile', 'HaarSeg', 'mpcbs'
Flavors: r-oldrel-macos-arm64, r-oldrel-macos-x86_64
Version: 3.3.1
Check: Rd cross-references
Result: NOTE
Package unavailable to check Rd xrefs: ‘GLAD’
Flavors: r-oldrel-macos-arm64, r-oldrel-macos-x86_64