Last updated on 2025-02-04 05:50:14 CET.
Flavor | Version | Tinstall | Tcheck | Ttotal | Status | Flags |
---|---|---|---|---|---|---|
r-devel-linux-x86_64-debian-clang | 3.2.2 | 49.13 | 259.90 | 309.03 | NOTE | |
r-devel-linux-x86_64-debian-gcc | 3.2.2 | 28.68 | 174.96 | 203.64 | NOTE | |
r-devel-linux-x86_64-fedora-clang | 3.2.2 | 507.51 | OK | |||
r-devel-linux-x86_64-fedora-gcc | 3.2.2 | 471.41 | OK | |||
r-devel-windows-x86_64 | 3.2.2 | 54.00 | 292.00 | 346.00 | NOTE | |
r-patched-linux-x86_64 | 3.2.2 | 71.99 | 259.14 | 331.13 | OK | |
r-release-linux-x86_64 | 3.2.2 | 49.88 | 251.27 | 301.15 | OK | |
r-release-macos-arm64 | 3.2.2 | 100.00 | NOTE | |||
r-release-macos-x86_64 | 3.2.2 | 175.00 | NOTE | |||
r-release-windows-x86_64 | 3.2.2 | 59.00 | 274.00 | 333.00 | NOTE | |
r-oldrel-macos-arm64 | 3.2.2 | 124.00 | NOTE | |||
r-oldrel-macos-x86_64 | 3.2.2 | 228.00 | NOTE | |||
r-oldrel-windows-x86_64 | 3.2.2 | 64.00 | 357.00 | 421.00 | NOTE |
Version: 3.2.2
Check: Rd cross-references
Result: NOTE
Found the following Rd file(s) with Rd \link{} targets missing package
anchors:
SmoothMultiarrayModel.Rd: ChromosomalModel,
CopyNumberSegmentationModel
byPath.AffymetrixFileSet.Rd: GenericDataFile
calculateBaseline.ChipEffectSet.Rd: getAverageFile
doCRMAv1.Rd: Verbose
doCRMAv2.Rd: Verbose
doFIRMA.Rd: Verbose
doGCRMA.Rd: Verbose
doRMA.Rd: Verbose
justRMA.Rd: Verbose
Please provide package anchors for all Rd \link{} targets not in the
package itself and the base packages.
Packages unavailable to check Rd xrefs: ‘affxparser’, ‘oligo’
Flavor: r-devel-linux-x86_64-debian-clang
Version: 3.2.2
Check: Rd cross-references
Result: NOTE
Found the following Rd file(s) with Rd \link{} targets missing package
anchors:
SmoothMultiarrayModel.Rd: ChromosomalModel,
CopyNumberSegmentationModel
byPath.AffymetrixFileSet.Rd: GenericDataFile
calculateBaseline.ChipEffectSet.Rd: getAverageFile
doCRMAv1.Rd: Verbose
doCRMAv2.Rd: Verbose
doFIRMA.Rd: Verbose
doGCRMA.Rd: Verbose
doRMA.Rd: Verbose
justRMA.Rd: Verbose
Please provide package anchors for all Rd \link{} targets not in the
package itself and the base packages.
Package unavailable to check Rd xrefs: ‘oligo’
Flavor: r-devel-linux-x86_64-debian-gcc
Version: 3.2.2
Check: Rd cross-references
Result: NOTE
Found the following Rd file(s) with Rd \link{} targets missing package
anchors:
SmoothMultiarrayModel.Rd: ChromosomalModel,
CopyNumberSegmentationModel
byPath.AffymetrixFileSet.Rd: GenericDataFile
calculateBaseline.ChipEffectSet.Rd: getAverageFile
doCRMAv1.Rd: Verbose
doCRMAv2.Rd: Verbose
doFIRMA.Rd: Verbose
doGCRMA.Rd: Verbose
doRMA.Rd: Verbose
justRMA.Rd: Verbose
Please provide package anchors for all Rd \link{} targets not in the
package itself and the base packages.
Flavor: r-devel-windows-x86_64
Version: 3.2.2
Check: package dependencies
Result: NOTE
Package suggested but not available for checking: ‘AffymetrixDataTestFiles’
Flavors: r-release-macos-arm64, r-release-macos-x86_64
Version: 3.2.2
Check: installed package size
Result: NOTE
installed size is 6.1Mb
sub-directories of 1Mb or more:
R 3.0Mb
help 1.1Mb
testScripts 1.1Mb
Flavors: r-release-macos-arm64, r-release-macos-x86_64, r-release-windows-x86_64, r-oldrel-macos-arm64, r-oldrel-macos-x86_64, r-oldrel-windows-x86_64
Version: 3.2.2
Check: package dependencies
Result: NOTE
Packages suggested but not available for checking:
'affxparser', 'oligo', 'oligoClasses', 'pdInfoBuilder',
'AffymetrixDataTestFiles'
Flavors: r-oldrel-macos-arm64, r-oldrel-macos-x86_64
Version: 3.2.2
Check: Rd cross-references
Result: NOTE
Packages unavailable to check Rd xrefs: ‘affxparser’, ‘oligo’, ‘oligoClasses’
Flavors: r-oldrel-macos-arm64, r-oldrel-macos-x86_64