Last updated on 2024-08-17 05:49:16 CEST.
Flavor | Version | Tinstall | Tcheck | Ttotal | Status | Flags |
---|---|---|---|---|---|---|
r-devel-linux-x86_64-debian-clang | 2.3.6 | 9.01 | 78.35 | 87.36 | WARN | |
r-devel-linux-x86_64-debian-gcc | 2.3.6 | 6.39 | 54.13 | 60.52 | WARN | |
r-devel-linux-x86_64-fedora-clang | 2.3.6 | 140.41 | WARN | |||
r-devel-linux-x86_64-fedora-gcc | 2.3.6 | 146.38 | WARN | |||
r-devel-windows-x86_64 | 2.3.6 | 10.00 | 107.00 | 117.00 | WARN | |
r-patched-linux-x86_64 | 2.3.6 | 11.59 | 74.63 | 86.22 | OK | |
r-release-linux-x86_64 | 2.3.6 | 7.46 | 74.29 | 81.75 | OK | |
r-release-macos-arm64 | 2.3.6 | 43.00 | OK | |||
r-release-macos-x86_64 | 2.3.6 | 63.00 | OK | |||
r-release-windows-x86_64 | 2.3.6 | 12.00 | 106.00 | 118.00 | OK | |
r-oldrel-macos-arm64 | 2.3.6 | 48.00 | OK | |||
r-oldrel-macos-x86_64 | 2.3.6 | 75.00 | OK | |||
r-oldrel-windows-x86_64 | 2.3.6 | 12.00 | 124.00 | 136.00 | OK |
Version: 2.3.6
Check: ‘build’ directory
Result: WARN
Source(s) listed in 'build/vignette.rds' but not in package:
‘accessibility.Rmd’
‘caching.Rmd’
‘chaining.Rmd’
‘posts.Rmd’
Flavors: r-devel-linux-x86_64-debian-clang, r-devel-linux-x86_64-debian-gcc, r-devel-linux-x86_64-fedora-clang, r-devel-linux-x86_64-fedora-gcc, r-devel-windows-x86_64
Version: 2.3.6
Check: Rd cross-references
Result: NOTE
Undeclared package ‘rmarkdown’ in Rd xrefs
Flavor: r-devel-linux-x86_64-fedora-clang