Last updated on 2024-08-17 05:49:16 CEST.
Flavor | Version | Tinstall | Tcheck | Ttotal | Status | Flags |
---|---|---|---|---|---|---|
r-devel-linux-x86_64-debian-clang | 0.3.0 | 4.86 | 40.38 | 45.24 | OK | |
r-devel-linux-x86_64-debian-gcc | 0.3.0 | 3.54 | 28.98 | 32.52 | OK | |
r-devel-linux-x86_64-fedora-clang | 0.3.0 | 2.40 | ERROR | |||
r-devel-linux-x86_64-fedora-gcc | 0.3.0 | 2.34 | ERROR | |||
r-devel-windows-x86_64 | 0.3.0 | 5.00 | 60.00 | 65.00 | OK | |
r-patched-linux-x86_64 | 0.3.0 | 4.85 | 38.31 | 43.16 | OK | |
r-release-linux-x86_64 | 0.3.0 | 3.19 | 38.79 | 41.98 | OK | |
r-release-macos-arm64 | 0.3.0 | 31.00 | OK | |||
r-release-macos-x86_64 | 0.3.0 | 69.00 | OK | |||
r-release-windows-x86_64 | 0.3.0 | 6.00 | 59.00 | 65.00 | OK | |
r-oldrel-macos-arm64 | 0.3.0 | 35.00 | OK | |||
r-oldrel-macos-x86_64 | 0.3.0 | 13.00 | ERROR | |||
r-oldrel-windows-x86_64 | 0.3.0 | 7.00 | 66.00 | 73.00 | OK |
Version: 0.3.0
Check: package dependencies
Result: ERROR
Package required but not available: ‘arcpbf’
See section ‘The DESCRIPTION file’ in the ‘Writing R Extensions’
manual.
Flavors: r-devel-linux-x86_64-fedora-clang, r-devel-linux-x86_64-fedora-gcc
Version: 0.3.0
Check: package dependencies
Result: ERROR
Package required and available but unsuitable version: ‘arcpbf’
See section ‘The DESCRIPTION file’ in the ‘Writing R Extensions’
manual.
Flavor: r-oldrel-macos-x86_64