Last updated on 2025-02-04 05:50:14 CET.
Flavor | Version | Tinstall | Tcheck | Ttotal | Status | Flags |
---|---|---|---|---|---|---|
r-devel-linux-x86_64-debian-clang | 2.1.0 | 25.46 | 443.68 | 469.14 | OK | |
r-devel-linux-x86_64-debian-gcc | 2.1.0 | 14.01 | 254.08 | 268.09 | ERROR | |
r-devel-linux-x86_64-fedora-clang | 2.1.0 | 661.80 | ERROR | |||
r-devel-linux-x86_64-fedora-gcc | 2.1.0 | 576.85 | ERROR | |||
r-devel-windows-x86_64 | 2.1.0 | 26.00 | 343.00 | 369.00 | OK | |
r-patched-linux-x86_64 | 2.1.0 | 28.49 | 356.80 | 385.29 | OK | |
r-release-linux-x86_64 | 2.1.0 | 23.64 | 358.35 | 381.99 | OK | |
r-release-macos-arm64 | 2.1.0 | 166.00 | NOTE | |||
r-release-macos-x86_64 | 2.1.0 | 328.00 | NOTE | |||
r-release-windows-x86_64 | 2.1.0 | 26.00 | 345.00 | 371.00 | NOTE | |
r-oldrel-macos-arm64 | 2.1.0 | 164.00 | NOTE | |||
r-oldrel-macos-x86_64 | 2.1.0 | 303.00 | NOTE | |||
r-oldrel-windows-x86_64 | 2.1.0 | 35.00 | 446.00 | 481.00 | NOTE |
Version: 2.1.0
Check: re-building of vignette outputs
Result: ERROR
Error(s) in re-building vignettes:
...
--- re-building ‘Introduction-to-SoilProfileCollection-Objects.Rmd’ using rmarkdown
** Processing: /home/hornik/tmp/R.check/r-devel-gcc/Work/PKGS/aqp.Rcheck/vign_test/aqp/vignettes/Introduction-to-SoilProfileCollection-Objects_files/figure-html/unnamed-chunk-1-1.png
576x288 pixels, 8 bits/pixel, 256 colors in palette
Reducing image to 8 bits/pixel, grayscale
Input IDAT size = 8023 bytes
Input file size = 8881 bytes
Trying:
zc = 9 zm = 8 zs = 0 f = 0 IDAT size = 7095
zc = 9 zm = 8 zs = 1 f = 0
zc = 1 zm = 8 zs = 2 f = 0
zc = 9 zm = 8 zs = 3 f = 0
zc = 9 zm = 8 zs = 0 f = 5
zc = 9 zm = 8 zs = 1 f = 5
zc = 1 zm = 8 zs = 2 f = 5
zc = 9 zm = 8 zs = 3 f = 5
Selecting parameters:
zc = 9 zm = 8 zs = 0 f = 0 IDAT size = 7095
Output IDAT size = 7095 bytes (928 bytes decrease)
Output file size = 7173 bytes (1708 bytes = 19.23% decrease)
** Processing: /home/hornik/tmp/R.check/r-devel-gcc/Work/PKGS/aqp.Rcheck/vign_test/aqp/vignettes/Introduction-to-SoilProfileCollection-Objects_files/figure-html/unnamed-chunk-13-1.png
768x384 pixels, 3x8 bits/pixel, RGB
Input IDAT size = 15525 bytes
Input file size = 15615 bytes
Trying:
zc = 9 zm = 8 zs = 0 f = 0 IDAT size = 14943
zc = 9 zm = 8 zs = 1 f = 0
zc = 1 zm = 8 zs = 2 f = 0
zc = 9 zm = 8 zs = 3 f = 0
zc = 9 zm = 8 zs = 0 f = 5 IDAT size = 13613
zc = 9 zm = 8 zs = 1 f = 5
zc = 1 zm = 8 zs = 2 f = 5
zc = 9 zm = 8 zs = 3 f = 5
Selecting parameters:
zc = 9 zm = 8 zs = 0 f = 5 IDAT size = 13613
Output IDAT size = 13613 bytes (1912 bytes decrease)
Output file size = 13691 bytes (1924 bytes = 12.32% decrease)
** Processing: /home/hornik/tmp/R.check/r-devel-gcc/Work/PKGS/aqp.Rcheck/vign_test/aqp/vignettes/Introduction-to-SoilProfileCollection-Objects_files/figure-html/unnamed-chunk-14-1.png
768x384 pixels, 8 bits/pixel, 228 colors in palette
Reducing image to 8 bits/pixel, grayscale
Input IDAT size = 3931 bytes
Input file size = 4705 bytes
Trying:
zc = 9 zm = 8 zs = 0 f = 0 IDAT size = 3258
zc = 9 zm = 8 zs = 1 f = 0
zc = 1 zm = 8 zs = 2 f = 0
zc = 9 zm = 8 zs = 3 f = 0
zc = 9 zm = 8 zs = 0 f = 5 IDAT size = 3220
zc = 9 zm = 8 zs = 1 f = 5 IDAT size = 3202
zc = 1 zm = 8 zs = 2 f = 5
zc = 9 zm = 8 zs = 3 f = 5
Selecting parameters:
zc = 9 zm = 8 zs = 1 f = 5 IDAT size = 3202
Output IDAT size = 3202 bytes (729 bytes decrease)
Output file size = 3280 bytes (1425 bytes = 30.29% decrease)
** Processing: /home/hornik/tmp/R.check/r-devel-gcc/Work/PKGS/aqp.Rcheck/vign_test/aqp/vignettes/Introduction-to-SoilProfileCollection-Objects_files/figure-html/unnamed-chunk-15-1.png
768x384 pixels, 8 bits/pixel, 254 colors in palette
Reducing image to 8 bits/pixel, grayscale
Input IDAT size = 6249 bytes
Input file size = 7101 bytes
Trying:
zc = 9 zm = 8 zs = 0 f = 0 IDAT size = 5227
zc = 9 zm = 8 zs = 1 f = 0
zc = 1 zm = 8 zs = 2 f = 0
zc = 9 zm = 8 zs = 3 f = 0
zc = 9 zm = 8 zs = 0 f = 5
zc = 9 zm = 8 zs = 1 f = 5
zc = 1 zm = 8 zs = 2 f = 5
zc = 9 zm = 8 zs = 3 f = 5
Selecting parameters:
zc = 9 zm = 8 zs = 0 f = 0 IDAT size = 5227
Output IDAT size = 5227 bytes (1022 bytes decrease)
Output file size = 5305 bytes (1796 bytes = 25.29% decrease)
** Processing: /home/hornik/tmp/R.check/r-devel-gcc/Work/PKGS/aqp.Rcheck/vign_test/aqp/vignettes/Introduction-to-SoilProfileCollection-Objects_files/figure-html/unnamed-chunk-15-2.png
768x384 pixels, 8 bits/pixel, 235 colors in palette
Reducing image to 8 bits/pixel, grayscale
Input IDAT size = 3309 bytes
Input file size = 4104 bytes
Trying:
zc = 9 zm = 8 zs = 0 f = 0 IDAT size = 2670
zc = 9 zm = 8 zs = 1 f = 0
zc = 1 zm = 8 zs = 2 f = 0
zc = 9 zm = 8 zs = 3 f = 0
zc = 9 zm = 8 zs = 0 f = 5
zc = 9 zm = 8 zs = 1 f = 5
zc = 1 zm = 8 zs = 2 f = 5
zc = 9 zm = 8 zs = 3 f = 5
Selecting parameters:
zc = 9 zm = 8 zs = 0 f = 0 IDAT size = 2670
Output IDAT size = 2670 bytes (639 bytes decrease)
Output file size = 2748 bytes (1356 bytes = 33.04% decrease)
** Processing: /home/hornik/tmp/R.check/r-devel-gcc/Work/PKGS/aqp.Rcheck/vign_test/aqp/vignettes/Introduction-to-SoilProfileCollection-Objects_files/figure-html/unnamed-chunk-16-1.png
864x480 pixels, 3x8 bits/pixel, RGB
Input IDAT size = 46001 bytes
Input file size = 46139 bytes
Trying:
zc = 9 zm = 8 zs = 0 f = 0 IDAT size = 36872
zc = 9 zm = 8 zs = 1 f = 0
zc = 1 zm = 8 zs = 2 f = 0
zc = 9 zm = 8 zs = 3 f = 0
zc = 9 zm = 8 zs = 0 f = 5
zc = 9 zm = 8 zs = 1 f = 5
zc = 1 zm = 8 zs = 2 f = 5
zc = 9 zm = 8 zs = 3 f = 5
Selecting parameters:
zc = 9 zm = 8 zs = 0 f = 0 IDAT size = 36872
Output IDAT size = 36872 bytes (9129 bytes decrease)
Output file size = 36950 bytes (9189 bytes = 19.92% decrease)
** Processing: /home/hornik/tmp/R.check/r-devel-gcc/Work/PKGS/aqp.Rcheck/vign_test/aqp/vignettes/Introduction-to-SoilProfileCollection-Objects_files/figure-html/unnamed-chunk-17-1.png
864x480 pixels, 3x8 bits/pixel, RGB
Input IDAT size = 45912 bytes
Input file size = 46050 bytes
Trying:
zc = 9 zm = 8 zs = 0 f = 0 IDAT size = 37017
zc = 9 zm = 8 zs = 1 f = 0
zc = 1 zm = 8 zs = 2 f = 0
zc = 9 zm = 8 zs = 3 f = 0
zc = 9 zm = 8 zs = 0 f = 5
zc = 9 zm = 8 zs = 1 f = 5
zc = 1 zm = 8 zs = 2 f = 5
zc = 9 zm = 8 zs = 3 f = 5
Selecting parameters:
zc = 9 zm = 8 zs = 0 f = 0 IDAT size = 37017
Output IDAT size = 37017 bytes (8895 bytes decrease)
Output file size = 37095 bytes (8955 bytes = 19.45% decrease)
** Processing: /home/hornik/tmp/R.check/r-devel-gcc/Work/PKGS/aqp.Rcheck/vign_test/aqp/vignettes/Introduction-to-SoilProfileCollection-Objects_files/figure-html/unnamed-chunk-18-1.png
864x480 pixels, 3x8 bits/pixel, RGB
Input IDAT size = 45467 bytes
Input file size = 45605 bytes
Trying:
zc = 9 zm = 8 zs = 0 f = 0 IDAT size = 36582
zc = 9 zm = 8 zs = 1 f = 0
zc = 1 zm = 8 zs = 2 f = 0
zc = 9 zm = 8 zs = 3 f = 0
zc = 9 zm = 8 zs = 0 f = 5
zc = 9 zm = 8 zs = 1 f = 5
zc = 1 zm = 8 zs = 2 f = 5
zc = 9 zm = 8 zs = 3 f = 5
Selecting parameters:
zc = 9 zm = 8 zs = 0 f = 0 IDAT size = 36582
Output IDAT size = 36582 bytes (8885 bytes decrease)
Output file size = 36660 bytes (8945 bytes = 19.61% decrease)
** Processing: /home/hornik/tmp/R.check/r-devel-gcc/Work/PKGS/aqp.Rcheck/vign_test/aqp/vignettes/Introduction-to-SoilProfileCollection-Objects_files/figure-html/unnamed-chunk-19-1.png
864x480 pixels, 3x8 bits/pixel, RGB
Input IDAT size = 38540 bytes
Input file size = 38666 bytes
Trying:
zc = 9 zm = 8 zs = 0 f = 0 IDAT size = 31790
zc = 9 zm = 8 zs = 1 f = 0
zc = 1 zm = 8 zs = 2 f = 0
zc = 9 zm = 8 zs = 3 f = 0
zc = 9 zm = 8 zs = 0 f = 5
zc = 9 zm = 8 zs = 1 f = 5
zc = 1 zm = 8 zs = 2 f = 5
zc = 9 zm = 8 zs = 3 f = 5
Selecting parameters:
zc = 9 zm = 8 zs = 0 f = 0 IDAT size = 31790
Output IDAT size = 31790 bytes (6750 bytes decrease)
Output file size = 31868 bytes (6798 bytes = 17.58% decrease)
** Processing: /home/hornik/tmp/R.check/r-devel-gcc/Work/PKGS/aqp.Rcheck/vign_test/aqp/vignettes/Introduction-to-SoilProfileCollection-Objects_files/figure-html/unnamed-chunk-20-1.png
864x480 pixels, 3x8 bits/pixel, RGB
Input IDAT size = 45848 bytes
Input file size = 45986 bytes
Trying:
zc = 9 zm = 8 zs = 0 f = 0 IDAT size = 35960
zc = 9 zm = 8 zs = 1 f = 0
zc = 1 zm = 8 zs = 2 f = 0
zc = 9 zm = 8 zs = 3 f = 0
zc = 9 zm = 8 zs = 0 f = 5
zc = 9 zm = 8 zs = 1 f = 5
zc = 1 zm = 8 zs = 2 f = 5
zc = 9 zm = 8 zs = 3 f = 5
Selecting parameters:
zc = 9 zm = 8 zs = 0 f = 0 IDAT size = 35960
Output IDAT size = 35960 bytes (9888 bytes decrease)
Output file size = 36038 bytes (9948 bytes = 21.63% decrease)
** Processing: /home/hornik/tmp/R.check/r-devel-gcc/Work/PKGS/aqp.Rcheck/vign_test/aqp/vignettes/Introduction-to-SoilProfileCollection-Objects_files/figure-html/unnamed-chunk-21-1.png
864x480 pixels, 3x8 bits/pixel, RGB
Input IDAT size = 45469 bytes
Input file size = 45607 bytes
Trying:
zc = 9 zm = 8 zs = 0 f = 0 IDAT size = 36820
zc = 9 zm = 8 zs = 1 f = 0
zc = 1 zm = 8 zs = 2 f = 0
zc = 9 zm = 8 zs = 3 f = 0
zc = 9 zm = 8 zs = 0 f = 5
zc = 9 zm = 8 zs = 1 f = 5
zc = 1 zm = 8 zs = 2 f = 5
zc = 9 zm = 8 zs = 3 f = 5
Selecting parameters:
zc = 9 zm = 8 zs = 0 f = 0 IDAT size = 36820
Output IDAT size = 36820 bytes (8649 bytes decrease)
Output file size = 36898 bytes (8709 bytes = 19.10% decrease)
** Processing: /home/hornik/tmp/R.check/r-devel-gcc/Work/PKGS/aqp.Rcheck/vign_test/aqp/vignettes/Introduction-to-SoilProfileCollection-Objects_files/figure-html/unnamed-chunk-22-1.png
864x480 pixels, 3x8 bits/pixel, RGB
Input IDAT size = 43179 bytes
Input file size = 43317 bytes
Trying:
zc = 9 zm = 8 zs = 0 f = 0 IDAT size = 34988
zc = 9 zm = 8 zs = 1 f = 0
zc = 1 zm = 8 zs = 2 f = 0
zc = 9 zm = 8 zs = 3 f = 0
zc = 9 zm = 8 zs = 0 f = 5
zc = 9 zm = 8 zs = 1 f = 5
zc = 1 zm = 8 zs = 2 f = 5
zc = 9 zm = 8 zs = 3 f = 5
Selecting parameters:
zc = 9 zm = 8 zs = 0 f = 0 IDAT size = 34988
Output IDAT size = 34988 bytes (8191 bytes decrease)
Output file size = 35066 bytes (8251 bytes = 19.05% decrease)
** Processing: /home/hornik/tmp/R.check/r-devel-gcc/Work/PKGS/aqp.Rcheck/vign_test/aqp/vignettes/Introduction-to-SoilProfileCollection-Objects_files/figure-html/unnamed-chunk-24-1.png
480x576 pixels, 3x8 bits/pixel, RGB
Input IDAT size = 12530 bytes
Input file size = 12620 bytes
Trying:
zc = 9 zm = 8 zs = 0 f = 0 IDAT size = 11122
zc = 9 zm = 8 zs = 1 f = 0
zc = 1 zm = 8 zs = 2 f = 0
zc = 9 zm = 8 zs = 3 f = 0
zc = 9 zm = 8 zs = 0 f = 5
zc = 9 zm = 8 zs = 1 f = 5
zc = 1 zm = 8 zs = 2 f = 5
zc = 9 zm = 8 zs = 3 f = 5
Selecting parameters:
zc = 9 zm = 8 zs = 0 f = 0 IDAT size = 11122
Output IDAT size = 11122 bytes (1408 bytes decrease)
Output file size = 11200 bytes (1420 bytes = 11.25% decrease)
** Processing: /home/hornik/tmp/R.check/r-devel-gcc/Work/PKGS/aqp.Rcheck/vign_test/aqp/vignettes/Introduction-to-SoilProfileCollection-Objects_files/figure-html/unnamed-chunk-25-1.png
672x576 pixels, 3x8 bits/pixel, RGB
Input IDAT size = 18160 bytes
Input file size = 18262 bytes
Trying:
zc = 9 zm = 8 zs = 0 f = 0 IDAT size = 16692
zc = 9 zm = 8 zs = 1 f = 0
zc = 1 zm = 8 zs = 2 f = 0
zc = 9 zm = 8 zs = 3 f = 0
zc = 9 zm = 8 zs = 0 f = 5 IDAT size = 16436
zc = 9 zm = 8 zs = 1 f = 5
zc = 1 zm = 8 zs = 2 f = 5
zc = 9 zm = 8 zs = 3 f = 5
Selecting parameters:
zc = 9 zm = 8 zs = 0 f = 5 IDAT size = 16436
Output IDAT size = 16436 bytes (1724 bytes decrease)
Output file size = 16514 bytes (1748 bytes = 9.57% decrease)
** Processing: /home/hornik/tmp/R.check/r-devel-gcc/Work/PKGS/aqp.Rcheck/vign_test/aqp/vignettes/Introduction-to-SoilProfileCollection-Objects_files/figure-html/unnamed-chunk-26-1.png
768x576 pixels, 3x8 bits/pixel, RGB
Input IDAT size = 21885 bytes
Input file size = 21987 bytes
Trying:
zc = 9 zm = 8 zs = 0 f = 0 IDAT size = 20797
zc = 9 zm = 8 zs = 1 f = 0
zc = 1 zm = 8 zs = 2 f = 0
zc = 9 zm = 8 zs = 3 f = 0
zc = 9 zm = 8 zs = 0 f = 5 IDAT size = 20138
zc = 9 zm = 8 zs = 1 f = 5
zc = 1 zm = 8 zs = 2 f = 5
zc = 9 zm = 8 zs = 3 f = 5
Selecting parameters:
zc = 9 zm = 8 zs = 0 f = 5 IDAT size = 20138
Output IDAT size = 20138 bytes (1747 bytes decrease)
Output file size = 20216 bytes (1771 bytes = 8.05% decrease)
** Processing: /home/hornik/tmp/R.check/r-devel-gcc/Work/PKGS/aqp.Rcheck/vign_test/aqp/vignettes/Introduction-to-SoilProfileCollection-Objects_files/figure-html/unnamed-chunk-27-1.png
768x576 pixels, 3x8 bits/pixel, RGB
Input IDAT size = 24576 bytes
Input file size = 24678 bytes
Trying:
zc = 9 zm = 8 zs = 0 f = 0 IDAT size = 22462
zc = 9 zm = 8 zs = 1 f = 0
zc = 1 zm = 8 zs = 2 f = 0
zc = 9 zm = 8 zs = 3 f = 0
zc = 9 zm = 8 zs = 0 f = 5
zc = 9 zm = 8 zs = 1 f = 5
zc = 1 zm = 8 zs = 2 f = 5
zc = 9 zm = 8 zs = 3 f = 5
Selecting parameters:
zc = 9 zm = 8 zs = 0 f = 0 IDAT size = 22462
Output IDAT size = 22462 bytes (2114 bytes decrease)
Output file size = 22540 bytes (2138 bytes = 8.66% decrease)
** Processing: /home/hornik/tmp/R.check/r-devel-gcc/Work/PKGS/aqp.Rcheck/vign_test/aqp/vignettes/Introduction-to-SoilProfileCollection-Objects_files/figure-html/unnamed-chunk-28-1.png
864x480 pixels, 3x8 bits/pixel, RGB
Input IDAT size = 47103 bytes
Input file size = 47241 bytes
Trying:
zc = 9 zm = 8 zs = 0 f = 0 IDAT size = 37807
zc = 9 zm = 8 zs = 1 f = 0
zc = 1 zm = 8 zs = 2 f = 0
zc = 9 zm = 8 zs = 3 f = 0
zc = 9 zm = 8 zs = 0 f = 5
zc = 9 zm = 8 zs = 1 f = 5
zc = 1 zm = 8 zs = 2 f = 5
zc = 9 zm = 8 zs = 3 f = 5
Selecting parameters:
zc = 9 zm = 8 zs = 0 f = 0 IDAT size = 37807
Output IDAT size = 37807 bytes (9296 bytes decrease)
Output file size = 37885 bytes (9356 bytes = 19.80% decrease)
** Processing: /home/hornik/tmp/R.check/r-devel-gcc/Work/PKGS/aqp.Rcheck/vign_test/aqp/vignettes/Introduction-to-SoilProfileCollection-Objects_files/figure-html/unnamed-chunk-29-1.png
864x480 pixels, 3x8 bits/pixel, RGB
Input IDAT size = 45235 bytes
Input file size = 45373 bytes
Trying:
zc = 9 zm = 8 zs = 0 f = 0 IDAT size = 36722
zc = 9 zm = 8 zs = 1 f = 0
zc = 1 zm = 8 zs = 2 f = 0
zc = 9 zm = 8 zs = 3 f = 0
zc = 9 zm = 8 zs = 0 f = 5
zc = 9 zm = 8 zs = 1 f = 5
zc = 1 zm = 8 zs = 2 f = 5
zc = 9 zm = 8 zs = 3 f = 5
Selecting parameters:
zc = 9 zm = 8 zs = 0 f = 0 IDAT size = 36722
Output IDAT size = 36722 bytes (8513 bytes decrease)
Output file size = 36800 bytes (8573 bytes = 18.89% decrease)
** Processing: /home/hornik/tmp/R.check/r-devel-gcc/Work/PKGS/aqp.Rcheck/vign_test/aqp/vignettes/Introduction-to-SoilProfileCollection-Objects_files/figure-html/unnamed-chunk-30-1.png
864x480 pixels, 3x8 bits/pixel, RGB
Input IDAT size = 46896 bytes
Input file size = 47034 bytes
Trying:
zc = 9 zm = 8 zs = 0 f = 0 IDAT size = 37805
zc = 9 zm = 8 zs = 1 f = 0
zc = 1 zm = 8 zs = 2 f = 0
zc = 9 zm = 8 zs = 3 f = 0
zc = 9 zm = 8 zs = 0 f = 5
zc = 9 zm = 8 zs = 1 f = 5
zc = 1 zm = 8 zs = 2 f = 5
zc = 9 zm = 8 zs = 3 f = 5
Selecting parameters:
zc = 9 zm = 8 zs = 0 f = 0 IDAT size = 37805
Output IDAT size = 37805 bytes (9091 bytes decrease)
Output file size = 37883 bytes (9151 bytes = 19.46% decrease)
** Processing: /home/hornik/tmp/R.check/r-devel-gcc/Work/PKGS/aqp.Rcheck/vign_test/aqp/vignettes/Introduction-to-SoilProfileCollection-Objects_files/figure-html/unnamed-chunk-31-1.png
864x480 pixels, 3x8 bits/pixel, RGB
Input IDAT size = 47105 bytes
Input file size = 47243 bytes
Trying:
zc = 9 zm = 8 zs = 0 f = 0 IDAT size = 37934
zc = 9 zm = 8 zs = 1 f = 0
zc = 1 zm = 8 zs = 2 f = 0
zc = 9 zm = 8 zs = 3 f = 0
zc = 9 zm = 8 zs = 0 f = 5
zc = 9 zm = 8 zs = 1 f = 5
zc = 1 zm = 8 zs = 2 f = 5
zc = 9 zm = 8 zs = 3 f = 5
Selecting parameters:
zc = 9 zm = 8 zs = 0 f = 0 IDAT size = 37934
Output IDAT size = 37934 bytes (9171 bytes decrease)
Output file size = 38012 bytes (9231 bytes = 19.54% decrease)
** Processing: /home/hornik/tmp/R.check/r-devel-gcc/Work/PKGS/aqp.Rcheck/vign_test/aqp/vignettes/Introduction-to-SoilProfileCollection-Objects_files/figure-html/unnamed-chunk-32-1.png
768x384 pixels, 3x8 bits/pixel, RGB
Input IDAT size = 22653 bytes
Input file size = 22755 bytes
Trying:
zc = 9 zm = 8 zs = 0 f = 0 IDAT size = 20138
zc = 9 zm = 8 zs = 1 f = 0
zc = 1 zm = 8 zs = 2 f = 0
zc = 9 zm = 8 zs = 3 f = 0
zc = 9 zm = 8 zs = 0 f = 5
zc = 9 zm = 8 zs = 1 f = 5
zc = 1 zm = 8 zs = 2 f = 5
zc = 9 zm = 8 zs = 3 f = 5
Selecting parameters:
zc = 9 zm = 8 zs = 0 f = 0 IDAT size = 20138
Output IDAT size = 20138 bytes (2515 bytes decrease)
Output file size = 20216 bytes (2539 bytes = 11.16% decrease)
** Processing: /home/hornik/tmp/R.check/r-devel-gcc/Work/PKGS/aqp.Rcheck/vign_test/aqp/vignettes/Introduction-to-SoilProfileCollection-Objects_files/figure-html/unnamed-chunk-33-1.png
768x384 pixels, 3x8 bits/pixel, RGB
Input IDAT size = 22652 bytes
Input file size = 22754 bytes
Trying:
zc = 9 zm = 8 zs = 0 f = 0 IDAT size = 20136
zc = 9 zm = 8 zs = 1 f = 0
zc = 1 zm = 8 zs = 2 f = 0
zc = 9 zm = 8 zs = 3 f = 0
zc = 9 zm = 8 zs = 0 f = 5
zc = 9 zm = 8 zs = 1 f = 5
zc = 1 zm = 8 zs = 2 f = 5
zc = 9 zm = 8 zs = 3 f = 5
Selecting parameters:
zc = 9 zm = 8 zs = 0 f = 0 IDAT size = 20136
Output IDAT size = 20136 bytes (2516 bytes decrease)
Output file size = 20214 bytes (2540 bytes = 11.16% decrease)
** Processing: /home/hornik/tmp/R.check/r-devel-gcc/Work/PKGS/aqp.Rcheck/vign_test/aqp/vignettes/Introduction-to-SoilProfileCollection-Objects_files/figure-html/unnamed-chunk-34-1.png
768x384 pixels, 3x8 bits/pixel, RGB
Input IDAT size = 23298 bytes
Input file size = 23400 bytes
Trying:
zc = 9 zm = 8 zs = 0 f = 0 IDAT size = 20418
zc = 9 zm = 8 zs = 1 f = 0
zc = 1 zm = 8 zs = 2 f = 0
zc = 9 zm = 8 zs = 3 f = 0
zc = 9 zm = 8 zs = 0 f = 5
zc = 9 zm = 8 zs = 1 f = 5
zc = 1 zm = 8 zs = 2 f = 5
zc = 9 zm = 8 zs = 3 f = 5
Selecting parameters:
zc = 9 zm = 8 zs = 0 f = 0 IDAT size = 20418
Output IDAT size = 20418 bytes (2880 bytes decrease)
Output file size = 20496 bytes (2904 bytes = 12.41% decrease)
** Processing: /home/hornik/tmp/R.check/r-devel-gcc/Work/PKGS/aqp.Rcheck/vign_test/aqp/vignettes/Introduction-to-SoilProfileCollection-Objects_files/figure-html/unnamed-chunk-35-1.png
768x384 pixels, 3x8 bits/pixel, RGB
Input IDAT size = 21212 bytes
Input file size = 21314 bytes
Trying:
zc = 9 zm = 8 zs = 0 f = 0 IDAT size = 18418
zc = 9 zm = 8 zs = 1 f = 0
zc = 1 zm = 8 zs = 2 f = 0
zc = 9 zm = 8 zs = 3 f = 0
zc = 9 zm = 8 zs = 0 f = 5
zc = 9 zm = 8 zs = 1 f = 5
zc = 1 zm = 8 zs = 2 f = 5
zc = 9 zm = 8 zs = 3 f = 5
Selecting parameters:
zc = 9 zm = 8 zs = 0 f = 0 IDAT size = 18418
Output IDAT size = 18418 bytes (2794 bytes decrease)
Output file size = 18496 bytes (2818 bytes = 13.22% decrease)
** Processing: /home/hornik/tmp/R.check/r-devel-gcc/Work/PKGS/aqp.Rcheck/vign_test/aqp/vignettes/Introduction-to-SoilProfileCollection-Objects_files/figure-html/plotting-vol-fraction-1.png
768x384 pixels, 3x8 bits/pixel, RGB
Input IDAT size = 106537 bytes
Input file size = 106771 bytes
Trying:
zc = 9 zm = 8 zs = 0 f = 0 IDAT size = 86258
zc = 9 zm = 8 zs = 1 f = 0
zc = 1 zm = 8 zs = 2 f = 0
zc = 9 zm = 8 zs = 3 f = 0
zc = 9 zm = 8 zs = 0 f = 5
zc = 9 zm = 8 zs = 1 f = 5
zc = 1 zm = 8 zs = 2 f = 5
zc = 9 zm = 8 zs = 3 f = 5
Selecting parameters:
zc = 9 zm = 8 zs = 0 f = 0 IDAT size = 86258
Output IDAT size = 86258 bytes (20279 bytes decrease)
Output file size = 86336 bytes (20435 bytes = 19.14% decrease)
** Processing: /home/hornik/tmp/R.check/r-devel-gcc/Work/PKGS/aqp.Rcheck/vign_test/aqp/vignettes/Introduction-to-SoilProfileCollection-Objects_files/figure-html/unnamed-chunk-36-1.png
768x384 pixels, 3x8 bits/pixel, RGB
Input IDAT size = 19523 bytes
Input file size = 19625 bytes
Trying:
zc = 9 zm = 8 zs = 0 f = 0 IDAT size = 16919
zc = 9 zm = 8 zs = 1 f = 0
zc = 1 zm = 8 zs = 2 f = 0
zc = 9 zm = 8 zs = 3 f = 0
zc = 9 zm = 8 zs = 0 f = 5
zc = 9 zm = 8 zs = 1 f = 5
zc = 1 zm = 8 zs = 2 f = 5
zc = 9 zm = 8 zs = 3 f = 5
Selecting parameters:
zc = 9 zm = 8 zs = 0 f = 0 IDAT size = 16919
Output IDAT size = 16919 bytes (2604 bytes decrease)
Output file size = 16997 bytes (2628 bytes = 13.39% decrease)
** Processing: /home/hornik/tmp/R.check/r-devel-gcc/Work/PKGS/aqp.Rcheck/vign_test/aqp/vignettes/Introduction-to-SoilProfileCollection-Objects_files/figure-html/unnamed-chunk-37-1.png
768x384 pixels, 3x8 bits/pixel, RGB
Input IDAT size = 27584 bytes
Input file size = 27698 bytes
Trying:
zc = 9 zm = 8 zs = 0 f = 0 IDAT size = 23146
zc = 9 zm = 8 zs = 1 f = 0
zc = 1 zm = 8 zs = 2 f = 0
zc = 9 zm = 8 zs = 3 f = 0
zc = 9 zm = 8 zs = 0 f = 5
zc = 9 zm = 8 zs = 1 f = 5
zc = 1 zm = 8 zs = 2 f = 5
zc = 9 zm = 8 zs = 3 f = 5
Selecting parameters:
zc = 9 zm = 8 zs = 0 f = 0 IDAT size = 23146
Output IDAT size = 23146 bytes (4438 bytes decrease)
Output file size = 23224 bytes (4474 bytes = 16.15% decrease)
** Processing: /home/hornik/tmp/R.check/r-devel-gcc/Work/PKGS/aqp.Rcheck/vign_test/aqp/vignettes/Introduction-to-SoilProfileCollection-Objects_files/figure-html/unnamed-chunk-38-1.png
768x384 pixels, 3x8 bits/pixel, RGB
Input IDAT size = 29343 bytes
Input file size = 29457 bytes
Trying:
zc = 9 zm = 8 zs = 0 f = 0 IDAT size = 24372
zc = 9 zm = 8 zs = 1 f = 0
zc = 1 zm = 8 zs = 2 f = 0
zc = 9 zm = 8 zs = 3 f = 0
zc = 9 zm = 8 zs = 0 f = 5
zc = 9 zm = 8 zs = 1 f = 5
zc = 1 zm = 8 zs = 2 f = 5
zc = 9 zm = 8 zs = 3 f = 5
Selecting parameters:
zc = 9 zm = 8 zs = 0 f = 0 IDAT size = 24372
Output IDAT size = 24372 bytes (4971 bytes decrease)
Output file size = 24450 bytes (5007 bytes = 17.00% decrease)
** Processing: /home/hornik/tmp/R.check/r-devel-gcc/Work/PKGS/aqp.Rcheck/vign_test/aqp/vignettes/Introduction-to-SoilProfileCollection-Objects_files/figure-html/unnamed-chunk-39-1.png
768x384 pixels, 3x8 bits/pixel, RGB
Input IDAT size = 23780 bytes
Input file size = 23882 bytes
Trying:
zc = 9 zm = 8 zs = 0 f = 0 IDAT size = 20296
zc = 9 zm = 8 zs = 1 f = 0
zc = 1 zm = 8 zs = 2 f = 0
zc = 9 zm = 8 zs = 3 f = 0
zc = 9 zm = 8 zs = 0 f = 5
zc = 9 zm = 8 zs = 1 f = 5
zc = 1 zm = 8 zs = 2 f = 5
zc = 9 zm = 8 zs = 3 f = 5
Selecting parameters:
zc = 9 zm = 8 zs = 0 f = 0 IDAT size = 20296
Output IDAT size = 20296 bytes (3484 bytes decrease)
Output file size = 20374 bytes (3508 bytes = 14.69% decrease)
** Processing: /home/hornik/tmp/R.check/r-devel-gcc/Work/PKGS/aqp.Rcheck/vign_test/aqp/vignettes/Introduction-to-SoilProfileCollection-Objects_files/figure-html/unnamed-chunk-40-1.png
768x384 pixels, 3x8 bits/pixel, RGB
Input IDAT size = 29446 bytes
Input file size = 29560 bytes
Trying:
zc = 9 zm = 8 zs = 0 f = 0 IDAT size = 24857
zc = 9 zm = 8 zs = 1 f = 0
zc = 1 zm = 8 zs = 2 f = 0
zc = 9 zm = 8 zs = 3 f = 0
zc = 9 zm = 8 zs = 0 f = 5
zc = 9 zm = 8 zs = 1 f = 5
zc = 1 zm = 8 zs = 2 f = 5
zc = 9 zm = 8 zs = 3 f = 5
Selecting parameters:
zc = 9 zm = 8 zs = 0 f = 0 IDAT size = 24857
Output IDAT size = 24857 bytes (4589 bytes decrease)
Output file size = 24935 bytes (4625 bytes = 15.65% decrease)
** Processing: /home/hornik/tmp/R.check/r-devel-gcc/Work/PKGS/aqp.Rcheck/vign_test/aqp/vignettes/Introduction-to-SoilProfileCollection-Objects_files/figure-html/unnamed-chunk-41-1.png
768x384 pixels, 3x8 bits/pixel, RGB
Input IDAT size = 29289 bytes
Input file size = 29403 bytes
Trying:
zc = 9 zm = 8 zs = 0 f = 0 IDAT size = 24504
zc = 9 zm = 8 zs = 1 f = 0
zc = 1 zm = 8 zs = 2 f = 0
zc = 9 zm = 8 zs = 3 f = 0
zc = 9 zm = 8 zs = 0 f = 5
zc = 9 zm = 8 zs = 1 f = 5
zc = 1 zm = 8 zs = 2 f = 5
zc = 9 zm = 8 zs = 3 f = 5
Selecting parameters:
zc = 9 zm = 8 zs = 0 f = 0 IDAT size = 24504
Output IDAT size = 24504 bytes (4785 bytes decrease)
Output file size = 24582 bytes (4821 bytes = 16.40% decrease)
** Processing: /home/hornik/tmp/R.check/r-devel-gcc/Work/PKGS/aqp.Rcheck/vign_test/aqp/vignettes/Introduction-to-SoilProfileCollection-Objects_files/figure-html/unnamed-chunk-42-1.png
768x384 pixels, 3x8 bits/pixel, RGB
Input IDAT size = 23458 bytes
Input file size = 23560 bytes
Trying:
zc = 9 zm = 8 zs = 0 f = 0 IDAT size = 19674
zc = 9 zm = 8 zs = 1 f = 0
zc = 1 zm = 8 zs = 2 f = 0
zc = 9 zm = 8 zs = 3 f = 0
zc = 9 zm = 8 zs = 0 f = 5
zc = 9 zm = 8 zs = 1 f = 5
zc = 1 zm = 8 zs = 2 f = 5
zc = 9 zm = 8 zs = 3 f = 5
Selecting parameters:
zc = 9 zm = 8 zs = 0 f = 0 IDAT size = 19674
Output IDAT size = 19674 bytes (3784 bytes decrease)
Output file size = 19752 bytes (3808 bytes = 16.16% decrease)
** Processing: /home/hornik/tmp/R.check/r-devel-gcc/Work/PKGS/aqp.Rcheck/vign_test/aqp/vignettes/Introduction-to-SoilProfileCollection-Objects_files/figure-html/profileApply-4-1.png
768x480 pixels, 3x8 bits/pixel, RGB
Input IDAT size = 31277 bytes
Input file size = 31391 bytes
Trying:
zc = 9 zm = 8 zs = 0 f = 0 IDAT size = 26940
zc = 9 zm = 8 zs = 1 f = 0
zc = 1 zm = 8 zs = 2 f = 0
zc = 9 zm = 8 zs = 3 f = 0
zc = 9 zm = 8 zs = 0 f = 5
zc = 9 zm = 8 zs = 1 f = 5
zc = 1 zm = 8 zs = 2 f = 5
zc = 9 zm = 8 zs = 3 f = 5
Selecting parameters:
zc = 9 zm = 8 zs = 0 f = 0 IDAT size = 26940
Output IDAT size = 26940 bytes (4337 bytes decrease)
Output file size = 27018 bytes (4373 bytes = 13.93% decrease)
** Processing: /home/hornik/tmp/R.check/r-devel-gcc/Work/PKGS/aqp.Rcheck/vign_test/aqp/vignettes/Introduction-to-SoilProfileCollection-Objects_files/figure-html/unnamed-chunk-44-1.png
768x384 pixels, 3x8 bits/pixel, RGB
Input IDAT size = 39469 bytes
Input file size = 39595 bytes
Trying:
zc = 9 zm = 8 zs = 0 f = 0 IDAT size = 31073
zc = 9 zm = 8 zs = 1 f = 0
zc = 1 zm = 8 zs = 2 f = 0
zc = 9 zm = 8 zs = 3 f = 0
zc = 9 zm = 8 zs = 0 f = 5
zc = 9 zm = 8 zs = 1 f = 5
zc = 1 zm = 8 zs = 2 f = 5
zc = 9 zm = 8 zs = 3 f = 5
Selecting parameters:
zc = 9 zm = 8 zs = 0 f = 0 IDAT size = 31073
Output IDAT size = 31073 bytes (8396 bytes decrease)
Output file size = 31151 bytes (8444 bytes = 21.33% decrease)
** Processing: /home/hornik/tmp/R.check/r-devel-gcc/Work/PKGS/aqp.Rcheck/vign_test/aqp/vignettes/Introduction-to-SoilProfileCollection-Objects_files/figure-html/unnamed-chunk-46-1.png
768x384 pixels, 3x8 bits/pixel, RGB
Input IDAT size = 25419 bytes
Input file size = 25533 bytes
Trying:
zc = 9 zm = 8 zs = 0 f = 0 IDAT size = 21749
zc = 9 zm = 8 zs = 1 f = 0
zc = 1 zm = 8 zs = 2 f = 0
zc = 9 zm = 8 zs = 3 f = 0
zc = 9 zm = 8 zs = 0 f = 5
zc = 9 zm = 8 zs = 1 f = 5
zc = 1 zm = 8 zs = 2 f = 5
zc = 9 zm = 8 zs = 3 f = 5
Selecting parameters:
zc = 9 zm = 8 zs = 0 f = 0 IDAT size = 21749
Output IDAT size = 21749 bytes (3670 bytes decrease)
Output file size = 21827 bytes (3706 bytes = 14.51% decrease)
** Processing: /home/hornik/tmp/R.check/r-devel-gcc/Work/PKGS/aqp.Rcheck/vign_test/aqp/vignettes/Introduction-to-SoilProfileCollection-Objects_files/figure-html/unnamed-chunk-47-1.png
768x384 pixels, 3x8 bits/pixel, RGB
Input IDAT size = 24886 bytes
Input file size = 25000 bytes
Trying:
zc = 9 zm = 8 zs = 0 f = 0 IDAT size = 21622
zc = 9 zm = 8 zs = 1 f = 0
zc = 1 zm = 8 zs = 2 f = 0
zc = 9 zm = 8 zs = 3 f = 0
zc = 9 zm = 8 zs = 0 f = 5
zc = 9 zm = 8 zs = 1 f = 5
zc = 1 zm = 8 zs = 2 f = 5
zc = 9 zm = 8 zs = 3 f = 5
Selecting parameters:
zc = 9 zm = 8 zs = 0 f = 0 IDAT size = 21622
Output IDAT size = 21622 bytes (3264 bytes decrease)
Output file size = 21700 bytes (3300 bytes = 13.20% decrease)
** Processing: /home/hornik/tmp/R.check/r-devel-gcc/Work/PKGS/aqp.Rcheck/vign_test/aqp/vignettes/Introduction-to-SoilProfileCollection-Objects_files/figure-html/slab-1.png
768x384 pixels, 3x8 bits/pixel, RGB
Input IDAT size = 64054 bytes
Input file size = 64216 bytes
Trying:
zc = 9 zm = 8 zs = 0 f = 0 IDAT size = 48306
zc = 9 zm = 8 zs = 1 f = 0
zc = 1 zm = 8 zs = 2 f = 0
zc = 9 zm = 8 zs = 3 f = 0
zc = 9 zm = 8 zs = 0 f = 5
zc = 9 zm = 8 zs = 1 f = 5
zc = 1 zm = 8 zs = 2 f = 5
zc = 9 zm = 8 zs = 3 f = 5
Selecting parameters:
zc = 9 zm = 8 zs = 0 f = 0 IDAT size = 48306
Output IDAT size = 48306 bytes (15748 bytes decrease)
Output file size = 48384 bytes (15832 bytes = 24.65% decrease)
** Processing: /home/hornik/tmp/R.check/r-devel-gcc/Work/PKGS/aqp.Rcheck/vign_test/aqp/vignettes/Introduction-to-SoilProfileCollection-Objects_files/figure-html/slab-2-1.png
768x384 pixels, 3x8 bits/pixel, RGB
Input IDAT size = 64099 bytes
Input file size = 64261 bytes
Trying:
zc = 9 zm = 8 zs = 0 f = 0 IDAT size = 49716
zc = 9 zm = 8 zs = 1 f = 0
zc = 1 zm = 8 zs = 2 f = 0
zc = 9 zm = 8 zs = 3 f = 0
zc = 9 zm = 8 zs = 0 f = 5
zc = 9 zm = 8 zs = 1 f = 5
zc = 1 zm = 8 zs = 2 f = 5
zc = 9 zm = 8 zs = 3 f = 5
Selecting parameters:
zc = 9 zm = 8 zs = 0 f = 0 IDAT size = 49716
Output IDAT size = 49716 bytes (14383 bytes decrease)
Output file size = 49794 bytes (14467 bytes = 22.51% decrease)
** Processing: /home/hornik/tmp/R.check/r-devel-gcc/Work/PKGS/aqp.Rcheck/vign_test/aqp/vignettes/Introduction-to-SoilProfileCollection-Objects_files/figure-html/unnamed-chunk-49-1.png
864x672 pixels, 3x8 bits/pixel, RGB
Input IDAT size = 35504 bytes
Input file size = 35630 bytes
Trying:
zc = 9 zm = 8 zs = 0 f = 0 IDAT size = 32088
zc = 9 zm = 8 zs = 1 f = 0
zc = 1 zm = 8 zs = 2 f = 0
zc = 9 zm = 8 zs = 3 f = 0
zc = 9 zm = 8 zs = 0 f = 5
zc = 9 zm = 8 zs = 1 f = 5
zc = 1 zm = 8 zs = 2 f = 5
zc = 9 zm = 8 zs = 3 f = 5
Selecting parameters:
zc = 9 zm = 8 zs = 0 f = 0 IDAT size = 32088
Output IDAT size = 32088 bytes (3416 bytes decrease)
Output file size = 32166 bytes (3464 bytes = 9.72% decrease)
** Processing: /home/hornik/tmp/R.check/r-devel-gcc/Work/PKGS/aqp.Rcheck/vign_test/aqp/vignettes/Introduction-to-SoilProfileCollection-Objects_files/figure-html/unnamed-chunk-50-1.png
864x672 pixels, 3x8 bits/pixel, RGB
Input IDAT size = 36532 bytes
Input file size = 36658 bytes
Trying:
zc = 9 zm = 8 zs = 0 f = 0 IDAT size = 32994
zc = 9 zm = 8 zs = 1 f = 0
zc = 1 zm = 8 zs = 2 f = 0
zc = 9 zm = 8 zs = 3 f = 0
zc = 9 zm = 8 zs = 0 f = 5
zc = 9 zm = 8 zs = 1 f = 5
zc = 1 zm = 8 zs = 2 f = 5
zc = 9 zm = 8 zs = 3 f = 5
Selecting parameters:
zc = 9 zm = 8 zs = 0 f = 0 IDAT size = 32994
Output IDAT size = 32994 bytes (3538 bytes decrease)
Output file size = 33072 bytes (3586 bytes = 9.78% decrease)
--- finished re-building ‘Introduction-to-SoilProfileCollection-Objects.Rmd’
--- re-building ‘Munsell-color-conversion.Rmd’ using rmarkdown
** Processing: /home/hornik/tmp/R.check/r-devel-gcc/Work/PKGS/aqp.Rcheck/vign_test/aqp/vignettes/Munsell-color-conversion_files/figure-html/unnamed-chunk-1-1.png
768x384 pixels, 3x8 bits/pixel, RGB
Input IDAT size = 19108 bytes
Input file size = 19210 bytes
Trying:
zc = 9 zm = 8 zs = 0 f = 0 IDAT size = 15794
zc = 9 zm = 8 zs = 1 f = 0
zc = 1 zm = 8 zs = 2 f = 0
zc = 9 zm = 8 zs = 3 f = 0
zc = 9 zm = 8 zs = 0 f = 5
zc = 9 zm = 8 zs = 1 f = 5
zc = 1 zm = 8 zs = 2 f = 5
zc = 9 zm = 8 zs = 3 f = 5
Selecting parameters:
zc = 9 zm = 8 zs = 0 f = 0 IDAT size = 15794
Output IDAT size = 15794 bytes (3314 bytes decrease)
Output file size = 15872 bytes (3338 bytes = 17.38% decrease)
--- finished re-building ‘Munsell-color-conversion.Rmd’
--- re-building ‘NCSP.Rmd’ using rmarkdown
Quitting from lines 39-47 [unnamed-chunk-1] (NCSP.Rmd)
Error: processing vignette 'NCSP.Rmd' failed with diagnostics:
there is no package called 'sharpshootR'
--- failed re-building ‘NCSP.Rmd’
--- re-building ‘aqp-overview.Rmd’ using rmarkdown
--- finished re-building ‘aqp-overview.Rmd’
--- re-building ‘label-placement.Rmd’ using rmarkdown
** Processing: /home/hornik/tmp/R.check/r-devel-gcc/Work/PKGS/aqp.Rcheck/vign_test/aqp/vignettes/label-placement_files/figure-html/unnamed-chunk-1-1.png
576x480 pixels, 3x8 bits/pixel, RGB
Input IDAT size = 20466 bytes
Input file size = 20568 bytes
Trying:
zc = 9 zm = 8 zs = 0 f = 0 IDAT size = 17715
zc = 9 zm = 8 zs = 1 f = 0
zc = 1 zm = 8 zs = 2 f = 0
zc = 9 zm = 8 zs = 3 f = 0
zc = 9 zm = 8 zs = 0 f = 5
zc = 9 zm = 8 zs = 1 f = 5
zc = 1 zm = 8 zs = 2 f = 5
zc = 9 zm = 8 zs = 3 f = 5
Selecting parameters:
zc = 9 zm = 8 zs = 0 f = 0 IDAT size = 17715
Output IDAT size = 17715 bytes (2751 bytes decrease)
Output file size = 17793 bytes (2775 bytes = 13.49% decrease)
** Processing: /home/hornik/tmp/R.check/r-devel-gcc/Work/PKGS/aqp.Rcheck/vign_test/aqp/vignettes/label-placement_files/figure-html/unnamed-chunk-3-1.png
768x480 pixels, 3x8 bits/pixel, RGB
Input IDAT size = 34749 bytes
Input file size = 34875 bytes
Trying:
zc = 9 zm = 8 zs = 0 f = 0 IDAT size = 30907
zc = 9 zm = 8 zs = 1 f = 0
zc = 1 zm = 8 zs = 2 f = 0
zc = 9 zm = 8 zs = 3 f = 0
zc = 9 zm = 8 zs = 0 f = 5
zc = 9 zm = 8 zs = 1 f = 5
zc = 1 zm = 8 zs = 2 f = 5
zc = 9 zm = 8 zs = 3 f = 5
Selecting parameters:
zc = 9 zm = 8 zs = 0 f = 0 IDAT size = 30907
Output IDAT size = 30907 bytes (3842 bytes decrease)
Output file size = 30985 bytes (3890 bytes = 11.15% decrease)
** Processing: /home/hornik/tmp/R.check/r-devel-gcc/Work/PKGS/aqp.Rcheck/vign_test/aqp/vignettes/label-placement_files/figure-html/unnamed-chunk-4-1.png
768x480 pixels, 3x8 bits/pixel, RGB
Input IDAT size = 41873 bytes
Input file size = 42011 bytes
Trying:
zc = 9 zm = 8 zs = 0 f = 0 IDAT size = 35785
zc = 9 zm = 8 zs = 1 f = 0
zc = 1 zm = 8 zs = 2 f = 0
zc = 9 zm = 8 zs = 3 f = 0
zc = 9 zm = 8 zs = 0 f = 5
zc = 9 zm = 8 zs = 1 f = 5
zc = 1 zm = 8 zs = 2 f = 5
zc = 9 zm = 8 zs = 3 f = 5
Selecting parameters:
zc = 9 zm = 8 zs = 0 f = 0 IDAT size = 35785
Output IDAT size = 35785 bytes (6088 bytes decrease)
Output file size = 35863 bytes (6148 bytes = 14.63% decrease)
** Processing: /home/hornik/tmp/R.check/r-devel-gcc/Work/PKGS/aqp.Rcheck/vign_test/aqp/vignettes/label-placement_files/figure-html/unnamed-chunk-5-1.png
768x480 pixels, 3x8 bits/pixel, RGB
Input IDAT size = 43172 bytes
Input file size = 43310 bytes
Trying:
zc = 9 zm = 8 zs = 0 f = 0 IDAT size = 37037
zc = 9 zm = 8 zs = 1 f = 0
zc = 1 zm = 8 zs = 2 f = 0
zc = 9 zm = 8 zs = 3 f = 0
zc = 9 zm = 8 zs = 0 f = 5
zc = 9 zm = 8 zs = 1 f = 5
zc = 1 zm = 8 zs = 2 f = 5
zc = 9 zm = 8 zs = 3 f = 5
Selecting parameters:
zc = 9 zm = 8 zs = 0 f = 0 IDAT size = 37037
Output IDAT size = 37037 bytes (6135 bytes decrease)
Output file size = 37115 bytes (6195 bytes = 14.30% decrease)
** Processing: /home/hornik/tmp/R.check/r-devel-gcc/Work/PKGS/aqp.Rcheck/vign_test/aqp/vignettes/label-placement_files/figure-html/unnamed-chunk-8-1.png
768x480 pixels, 3x8 bits/pixel, RGB
Input IDAT size = 50618 bytes
Input file size = 50768 bytes
Trying:
zc = 9 zm = 8 zs = 0 f = 0 IDAT size = 40145
zc = 9 zm = 8 zs = 1 f = 0
zc = 1 zm = 8 zs = 2 f = 0
zc = 9 zm = 8 zs = 3 f = 0
zc = 9 zm = 8 zs = 0 f = 5
zc = 9 zm = 8 zs = 1 f = 5
zc = 1 zm = 8 zs = 2 f = 5
zc = 9 zm = 8 zs = 3 f = 5
Selecting parameters:
zc = 9 zm = 8 zs = 0 f = 0 IDAT size = 40145
Output IDAT size = 40145 bytes (10473 bytes decrease)
Output file size = 40223 bytes (10545 bytes = 20.77% decrease)
** Processing: /home/hornik/tmp/R.check/r-devel-gcc/Work/PKGS/aqp.Rcheck/vign_test/aqp/vignettes/label-placement_files/figure-html/unnamed-chunk-9-1.png
768x480 pixels, 3x8 bits/pixel, RGB
Input IDAT size = 124908 bytes
Input file size = 125166 bytes
Trying:
zc = 9 zm = 8 zs = 0 f = 0 IDAT size = 99412
zc = 9 zm = 8 zs = 1 f = 0
zc = 1 zm = 8 zs = 2 f = 0
zc = 9 zm = 8 zs = 3 f = 0
zc = 9 zm = 8 zs = 0 f = 5
zc = 9 zm = 8 zs = 1 f = 5
zc = 1 zm = 8 zs = 2 f = 5
zc = 9 zm = 8 zs = 3 f = 5
Selecting parameters:
zc = 9 zm = 8 zs = 0 f = 0 IDAT size = 99412
Output IDAT size = 99412 bytes (25496 bytes decrease)
Output file size = 99490 bytes (25676 bytes = 20.51% decrease)
** Processing: /home/hornik/tmp/R.check/r-devel-gcc/Work/PKGS/aqp.Rcheck/vign_test/aqp/vignettes/label-placement_files/figure-html/unnamed-chunk-9-2.png
768x480 pixels, 3x8 bits/pixel, RGB
Input IDAT size = 123231 bytes
Input file size = 123489 bytes
Trying:
zc = 9 zm = 8 zs = 0 f = 0 IDAT size = 97635
zc = 9 zm = 8 zs = 1 f = 0
zc = 1 zm = 8 zs = 2 f = 0
zc = 9 zm = 8 zs = 3 f = 0
zc = 9 zm = 8 zs = 0 f = 5
zc = 9 zm = 8 zs = 1 f = 5
zc = 1 zm = 8 zs = 2 f = 5
zc = 9 zm = 8 zs = 3 f = 5
Selecting parameters:
zc = 9 zm = 8 zs = 0 f = 0 IDAT size = 97635
Output IDAT size = 97635 bytes (25596 bytes decrease)
Output file size = 97713 bytes (25776 bytes = 20.87% decrease)
** Processing: /home/hornik/tmp/R.check/r-devel-gcc/Work/PKGS/aqp.Rcheck/vign_test/aqp/vignettes/label-placement_files/figure-html/unnamed-chunk-9-3.png
768x480 pixels, 3x8 bits/pixel, RGB
Input IDAT size = 121010 bytes
Input file size = 121256 bytes
Trying:
zc = 9 zm = 8 zs = 0 f = 0 IDAT size = 94532
zc = 9 zm = 8 zs = 1 f = 0
zc = 1 zm = 8 zs = 2 f = 0
zc = 9 zm = 8 zs = 3 f = 0
zc = 9 zm = 8 zs = 0 f = 5
zc = 9 zm = 8 zs = 1 f = 5
zc = 1 zm = 8 zs = 2 f = 5
zc = 9 zm = 8 zs = 3 f = 5
Selecting parameters:
zc = 9 zm = 8 zs = 0 f = 0 IDAT size = 94532
Output IDAT size = 94532 bytes (26478 bytes decrease)
Output file size = 94610 bytes (26646 bytes = 21.97% decrease)
** Processing: /home/hornik/tmp/R.check/r-devel-gcc/Work/PKGS/aqp.Rcheck/vign_test/aqp/vignettes/label-placement_files/figure-html/unnamed-chunk-9-4.png
768x480 pixels, 3x8 bits/pixel, RGB
Input IDAT size = 119360 bytes
Input file size = 119606 bytes
Trying:
zc = 9 zm = 8 zs = 0 f = 0 IDAT size = 93214
zc = 9 zm = 8 zs = 1 f = 0
zc = 1 zm = 8 zs = 2 f = 0
zc = 9 zm = 8 zs = 3 f = 0
zc = 9 zm = 8 zs = 0 f = 5
zc = 9 zm = 8 zs = 1 f = 5
zc = 1 zm = 8 zs = 2 f = 5
zc = 9 zm = 8 zs = 3 f = 5
Selecting parameters:
zc = 9 zm = 8 zs = 0 f = 0 IDAT size = 93214
Output IDAT size = 93214 bytes (26146 bytes decrease)
Output file size = 93292 bytes (26314 bytes = 22.00% decrease)
** Processing: /home/hornik/tmp/R.check/r-devel-gcc/Work/PKGS/aqp.Rcheck/vign_test/aqp/vignettes/label-placement_files/figure-html/unnamed-chunk-9-5.png
768x480 pixels, 3x8 bits/pixel, RGB
Input IDAT size = 120557 bytes
Input file size = 120803 bytes
Trying:
zc = 9 zm = 8 zs = 0 f = 0 IDAT size = 94004
zc = 9 zm = 8 zs = 1 f = 0
zc = 1 zm = 8 zs = 2 f = 0
zc = 9 zm = 8 zs = 3 f = 0
zc = 9 zm = 8 zs = 0 f = 5
zc = 9 zm = 8 zs = 1 f = 5
zc = 1 zm = 8 zs = 2 f = 5
zc = 9 zm = 8 zs = 3 f = 5
Selecting parameters:
zc = 9 zm = 8 zs = 0 f = 0 IDAT size = 94004
Output IDAT size = 94004 bytes (26553 bytes decrease)
Output file size = 94082 bytes (26721 bytes = 22.12% decrease)
** Processing: /home/hornik/tmp/R.check/r-devel-gcc/Work/PKGS/aqp.Rcheck/vign_test/aqp/vignettes/label-placement_files/figure-html/unnamed-chunk-9-6.png
768x480 pixels, 3x8 bits/pixel, RGB
Input IDAT size = 123059 bytes
Input file size = 123317 bytes
Trying:
zc = 9 zm = 8 zs = 0 f = 0 IDAT size = 96891
zc = 9 zm = 8 zs = 1 f = 0
zc = 1 zm = 8 zs = 2 f = 0
zc = 9 zm = 8 zs = 3 f = 0
zc = 9 zm = 8 zs = 0 f = 5
zc = 9 zm = 8 zs = 1 f = 5
zc = 1 zm = 8 zs = 2 f = 5
zc = 9 zm = 8 zs = 3 f = 5
Selecting parameters:
zc = 9 zm = 8 zs = 0 f = 0 IDAT size = 96891
Output IDAT size = 96891 bytes (26168 bytes decrease)
Output file size = 96969 bytes (26348 bytes = 21.37% decrease)
** Processing: /home/hornik/tmp/R.check/r-devel-gcc/Work/PKGS/aqp.Rcheck/vign_test/aqp/vignettes/label-placement_files/figure-html/unnamed-chunk-13-1.png
816x480 pixels, 3x8 bits/pixel, RGB
Input IDAT size = 86006 bytes
Input file size = 86204 bytes
Trying:
zc = 9 zm = 8 zs = 0 f = 0 IDAT size = 68805
zc = 9 zm = 8 zs = 1 f = 0
zc = 1 zm = 8 zs = 2 f = 0
zc = 9 zm = 8 zs = 3 f = 0
zc = 9 zm = 8 zs = 0 f = 5
zc = 9 zm = 8 zs = 1 f = 5
zc = 1 zm = 8 zs = 2 f = 5
zc = 9 zm = 8 zs = 3 f = 5
Selecting parameters:
zc = 9 zm = 8 zs = 0 f = 0 IDAT size = 68805
Output IDAT size = 68805 bytes (17201 bytes decrease)
Output file size = 68883 bytes (17321 bytes = 20.09% decrease)
** Processing: /home/hornik/tmp/R.check/r-devel-gcc/Work/PKGS/aqp.Rcheck/vign_test/aqp/vignettes/label-placement_files/figure-html/unnamed-chunk-13-2.png
816x480 pixels, 3x8 bits/pixel, RGB
Input IDAT size = 110143 bytes
Input file size = 110377 bytes
Trying:
zc = 9 zm = 8 zs = 0 f = 0 IDAT size = 87910
zc = 9 zm = 8 zs = 1 f = 0
zc = 1 zm = 8 zs = 2 f = 0
zc = 9 zm = 8 zs = 3 f = 0
zc = 9 zm = 8 zs = 0 f = 5
zc = 9 zm = 8 zs = 1 f = 5
zc = 1 zm = 8 zs = 2 f = 5
zc = 9 zm = 8 zs = 3 f = 5
Selecting parameters:
zc = 9 zm = 8 zs = 0 f = 0 IDAT size = 87910
Output IDAT size = 87910 bytes (22233 bytes decrease)
Output file size = 87988 bytes (22389 bytes = 20.28% decrease)
** Processing: /home/hornik/tmp/R.check/r-devel-gcc/Work/PKGS/aqp.Rcheck/vign_test/aqp/vignettes/label-placement_files/figure-html/unnamed-chunk-13-3.png
816x480 pixels, 3x8 bits/pixel, RGB
Input IDAT size = 220138 bytes
Input file size = 220528 bytes
Trying:
zc = 9 zm = 8 zs = 0 f = 0 IDAT size = 216404
zc = 9 zm = 8 zs = 1 f = 0
zc = 1 zm = 8 zs = 2 f = 0
zc = 9 zm = 8 zs = 3 f = 0
zc = 9 zm = 8 zs = 0 f = 5 IDAT size = 205777
zc = 9 zm = 8 zs = 1 f = 5
zc = 1 zm = 8 zs = 2 f = 5
zc = 9 zm = 8 zs = 3 f = 5
Selecting parameters:
zc = 9 zm = 8 zs = 0 f = 5 IDAT size = 205777
Output IDAT size = 205777 bytes (14361 bytes decrease)
Output file size = 205855 bytes (14673 bytes = 6.65% decrease)
** Processing: /home/hornik/tmp/R.check/r-devel-gcc/Work/PKGS/aqp.Rcheck/vign_test/aqp/vignettes/label-placement_files/figure-html/unnamed-chunk-13-4.png
816x480 pixels, 3x8 bits/pixel, RGB
Input IDAT size = 221090 bytes
Input file size = 221480 bytes
Trying:
zc = 9 zm = 8 zs = 0 f = 0
zc = 9 zm = 8 zs = 1 f = 0
zc = 1 zm = 8 zs = 2 f = 0
zc = 9 zm = 8 zs = 3 f = 0
zc = 9 zm = 8 zs = 0 f = 5 IDAT size = 212356
zc = 9 zm = 8 zs = 1 f = 5
zc = 1 zm = 8 zs = 2 f = 5
zc = 9 zm = 8 zs = 3 f = 5
Selecting parameters:
zc = 9 zm = 8 zs = 0 f = 5 IDAT size = 212356
Output IDAT size = 212356 bytes (8734 bytes decrease)
Output file size = 212434 bytes (9046 bytes = 4.08% decrease)
** Processing: /home/hornik/tmp/R.check/r-devel-gcc/Work/PKGS/aqp.Rcheck/vign_test/aqp/vignettes/label-placement_files/figure-html/unnamed-chunk-13-5.png
816x480 pixels, 3x8 bits/pixel, RGB
Input IDAT size = 236522 bytes
Input file size = 236936 bytes
Trying:
zc = 9 zm = 8 zs = 0 f = 0
zc = 9 zm = 8 zs = 1 f = 0
zc = 1 zm = 8 zs = 2 f = 0
zc = 9 zm = 8 zs = 3 f = 0
zc = 9 zm = 8 zs = 0 f = 5 IDAT size = 227131
zc = 9 zm = 8 zs = 1 f = 5
zc = 1 zm = 8 zs = 2 f = 5
zc = 9 zm = 8 zs = 3 f = 5
Selecting parameters:
zc = 9 zm = 8 zs = 0 f = 5 IDAT size = 227131
Output IDAT size = 227131 bytes (9391 bytes decrease)
Output file size = 227209 bytes (9727 bytes = 4.11% decrease)
** Processing: /home/hornik/tmp/R.check/r-devel-gcc/Work/PKGS/aqp.Rcheck/vign_test/aqp/vignettes/label-placement_files/figure-html/unnamed-chunk-16-1.png
768x576 pixels, 3x8 bits/pixel, RGB
Input IDAT size = 69815 bytes
Input file size = 69989 bytes
Trying:
zc = 9 zm = 8 zs = 0 f = 0 IDAT size = 57736
zc = 9 zm = 8 zs = 1 f = 0
zc = 1 zm = 8 zs = 2 f = 0
zc = 9 zm = 8 zs = 3 f = 0
zc = 9 zm = 8 zs = 0 f = 5
zc = 9 zm = 8 zs = 1 f = 5
zc = 1 zm = 8 zs = 2 f = 5
zc = 9 zm = 8 zs = 3 f = 5
Selecting parameters:
zc = 9 zm = 8 zs = 0 f = 0 IDAT size = 57736
Output IDAT size = 57736 bytes (12079 bytes decrease)
Output file size = 57814 bytes (12175 bytes = 17.40% decrease)
** Processing: /home/hornik/tmp/R.check/r-devel-gcc/Work/PKGS/aqp.Rcheck/vign_test/aqp/vignettes/label-placement_files/figure-html/unnamed-chunk-17-1.png
768x576 pixels, 3x8 bits/pixel, RGB
Input IDAT size = 152296 bytes
Input file size = 152590 bytes
Trying:
zc = 9 zm = 8 zs = 0 f = 0 IDAT size = 134199
zc = 9 zm = 8 zs = 1 f = 0
zc = 1 zm = 8 zs = 2 f = 0
zc = 9 zm = 8 zs = 3 f = 0
zc = 9 zm = 8 zs = 0 f = 5
zc = 9 zm = 8 zs = 1 f = 5
zc = 1 zm = 8 zs = 2 f = 5
zc = 9 zm = 8 zs = 3 f = 5
Selecting parameters:
zc = 9 zm = 8 zs = 0 f = 0 IDAT size = 134199
Output IDAT size = 134199 bytes (18097 bytes decrease)
Output file size = 134277 bytes (18313 bytes = 12.00% decrease)
--- finished re-building ‘label-placement.Rmd’
--- re-building ‘missing-data.Rmd’ using rmarkdown
** Processing: /home/hornik/tmp/R.check/r-devel-gcc/Work/PKGS/aqp.Rcheck/vign_test/aqp/vignettes/missing-data_files/figure-html/unnamed-chunk-2-1.png
288x288 pixels, 3x8 bits/pixel, RGB
Input IDAT size = 27958 bytes
Input file size = 28072 bytes
Trying:
zc = 9 zm = 8 zs = 0 f = 0 IDAT size = 21700
zc = 9 zm = 8 zs = 1 f = 0
zc = 1 zm = 8 zs = 2 f = 0
zc = 9 zm = 8 zs = 3 f = 0
zc = 9 zm = 8 zs = 0 f = 5
zc = 9 zm = 8 zs = 1 f = 5
zc = 1 zm = 8 zs = 2 f = 5
zc = 9 zm = 8 zs = 3 f = 5
Selecting parameters:
zc = 9 zm = 8 zs = 0 f = 0 IDAT size = 21700
Output IDAT size = 21700 bytes (6258 bytes decrease)
Output file size = 21778 bytes (6294 bytes = 22.42% decrease)
** Processing: /home/hornik/tmp/R.check/r-devel-gcc/Work/PKGS/aqp.Rcheck/vign_test/aqp/vignettes/missing-data_files/figure-html/unnamed-chunk-2-2.png
288x288 pixels, 3x8 bits/pixel, RGB
Input IDAT size = 22671 bytes
Input file size = 22773 bytes
Trying:
zc = 9 zm = 8 zs = 0 f = 0 IDAT size = 17118
zc = 9 zm = 8 zs = 1 f = 0
zc = 1 zm = 8 zs = 2 f = 0
zc = 9 zm = 8 zs = 3 f = 0
zc = 9 zm = 8 zs = 0 f = 5
zc = 9 zm = 8 zs = 1 f = 5
zc = 1 zm = 8 zs = 2 f = 5
zc = 9 zm = 8 zs = 3 f = 5
Selecting parameters:
zc = 9 zm = 8 zs = 0 f = 0 IDAT size = 17118
Output IDAT size = 17118 bytes (5553 bytes decrease)
Output file size = 17196 bytes (5577 bytes = 24.49% decrease)
** Processing: /home/hornik/tmp/R.check/r-devel-gcc/Work/PKGS/aqp.Rcheck/vign_test/aqp/vignettes/missing-data_files/figure-html/unnamed-chunk-2-3.png
288x288 pixels, 3x8 bits/pixel, RGB
Input IDAT size = 24690 bytes
Input file size = 24804 bytes
Trying:
zc = 9 zm = 8 zs = 0 f = 0 IDAT size = 19070
zc = 9 zm = 8 zs = 1 f = 0
zc = 1 zm = 8 zs = 2 f = 0
zc = 9 zm = 8 zs = 3 f = 0
zc = 9 zm = 8 zs = 0 f = 5
zc = 9 zm = 8 zs = 1 f = 5
zc = 1 zm = 8 zs = 2 f = 5
zc = 9 zm = 8 zs = 3 f = 5
Selecting parameters:
zc = 9 zm = 8 zs = 0 f = 0 IDAT size = 19070
Output IDAT size = 19070 bytes (5620 bytes decrease)
Output file size = 19148 bytes (5656 bytes = 22.80% decrease)
** Processing: /home/hornik/tmp/R.check/r-devel-gcc/Work/PKGS/aqp.Rcheck/vign_test/aqp/vignettes/missing-data_files/figure-html/unnamed-chunk-2-4.png
288x288 pixels, 3x8 bits/pixel, RGB
Input IDAT size = 26119 bytes
Input file size = 26233 bytes
Trying:
zc = 9 zm = 8 zs = 0 f = 0 IDAT size = 20096
zc = 9 zm = 8 zs = 1 f = 0
zc = 1 zm = 8 zs = 2 f = 0
zc = 9 zm = 8 zs = 3 f = 0
zc = 9 zm = 8 zs = 0 f = 5
zc = 9 zm = 8 zs = 1 f = 5
zc = 1 zm = 8 zs = 2 f = 5
zc = 9 zm = 8 zs = 3 f = 5
Selecting parameters:
zc = 9 zm = 8 zs = 0 f = 0 IDAT size = 20096
Output IDAT size = 20096 bytes (6023 bytes decrease)
Output file size = 20174 bytes (6059 bytes = 23.10% decrease)
** Processing: /home/hornik/tmp/R.check/r-devel-gcc/Work/PKGS/aqp.Rcheck/vign_test/aqp/vignettes/missing-data_files/figure-html/unnamed-chunk-2-5.png
288x288 pixels, 3x8 bits/pixel, RGB
Input IDAT size = 34129 bytes
Input file size = 34255 bytes
Trying:
zc = 9 zm = 8 zs = 0 f = 0 IDAT size = 26278
zc = 9 zm = 8 zs = 1 f = 0
zc = 1 zm = 8 zs = 2 f = 0
zc = 9 zm = 8 zs = 3 f = 0
zc = 9 zm = 8 zs = 0 f = 5
zc = 9 zm = 8 zs = 1 f = 5
zc = 1 zm = 8 zs = 2 f = 5
zc = 9 zm = 8 zs = 3 f = 5
Selecting parameters:
zc = 9 zm = 8 zs = 0 f = 0 IDAT size = 26278
Output IDAT size = 26278 bytes (7851 bytes decrease)
Output file size = 26356 bytes (7899 bytes = 23.06% decrease)
** Processing: /home/hornik/tmp/R.check/r-devel-gcc/Work/PKGS/aqp.Rcheck/vign_test/aqp/vignettes/missing-data_files/figure-html/unnamed-chunk-3-1.png
288x288 pixels, 3x8 bits/pixel, RGB
Input IDAT size = 35597 bytes
Input file size = 35723 bytes
Trying:
zc = 9 zm = 8 zs = 0 f = 0 IDAT size = 28617
zc = 9 zm = 8 zs = 1 f = 0
zc = 1 zm = 8 zs = 2 f = 0
zc = 9 zm = 8 zs = 3 f = 0
zc = 9 zm = 8 zs = 0 f = 5
zc = 9 zm = 8 zs = 1 f = 5
zc = 1 zm = 8 zs = 2 f = 5
zc = 9 zm = 8 zs = 3 f = 5
Selecting parameters:
zc = 9 zm = 8 zs = 0 f = 0 IDAT size = 28617
Output IDAT size = 28617 bytes (6980 bytes decrease)
Output file size = 28695 bytes (7028 bytes = 19.67% decrease)
** Processing: /home/hornik/tmp/R.check/r-devel-gcc/Work/PKGS/aqp.Rcheck/vign_test/aqp/vignettes/missing-data_files/figure-html/unnamed-chunk-3-2.png
288x288 pixels, 3x8 bits/pixel, RGB
Input IDAT size = 35272 bytes
Input file size = 35398 bytes
Trying:
zc = 9 zm = 8 zs = 0 f = 0 IDAT size = 28219
zc = 9 zm = 8 zs = 1 f = 0
zc = 1 zm = 8 zs = 2 f = 0
zc = 9 zm = 8 zs = 3 f = 0
zc = 9 zm = 8 zs = 0 f = 5
zc = 9 zm = 8 zs = 1 f = 5
zc = 1 zm = 8 zs = 2 f = 5
zc = 9 zm = 8 zs = 3 f = 5
Selecting parameters:
zc = 9 zm = 8 zs = 0 f = 0 IDAT size = 28219
Output IDAT size = 28219 bytes (7053 bytes decrease)
Output file size = 28297 bytes (7101 bytes = 20.06% decrease)
** Processing: /home/hornik/tmp/R.check/r-devel-gcc/Work/PKGS/aqp.Rcheck/vign_test/aqp/vignettes/missing-data_files/figure-html/unnamed-chunk-3-3.png
288x288 pixels, 3x8 bits/pixel, RGB
Input IDAT size = 35384 bytes
Input file size = 35510 bytes
Trying:
zc = 9 zm = 8 zs = 0 f = 0 IDAT size = 28475
zc = 9 zm = 8 zs = 1 f = 0
zc = 1 zm = 8 zs = 2 f = 0
zc = 9 zm = 8 zs = 3 f = 0
zc = 9 zm = 8 zs = 0 f = 5
zc = 9 zm = 8 zs = 1 f = 5
zc = 1 zm = 8 zs = 2 f = 5
zc = 9 zm = 8 zs = 3 f = 5
Selecting parameters:
zc = 9 zm = 8 zs = 0 f = 0 IDAT size = 28475
Output IDAT size = 28475 bytes (6909 bytes decrease)
Output file size = 28553 bytes (6957 bytes = 19.59% decrease)
** Processing: /home/hornik/tmp/R.check/r-devel-gcc/Work/PKGS/aqp.Rcheck/vign_test/aqp/vignettes/missing-data_files/figure-html/unnamed-chunk-3-4.png
288x288 pixels, 3x8 bits/pixel, RGB
Input IDAT size = 34577 bytes
Input file size = 34703 bytes
Trying:
zc = 9 zm = 8 zs = 0 f = 0 IDAT size = 27005
zc = 9 zm = 8 zs = 1 f = 0
zc = 1 zm = 8 zs = 2 f = 0
zc = 9 zm = 8 zs = 3 f = 0
zc = 9 zm = 8 zs = 0 f = 5
zc = 9 zm = 8 zs = 1 f = 5
zc = 1 zm = 8 zs = 2 f = 5
zc = 9 zm = 8 zs = 3 f = 5
Selecting parameters:
zc = 9 zm = 8 zs = 0 f = 0 IDAT size = 27005
Output IDAT size = 27005 bytes (7572 bytes decrease)
Output file size = 27083 bytes (7620 bytes = 21.96% decrease)
** Processing: /home/hornik/tmp/R.check/r-devel-gcc/Work/PKGS/aqp.Rcheck/vign_test/aqp/vignettes/missing-data_files/figure-html/unnamed-chunk-3-5.png
288x288 pixels, 3x8 bits/pixel, RGB
Input IDAT size = 33360 bytes
Input file size = 33486 bytes
Trying:
zc = 9 zm = 8 zs = 0 f = 0 IDAT size = 25549
zc = 9 zm = 8 zs = 1 f = 0
zc = 1 zm = 8 zs = 2 f = 0
zc = 9 zm = 8 zs = 3 f = 0
zc = 9 zm = 8 zs = 0 f = 5
zc = 9 zm = 8 zs = 1 f = 5
zc = 1 zm = 8 zs = 2 f = 5
zc = 9 zm = 8 zs = 3 f = 5
Selecting parameters:
zc = 9 zm = 8 zs = 0 f = 0 IDAT size = 25549
Output IDAT size = 25549 bytes (7811 bytes decrease)
Output file size = 25627 bytes (7859 bytes = 23.47% decrease)
** Processing: /home/hornik/tmp/R.check/r-devel-gcc/Work/PKGS/aqp.Rcheck/vign_test/aqp/vignettes/missing-data_files/figure-html/unnamed-chunk-3-6.png
288x288 pixels, 3x8 bits/pixel, RGB
Input IDAT size = 37922 bytes
Input file size = 38048 bytes
Trying:
zc = 9 zm = 8 zs = 0 f = 0 IDAT size = 29258
zc = 9 zm = 8 zs = 1 f = 0
zc = 1 zm = 8 zs = 2 f = 0
zc = 9 zm = 8 zs = 3 f = 0
zc = 9 zm = 8 zs = 0 f = 5
zc = 9 zm = 8 zs = 1 f = 5
zc = 1 zm = 8 zs = 2 f = 5
zc = 9 zm = 8 zs = 3 f = 5
Selecting parameters:
zc = 9 zm = 8 zs = 0 f = 0 IDAT size = 29258
Output IDAT size = 29258 bytes (8664 bytes decrease)
Output file size = 29336 bytes (8712 bytes = 22.90% decrease)
** Processing: /home/hornik/tmp/R.check/r-devel-gcc/Work/PKGS/aqp.Rcheck/vign_test/aqp/vignettes/missing-data_files/figure-html/unnamed-chunk-3-7.png
288x288 pixels, 3x8 bits/pixel, RGB
Input IDAT size = 40643 bytes
Input file size = 40769 bytes
Trying:
zc = 9 zm = 8 zs = 0 f = 0 IDAT size = 30504
zc = 9 zm = 8 zs = 1 f = 0
zc = 1 zm = 8 zs = 2 f = 0
zc = 9 zm = 8 zs = 3 f = 0
zc = 9 zm = 8 zs = 0 f = 5
zc = 9 zm = 8 zs = 1 f = 5
zc = 1 zm = 8 zs = 2 f = 5
zc = 9 zm = 8 zs = 3 f = 5
Selecting parameters:
zc = 9 zm = 8 zs = 0 f = 0 IDAT size = 30504
Output IDAT size = 30504 bytes (10139 bytes decrease)
Output file size = 30582 bytes (10187 bytes = 24.99% decrease)
** Processing: /home/hornik/tmp/R.check/r-devel-gcc/Work/PKGS/aqp.Rcheck/vign_test/aqp/vignettes/missing-data_files/figure-html/unnamed-chunk-3-8.png
288x288 pixels, 3x8 bits/pixel, RGB
Input IDAT size = 41984 bytes
Input file size = 42122 bytes
Trying:
zc = 9 zm = 8 zs = 0 f = 0 IDAT size = 31438
zc = 9 zm = 8 zs = 1 f = 0
zc = 1 zm = 8 zs = 2 f = 0
zc = 9 zm = 8 zs = 3 f = 0
zc = 9 zm = 8 zs = 0 f = 5
zc = 9 zm = 8 zs = 1 f = 5
zc = 1 zm = 8 zs = 2 f = 5
zc = 9 zm = 8 zs = 3 f = 5
Selecting parameters:
zc = 9 zm = 8 zs = 0 f = 0 IDAT size = 31438
Output IDAT size = 31438 bytes (10546 bytes decrease)
Output file size = 31516 bytes (10606 bytes = 25.18% decrease)
--- finished re-building ‘missing-data.Rmd’
--- re-building ‘new-in-aqp-2.Rmd’ using rmarkdown
--- finished re-building ‘new-in-aqp-2.Rmd’
SUMMARY: processing the following file failed:
‘NCSP.Rmd’
Error: Vignette re-building failed.
Execution halted
Flavor: r-devel-linux-x86_64-debian-gcc
Version: 2.1.0
Check: re-building of vignette outputs
Result: ERROR
Error(s) in re-building vignettes:
--- re-building ‘Introduction-to-SoilProfileCollection-Objects.Rmd’ using rmarkdown
** Processing: /data/gannet/ripley/R/packages/tests-clang/aqp.Rcheck/vign_test/aqp/vignettes/Introduction-to-SoilProfileCollection-Objects_files/figure-html/unnamed-chunk-1-1.png
576x288 pixels, 8 bits/pixel, 256 colors in palette
Reducing image to 8 bits/pixel, grayscale
Input IDAT size = 8023 bytes
Input file size = 8881 bytes
Trying:
zc = 9 zm = 8 zs = 0 f = 0 IDAT size = 7095
zc = 9 zm = 8 zs = 1 f = 0
zc = 1 zm = 8 zs = 2 f = 0
zc = 9 zm = 8 zs = 3 f = 0
zc = 9 zm = 8 zs = 0 f = 5
zc = 9 zm = 8 zs = 1 f = 5
zc = 1 zm = 8 zs = 2 f = 5
zc = 9 zm = 8 zs = 3 f = 5
Selecting parameters:
zc = 9 zm = 8 zs = 0 f = 0 IDAT size = 7095
Output IDAT size = 7095 bytes (928 bytes decrease)
Output file size = 7173 bytes (1708 bytes = 19.23% decrease)
** Processing: /data/gannet/ripley/R/packages/tests-clang/aqp.Rcheck/vign_test/aqp/vignettes/Introduction-to-SoilProfileCollection-Objects_files/figure-html/unnamed-chunk-13-1.png
768x384 pixels, 3x8 bits/pixel, RGB
Input IDAT size = 15525 bytes
Input file size = 15615 bytes
Trying:
zc = 9 zm = 8 zs = 0 f = 0 IDAT size = 14943
zc = 9 zm = 8 zs = 1 f = 0
zc = 1 zm = 8 zs = 2 f = 0
zc = 9 zm = 8 zs = 3 f = 0
zc = 9 zm = 8 zs = 0 f = 5 IDAT size = 13613
zc = 9 zm = 8 zs = 1 f = 5
zc = 1 zm = 8 zs = 2 f = 5
zc = 9 zm = 8 zs = 3 f = 5
Selecting parameters:
zc = 9 zm = 8 zs = 0 f = 5 IDAT size = 13613
Output IDAT size = 13613 bytes (1912 bytes decrease)
Output file size = 13691 bytes (1924 bytes = 12.32% decrease)
** Processing: /data/gannet/ripley/R/packages/tests-clang/aqp.Rcheck/vign_test/aqp/vignettes/Introduction-to-SoilProfileCollection-Objects_files/figure-html/unnamed-chunk-14-1.png
768x384 pixels, 8 bits/pixel, 228 colors in palette
Reducing image to 8 bits/pixel, grayscale
Input IDAT size = 3931 bytes
Input file size = 4705 bytes
Trying:
zc = 9 zm = 8 zs = 0 f = 0 IDAT size = 3258
zc = 9 zm = 8 zs = 1 f = 0
zc = 1 zm = 8 zs = 2 f = 0
zc = 9 zm = 8 zs = 3 f = 0
zc = 9 zm = 8 zs = 0 f = 5 IDAT size = 3220
zc = 9 zm = 8 zs = 1 f = 5 IDAT size = 3202
zc = 1 zm = 8 zs = 2 f = 5
zc = 9 zm = 8 zs = 3 f = 5
Selecting parameters:
zc = 9 zm = 8 zs = 1 f = 5 IDAT size = 3202
Output IDAT size = 3202 bytes (729 bytes decrease)
Output file size = 3280 bytes (1425 bytes = 30.29% decrease)
** Processing: /data/gannet/ripley/R/packages/tests-clang/aqp.Rcheck/vign_test/aqp/vignettes/Introduction-to-SoilProfileCollection-Objects_files/figure-html/unnamed-chunk-15-1.png
768x384 pixels, 8 bits/pixel, 255 colors in palette
Reducing image to 8 bits/pixel, grayscale
Input IDAT size = 6675 bytes
Input file size = 7530 bytes
Trying:
zc = 9 zm = 8 zs = 0 f = 0 IDAT size = 5543
zc = 9 zm = 8 zs = 1 f = 0
zc = 1 zm = 8 zs = 2 f = 0
zc = 9 zm = 8 zs = 3 f = 0
zc = 9 zm = 8 zs = 0 f = 5
zc = 9 zm = 8 zs = 1 f = 5
zc = 1 zm = 8 zs = 2 f = 5
zc = 9 zm = 8 zs = 3 f = 5
Selecting parameters:
zc = 9 zm = 8 zs = 0 f = 0 IDAT size = 5543
Output IDAT size = 5543 bytes (1132 bytes decrease)
Output file size = 5621 bytes (1909 bytes = 25.35% decrease)
** Processing: /data/gannet/ripley/R/packages/tests-clang/aqp.Rcheck/vign_test/aqp/vignettes/Introduction-to-SoilProfileCollection-Objects_files/figure-html/unnamed-chunk-15-2.png
768x384 pixels, 8 bits/pixel, 244 colors in palette
Reducing image to 8 bits/pixel, grayscale
Input IDAT size = 3525 bytes
Input file size = 4347 bytes
Trying:
zc = 9 zm = 8 zs = 0 f = 0 IDAT size = 2854
zc = 9 zm = 8 zs = 1 f = 0
zc = 1 zm = 8 zs = 2 f = 0
zc = 9 zm = 8 zs = 3 f = 0
zc = 9 zm = 8 zs = 0 f = 5
zc = 9 zm = 8 zs = 1 f = 5
zc = 1 zm = 8 zs = 2 f = 5
zc = 9 zm = 8 zs = 3 f = 5
Selecting parameters:
zc = 9 zm = 8 zs = 0 f = 0 IDAT size = 2854
Output IDAT size = 2854 bytes (671 bytes decrease)
Output file size = 2932 bytes (1415 bytes = 32.55% decrease)
** Processing: /data/gannet/ripley/R/packages/tests-clang/aqp.Rcheck/vign_test/aqp/vignettes/Introduction-to-SoilProfileCollection-Objects_files/figure-html/unnamed-chunk-16-1.png
864x480 pixels, 3x8 bits/pixel, RGB
Input IDAT size = 46001 bytes
Input file size = 46139 bytes
Trying:
zc = 9 zm = 8 zs = 0 f = 0 IDAT size = 36872
zc = 9 zm = 8 zs = 1 f = 0
zc = 1 zm = 8 zs = 2 f = 0
zc = 9 zm = 8 zs = 3 f = 0
zc = 9 zm = 8 zs = 0 f = 5
zc = 9 zm = 8 zs = 1 f = 5
zc = 1 zm = 8 zs = 2 f = 5
zc = 9 zm = 8 zs = 3 f = 5
Selecting parameters:
zc = 9 zm = 8 zs = 0 f = 0 IDAT size = 36872
Output IDAT size = 36872 bytes (9129 bytes decrease)
Output file size = 36950 bytes (9189 bytes = 19.92% decrease)
** Processing: /data/gannet/ripley/R/packages/tests-clang/aqp.Rcheck/vign_test/aqp/vignettes/Introduction-to-SoilProfileCollection-Objects_files/figure-html/unnamed-chunk-17-1.png
864x480 pixels, 3x8 bits/pixel, RGB
Input IDAT size = 45912 bytes
Input file size = 46050 bytes
Trying:
zc = 9 zm = 8 zs = 0 f = 0 IDAT size = 37017
zc = 9 zm = 8 zs = 1 f = 0
zc = 1 zm = 8 zs = 2 f = 0
zc = 9 zm = 8 zs = 3 f = 0
zc = 9 zm = 8 zs = 0 f = 5
zc = 9 zm = 8 zs = 1 f = 5
zc = 1 zm = 8 zs = 2 f = 5
zc = 9 zm = 8 zs = 3 f = 5
Selecting parameters:
zc = 9 zm = 8 zs = 0 f = 0 IDAT size = 37017
Output IDAT size = 37017 bytes (8895 bytes decrease)
Output file size = 37095 bytes (8955 bytes = 19.45% decrease)
** Processing: /data/gannet/ripley/R/packages/tests-clang/aqp.Rcheck/vign_test/aqp/vignettes/Introduction-to-SoilProfileCollection-Objects_files/figure-html/unnamed-chunk-18-1.png
864x480 pixels, 3x8 bits/pixel, RGB
Input IDAT size = 45467 bytes
Input file size = 45605 bytes
Trying:
zc = 9 zm = 8 zs = 0 f = 0 IDAT size = 36582
zc = 9 zm = 8 zs = 1 f = 0
zc = 1 zm = 8 zs = 2 f = 0
zc = 9 zm = 8 zs = 3 f = 0
zc = 9 zm = 8 zs = 0 f = 5
zc = 9 zm = 8 zs = 1 f = 5
zc = 1 zm = 8 zs = 2 f = 5
zc = 9 zm = 8 zs = 3 f = 5
Selecting parameters:
zc = 9 zm = 8 zs = 0 f = 0 IDAT size = 36582
Output IDAT size = 36582 bytes (8885 bytes decrease)
Output file size = 36660 bytes (8945 bytes = 19.61% decrease)
** Processing: /data/gannet/ripley/R/packages/tests-clang/aqp.Rcheck/vign_test/aqp/vignettes/Introduction-to-SoilProfileCollection-Objects_files/figure-html/unnamed-chunk-19-1.png
864x480 pixels, 3x8 bits/pixel, RGB
Input IDAT size = 38540 bytes
Input file size = 38666 bytes
Trying:
zc = 9 zm = 8 zs = 0 f = 0 IDAT size = 31790
zc = 9 zm = 8 zs = 1 f = 0
zc = 1 zm = 8 zs = 2 f = 0
zc = 9 zm = 8 zs = 3 f = 0
zc = 9 zm = 8 zs = 0 f = 5
zc = 9 zm = 8 zs = 1 f = 5
zc = 1 zm = 8 zs = 2 f = 5
zc = 9 zm = 8 zs = 3 f = 5
Selecting parameters:
zc = 9 zm = 8 zs = 0 f = 0 IDAT size = 31790
Output IDAT size = 31790 bytes (6750 bytes decrease)
Output file size = 31868 bytes (6798 bytes = 17.58% decrease)
** Processing: /data/gannet/ripley/R/packages/tests-clang/aqp.Rcheck/vign_test/aqp/vignettes/Introduction-to-SoilProfileCollection-Objects_files/figure-html/unnamed-chunk-20-1.png
864x480 pixels, 3x8 bits/pixel, RGB
Input IDAT size = 45848 bytes
Input file size = 45986 bytes
Trying:
zc = 9 zm = 8 zs = 0 f = 0 IDAT size = 35960
zc = 9 zm = 8 zs = 1 f = 0
zc = 1 zm = 8 zs = 2 f = 0
zc = 9 zm = 8 zs = 3 f = 0
zc = 9 zm = 8 zs = 0 f = 5
zc = 9 zm = 8 zs = 1 f = 5
zc = 1 zm = 8 zs = 2 f = 5
zc = 9 zm = 8 zs = 3 f = 5
Selecting parameters:
zc = 9 zm = 8 zs = 0 f = 0 IDAT size = 35960
Output IDAT size = 35960 bytes (9888 bytes decrease)
Output file size = 36038 bytes (9948 bytes = 21.63% decrease)
** Processing: /data/gannet/ripley/R/packages/tests-clang/aqp.Rcheck/vign_test/aqp/vignettes/Introduction-to-SoilProfileCollection-Objects_files/figure-html/unnamed-chunk-21-1.png
864x480 pixels, 3x8 bits/pixel, RGB
Input IDAT size = 45469 bytes
Input file size = 45607 bytes
Trying:
zc = 9 zm = 8 zs = 0 f = 0 IDAT size = 36820
zc = 9 zm = 8 zs = 1 f = 0
zc = 1 zm = 8 zs = 2 f = 0
zc = 9 zm = 8 zs = 3 f = 0
zc = 9 zm = 8 zs = 0 f = 5
zc = 9 zm = 8 zs = 1 f = 5
zc = 1 zm = 8 zs = 2 f = 5
zc = 9 zm = 8 zs = 3 f = 5
Selecting parameters:
zc = 9 zm = 8 zs = 0 f = 0 IDAT size = 36820
Output IDAT size = 36820 bytes (8649 bytes decrease)
Output file size = 36898 bytes (8709 bytes = 19.10% decrease)
** Processing: /data/gannet/ripley/R/packages/tests-clang/aqp.Rcheck/vign_test/aqp/vignettes/Introduction-to-SoilProfileCollection-Objects_files/figure-html/unnamed-chunk-22-1.png
864x480 pixels, 3x8 bits/pixel, RGB
Input IDAT size = 43179 bytes
Input file size = 43317 bytes
Trying:
zc = 9 zm = 8 zs = 0 f = 0 IDAT size = 34988
zc = 9 zm = 8 zs = 1 f = 0
zc = 1 zm = 8 zs = 2 f = 0
zc = 9 zm = 8 zs = 3 f = 0
zc = 9 zm = 8 zs = 0 f = 5
zc = 9 zm = 8 zs = 1 f = 5
zc = 1 zm = 8 zs = 2 f = 5
zc = 9 zm = 8 zs = 3 f = 5
Selecting parameters:
zc = 9 zm = 8 zs = 0 f = 0 IDAT size = 34988
Output IDAT size = 34988 bytes (8191 bytes decrease)
Output file size = 35066 bytes (8251 bytes = 19.05% decrease)
** Processing: /data/gannet/ripley/R/packages/tests-clang/aqp.Rcheck/vign_test/aqp/vignettes/Introduction-to-SoilProfileCollection-Objects_files/figure-html/unnamed-chunk-24-1.png
480x576 pixels, 3x8 bits/pixel, RGB
Input IDAT size = 12530 bytes
Input file size = 12620 bytes
Trying:
zc = 9 zm = 8 zs = 0 f = 0 IDAT size = 11122
zc = 9 zm = 8 zs = 1 f = 0
zc = 1 zm = 8 zs = 2 f = 0
zc = 9 zm = 8 zs = 3 f = 0
zc = 9 zm = 8 zs = 0 f = 5
zc = 9 zm = 8 zs = 1 f = 5
zc = 1 zm = 8 zs = 2 f = 5
zc = 9 zm = 8 zs = 3 f = 5
Selecting parameters:
zc = 9 zm = 8 zs = 0 f = 0 IDAT size = 11122
Output IDAT size = 11122 bytes (1408 bytes decrease)
Output file size = 11200 bytes (1420 bytes = 11.25% decrease)
** Processing: /data/gannet/ripley/R/packages/tests-clang/aqp.Rcheck/vign_test/aqp/vignettes/Introduction-to-SoilProfileCollection-Objects_files/figure-html/unnamed-chunk-25-1.png
672x576 pixels, 3x8 bits/pixel, RGB
Input IDAT size = 18160 bytes
Input file size = 18262 bytes
Trying:
zc = 9 zm = 8 zs = 0 f = 0 IDAT size = 16692
zc = 9 zm = 8 zs = 1 f = 0
zc = 1 zm = 8 zs = 2 f = 0
zc = 9 zm = 8 zs = 3 f = 0
zc = 9 zm = 8 zs = 0 f = 5 IDAT size = 16436
zc = 9 zm = 8 zs = 1 f = 5
zc = 1 zm = 8 zs = 2 f = 5
zc = 9 zm = 8 zs = 3 f = 5
Selecting parameters:
zc = 9 zm = 8 zs = 0 f = 5 IDAT size = 16436
Output IDAT size = 16436 bytes (1724 bytes decrease)
Output file size = 16514 bytes (1748 bytes = 9.57% decrease)
** Processing: /data/gannet/ripley/R/packages/tests-clang/aqp.Rcheck/vign_test/aqp/vignettes/Introduction-to-SoilProfileCollection-Objects_files/figure-html/unnamed-chunk-26-1.png
768x576 pixels, 3x8 bits/pixel, RGB
Input IDAT size = 21885 bytes
Input file size = 21987 bytes
Trying:
zc = 9 zm = 8 zs = 0 f = 0 IDAT size = 20797
zc = 9 zm = 8 zs = 1 f = 0
zc = 1 zm = 8 zs = 2 f = 0
zc = 9 zm = 8 zs = 3 f = 0
zc = 9 zm = 8 zs = 0 f = 5 IDAT size = 20138
zc = 9 zm = 8 zs = 1 f = 5
zc = 1 zm = 8 zs = 2 f = 5
zc = 9 zm = 8 zs = 3 f = 5
Selecting parameters:
zc = 9 zm = 8 zs = 0 f = 5 IDAT size = 20138
Output IDAT size = 20138 bytes (1747 bytes decrease)
Output file size = 20216 bytes (1771 bytes = 8.05% decrease)
** Processing: /data/gannet/ripley/R/packages/tests-clang/aqp.Rcheck/vign_test/aqp/vignettes/Introduction-to-SoilProfileCollection-Objects_files/figure-html/unnamed-chunk-27-1.png
768x576 pixels, 3x8 bits/pixel, RGB
Input IDAT size = 24576 bytes
Input file size = 24678 bytes
Trying:
zc = 9 zm = 8 zs = 0 f = 0 IDAT size = 22462
zc = 9 zm = 8 zs = 1 f = 0
zc = 1 zm = 8 zs = 2 f = 0
zc = 9 zm = 8 zs = 3 f = 0
zc = 9 zm = 8 zs = 0 f = 5
zc = 9 zm = 8 zs = 1 f = 5
zc = 1 zm = 8 zs = 2 f = 5
zc = 9 zm = 8 zs = 3 f = 5
Selecting parameters:
zc = 9 zm = 8 zs = 0 f = 0 IDAT size = 22462
Output IDAT size = 22462 bytes (2114 bytes decrease)
Output file size = 22540 bytes (2138 bytes = 8.66% decrease)
** Processing: /data/gannet/ripley/R/packages/tests-clang/aqp.Rcheck/vign_test/aqp/vignettes/Introduction-to-SoilProfileCollection-Objects_files/figure-html/unnamed-chunk-28-1.png
864x480 pixels, 3x8 bits/pixel, RGB
Input IDAT size = 48177 bytes
Input file size = 48315 bytes
Trying:
zc = 9 zm = 8 zs = 0 f = 0 IDAT size = 38749
zc = 9 zm = 8 zs = 1 f = 0
zc = 1 zm = 8 zs = 2 f = 0
zc = 9 zm = 8 zs = 3 f = 0
zc = 9 zm = 8 zs = 0 f = 5
zc = 9 zm = 8 zs = 1 f = 5
zc = 1 zm = 8 zs = 2 f = 5
zc = 9 zm = 8 zs = 3 f = 5
Selecting parameters:
zc = 9 zm = 8 zs = 0 f = 0 IDAT size = 38749
Output IDAT size = 38749 bytes (9428 bytes decrease)
Output file size = 38827 bytes (9488 bytes = 19.64% decrease)
** Processing: /data/gannet/ripley/R/packages/tests-clang/aqp.Rcheck/vign_test/aqp/vignettes/Introduction-to-SoilProfileCollection-Objects_files/figure-html/unnamed-chunk-29-1.png
864x480 pixels, 3x8 bits/pixel, RGB
Input IDAT size = 45235 bytes
Input file size = 45373 bytes
Trying:
zc = 9 zm = 8 zs = 0 f = 0 IDAT size = 36722
zc = 9 zm = 8 zs = 1 f = 0
zc = 1 zm = 8 zs = 2 f = 0
zc = 9 zm = 8 zs = 3 f = 0
zc = 9 zm = 8 zs = 0 f = 5
zc = 9 zm = 8 zs = 1 f = 5
zc = 1 zm = 8 zs = 2 f = 5
zc = 9 zm = 8 zs = 3 f = 5
Selecting parameters:
zc = 9 zm = 8 zs = 0 f = 0 IDAT size = 36722
Output IDAT size = 36722 bytes (8513 bytes decrease)
Output file size = 36800 bytes (8573 bytes = 18.89% decrease)
** Processing: /data/gannet/ripley/R/packages/tests-clang/aqp.Rcheck/vign_test/aqp/vignettes/Introduction-to-SoilProfileCollection-Objects_files/figure-html/unnamed-chunk-30-1.png
864x480 pixels, 3x8 bits/pixel, RGB
Input IDAT size = 46883 bytes
Input file size = 47021 bytes
Trying:
zc = 9 zm = 8 zs = 0 f = 0 IDAT size = 37935
zc = 9 zm = 8 zs = 1 f = 0
zc = 1 zm = 8 zs = 2 f = 0
zc = 9 zm = 8 zs = 3 f = 0
zc = 9 zm = 8 zs = 0 f = 5
zc = 9 zm = 8 zs = 1 f = 5
zc = 1 zm = 8 zs = 2 f = 5
zc = 9 zm = 8 zs = 3 f = 5
Selecting parameters:
zc = 9 zm = 8 zs = 0 f = 0 IDAT size = 37935
Output IDAT size = 37935 bytes (8948 bytes decrease)
Output file size = 38013 bytes (9008 bytes = 19.16% decrease)
** Processing: /data/gannet/ripley/R/packages/tests-clang/aqp.Rcheck/vign_test/aqp/vignettes/Introduction-to-SoilProfileCollection-Objects_files/figure-html/unnamed-chunk-31-1.png
864x480 pixels, 3x8 bits/pixel, RGB
Input IDAT size = 47237 bytes
Input file size = 47375 bytes
Trying:
zc = 9 zm = 8 zs = 0 f = 0 IDAT size = 38043
zc = 9 zm = 8 zs = 1 f = 0
zc = 1 zm = 8 zs = 2 f = 0
zc = 9 zm = 8 zs = 3 f = 0
zc = 9 zm = 8 zs = 0 f = 5
zc = 9 zm = 8 zs = 1 f = 5
zc = 1 zm = 8 zs = 2 f = 5
zc = 9 zm = 8 zs = 3 f = 5
Selecting parameters:
zc = 9 zm = 8 zs = 0 f = 0 IDAT size = 38043
Output IDAT size = 38043 bytes (9194 bytes decrease)
Output file size = 38121 bytes (9254 bytes = 19.53% decrease)
** Processing: /data/gannet/ripley/R/packages/tests-clang/aqp.Rcheck/vign_test/aqp/vignettes/Introduction-to-SoilProfileCollection-Objects_files/figure-html/unnamed-chunk-32-1.png
768x384 pixels, 3x8 bits/pixel, RGB
Input IDAT size = 22653 bytes
Input file size = 22755 bytes
Trying:
zc = 9 zm = 8 zs = 0 f = 0 IDAT size = 20138
zc = 9 zm = 8 zs = 1 f = 0
zc = 1 zm = 8 zs = 2 f = 0
zc = 9 zm = 8 zs = 3 f = 0
zc = 9 zm = 8 zs = 0 f = 5
zc = 9 zm = 8 zs = 1 f = 5
zc = 1 zm = 8 zs = 2 f = 5
zc = 9 zm = 8 zs = 3 f = 5
Selecting parameters:
zc = 9 zm = 8 zs = 0 f = 0 IDAT size = 20138
Output IDAT size = 20138 bytes (2515 bytes decrease)
Output file size = 20216 bytes (2539 bytes = 11.16% decrease)
** Processing: /data/gannet/ripley/R/packages/tests-clang/aqp.Rcheck/vign_test/aqp/vignettes/Introduction-to-SoilProfileCollection-Objects_files/figure-html/unnamed-chunk-33-1.png
768x384 pixels, 3x8 bits/pixel, RGB
Input IDAT size = 22652 bytes
Input file size = 22754 bytes
Trying:
zc = 9 zm = 8 zs = 0 f = 0 IDAT size = 20136
zc = 9 zm = 8 zs = 1 f = 0
zc = 1 zm = 8 zs = 2 f = 0
zc = 9 zm = 8 zs = 3 f = 0
zc = 9 zm = 8 zs = 0 f = 5
zc = 9 zm = 8 zs = 1 f = 5
zc = 1 zm = 8 zs = 2 f = 5
zc = 9 zm = 8 zs = 3 f = 5
Selecting parameters:
zc = 9 zm = 8 zs = 0 f = 0 IDAT size = 20136
Output IDAT size = 20136 bytes (2516 bytes decrease)
Output file size = 20214 bytes (2540 bytes = 11.16% decrease)
** Processing: /data/gannet/ripley/R/packages/tests-clang/aqp.Rcheck/vign_test/aqp/vignettes/Introduction-to-SoilProfileCollection-Objects_files/figure-html/unnamed-chunk-34-1.png
768x384 pixels, 3x8 bits/pixel, RGB
Input IDAT size = 23298 bytes
Input file size = 23400 bytes
Trying:
zc = 9 zm = 8 zs = 0 f = 0 IDAT size = 20418
zc = 9 zm = 8 zs = 1 f = 0
zc = 1 zm = 8 zs = 2 f = 0
zc = 9 zm = 8 zs = 3 f = 0
zc = 9 zm = 8 zs = 0 f = 5
zc = 9 zm = 8 zs = 1 f = 5
zc = 1 zm = 8 zs = 2 f = 5
zc = 9 zm = 8 zs = 3 f = 5
Selecting parameters:
zc = 9 zm = 8 zs = 0 f = 0 IDAT size = 20418
Output IDAT size = 20418 bytes (2880 bytes decrease)
Output file size = 20496 bytes (2904 bytes = 12.41% decrease)
** Processing: /data/gannet/ripley/R/packages/tests-clang/aqp.Rcheck/vign_test/aqp/vignettes/Introduction-to-SoilProfileCollection-Objects_files/figure-html/unnamed-chunk-35-1.png
768x384 pixels, 3x8 bits/pixel, RGB
Input IDAT size = 21212 bytes
Input file size = 21314 bytes
Trying:
zc = 9 zm = 8 zs = 0 f = 0 IDAT size = 18418
zc = 9 zm = 8 zs = 1 f = 0
zc = 1 zm = 8 zs = 2 f = 0
zc = 9 zm = 8 zs = 3 f = 0
zc = 9 zm = 8 zs = 0 f = 5
zc = 9 zm = 8 zs = 1 f = 5
zc = 1 zm = 8 zs = 2 f = 5
zc = 9 zm = 8 zs = 3 f = 5
Selecting parameters:
zc = 9 zm = 8 zs = 0 f = 0 IDAT size = 18418
Output IDAT size = 18418 bytes (2794 bytes decrease)
Output file size = 18496 bytes (2818 bytes = 13.22% decrease)
** Processing: /data/gannet/ripley/R/packages/tests-clang/aqp.Rcheck/vign_test/aqp/vignettes/Introduction-to-SoilProfileCollection-Objects_files/figure-html/plotting-vol-fraction-1.png
768x384 pixels, 3x8 bits/pixel, RGB
Input IDAT size = 105836 bytes
Input file size = 106058 bytes
Trying:
zc = 9 zm = 8 zs = 0 f = 0 IDAT size = 85854
zc = 9 zm = 8 zs = 1 f = 0
zc = 1 zm = 8 zs = 2 f = 0
zc = 9 zm = 8 zs = 3 f = 0
zc = 9 zm = 8 zs = 0 f = 5
zc = 9 zm = 8 zs = 1 f = 5
zc = 1 zm = 8 zs = 2 f = 5
zc = 9 zm = 8 zs = 3 f = 5
Selecting parameters:
zc = 9 zm = 8 zs = 0 f = 0 IDAT size = 85854
Output IDAT size = 85854 bytes (19982 bytes decrease)
Output file size = 85932 bytes (20126 bytes = 18.98% decrease)
** Processing: /data/gannet/ripley/R/packages/tests-clang/aqp.Rcheck/vign_test/aqp/vignettes/Introduction-to-SoilProfileCollection-Objects_files/figure-html/unnamed-chunk-36-1.png
768x384 pixels, 3x8 bits/pixel, RGB
Input IDAT size = 19523 bytes
Input file size = 19625 bytes
Trying:
zc = 9 zm = 8 zs = 0 f = 0 IDAT size = 16919
zc = 9 zm = 8 zs = 1 f = 0
zc = 1 zm = 8 zs = 2 f = 0
zc = 9 zm = 8 zs = 3 f = 0
zc = 9 zm = 8 zs = 0 f = 5
zc = 9 zm = 8 zs = 1 f = 5
zc = 1 zm = 8 zs = 2 f = 5
zc = 9 zm = 8 zs = 3 f = 5
Selecting parameters:
zc = 9 zm = 8 zs = 0 f = 0 IDAT size = 16919
Output IDAT size = 16919 bytes (2604 bytes decrease)
Output file size = 16997 bytes (2628 bytes = 13.39% decrease)
** Processing: /data/gannet/ripley/R/packages/tests-clang/aqp.Rcheck/vign_test/aqp/vignettes/Introduction-to-SoilProfileCollection-Objects_files/figure-html/unnamed-chunk-37-1.png
768x384 pixels, 3x8 bits/pixel, RGB
Input IDAT size = 27584 bytes
Input file size = 27698 bytes
Trying:
zc = 9 zm = 8 zs = 0 f = 0 IDAT size = 23146
zc = 9 zm = 8 zs = 1 f = 0
zc = 1 zm = 8 zs = 2 f = 0
zc = 9 zm = 8 zs = 3 f = 0
zc = 9 zm = 8 zs = 0 f = 5
zc = 9 zm = 8 zs = 1 f = 5
zc = 1 zm = 8 zs = 2 f = 5
zc = 9 zm = 8 zs = 3 f = 5
Selecting parameters:
zc = 9 zm = 8 zs = 0 f = 0 IDAT size = 23146
Output IDAT size = 23146 bytes (4438 bytes decrease)
Output file size = 23224 bytes (4474 bytes = 16.15% decrease)
** Processing: /data/gannet/ripley/R/packages/tests-clang/aqp.Rcheck/vign_test/aqp/vignettes/Introduction-to-SoilProfileCollection-Objects_files/figure-html/unnamed-chunk-38-1.png
768x384 pixels, 3x8 bits/pixel, RGB
Input IDAT size = 29343 bytes
Input file size = 29457 bytes
Trying:
zc = 9 zm = 8 zs = 0 f = 0 IDAT size = 24372
zc = 9 zm = 8 zs = 1 f = 0
zc = 1 zm = 8 zs = 2 f = 0
zc = 9 zm = 8 zs = 3 f = 0
zc = 9 zm = 8 zs = 0 f = 5
zc = 9 zm = 8 zs = 1 f = 5
zc = 1 zm = 8 zs = 2 f = 5
zc = 9 zm = 8 zs = 3 f = 5
Selecting parameters:
zc = 9 zm = 8 zs = 0 f = 0 IDAT size = 24372
Output IDAT size = 24372 bytes (4971 bytes decrease)
Output file size = 24450 bytes (5007 bytes = 17.00% decrease)
** Processing: /data/gannet/ripley/R/packages/tests-clang/aqp.Rcheck/vign_test/aqp/vignettes/Introduction-to-SoilProfileCollection-Objects_files/figure-html/unnamed-chunk-39-1.png
768x384 pixels, 3x8 bits/pixel, RGB
Input IDAT size = 23780 bytes
Input file size = 23882 bytes
Trying:
zc = 9 zm = 8 zs = 0 f = 0 IDAT size = 20296
zc = 9 zm = 8 zs = 1 f = 0
zc = 1 zm = 8 zs = 2 f = 0
zc = 9 zm = 8 zs = 3 f = 0
zc = 9 zm = 8 zs = 0 f = 5
zc = 9 zm = 8 zs = 1 f = 5
zc = 1 zm = 8 zs = 2 f = 5
zc = 9 zm = 8 zs = 3 f = 5
Selecting parameters:
zc = 9 zm = 8 zs = 0 f = 0 IDAT size = 20296
Output IDAT size = 20296 bytes (3484 bytes decrease)
Output file size = 20374 bytes (3508 bytes = 14.69% decrease)
** Processing: /data/gannet/ripley/R/packages/tests-clang/aqp.Rcheck/vign_test/aqp/vignettes/Introduction-to-SoilProfileCollection-Objects_files/figure-html/unnamed-chunk-40-1.png
768x384 pixels, 3x8 bits/pixel, RGB
Input IDAT size = 29446 bytes
Input file size = 29560 bytes
Trying:
zc = 9 zm = 8 zs = 0 f = 0 IDAT size = 24857
zc = 9 zm = 8 zs = 1 f = 0
zc = 1 zm = 8 zs = 2 f = 0
zc = 9 zm = 8 zs = 3 f = 0
zc = 9 zm = 8 zs = 0 f = 5
zc = 9 zm = 8 zs = 1 f = 5
zc = 1 zm = 8 zs = 2 f = 5
zc = 9 zm = 8 zs = 3 f = 5
Selecting parameters:
zc = 9 zm = 8 zs = 0 f = 0 IDAT size = 24857
Output IDAT size = 24857 bytes (4589 bytes decrease)
Output file size = 24935 bytes (4625 bytes = 15.65% decrease)
** Processing: /data/gannet/ripley/R/packages/tests-clang/aqp.Rcheck/vign_test/aqp/vignettes/Introduction-to-SoilProfileCollection-Objects_files/figure-html/unnamed-chunk-41-1.png
768x384 pixels, 3x8 bits/pixel, RGB
Input IDAT size = 29289 bytes
Input file size = 29403 bytes
Trying:
zc = 9 zm = 8 zs = 0 f = 0 IDAT size = 24504
zc = 9 zm = 8 zs = 1 f = 0
zc = 1 zm = 8 zs = 2 f = 0
zc = 9 zm = 8 zs = 3 f = 0
zc = 9 zm = 8 zs = 0 f = 5
zc = 9 zm = 8 zs = 1 f = 5
zc = 1 zm = 8 zs = 2 f = 5
zc = 9 zm = 8 zs = 3 f = 5
Selecting parameters:
zc = 9 zm = 8 zs = 0 f = 0 IDAT size = 24504
Output IDAT size = 24504 bytes (4785 bytes decrease)
Output file size = 24582 bytes (4821 bytes = 16.40% decrease)
** Processing: /data/gannet/ripley/R/packages/tests-clang/aqp.Rcheck/vign_test/aqp/vignettes/Introduction-to-SoilProfileCollection-Objects_files/figure-html/unnamed-chunk-42-1.png
768x384 pixels, 3x8 bits/pixel, RGB
Input IDAT size = 23458 bytes
Input file size = 23560 bytes
Trying:
zc = 9 zm = 8 zs = 0 f = 0 IDAT size = 19674
zc = 9 zm = 8 zs = 1 f = 0
zc = 1 zm = 8 zs = 2 f = 0
zc = 9 zm = 8 zs = 3 f = 0
zc = 9 zm = 8 zs = 0 f = 5
zc = 9 zm = 8 zs = 1 f = 5
zc = 1 zm = 8 zs = 2 f = 5
zc = 9 zm = 8 zs = 3 f = 5
Selecting parameters:
zc = 9 zm = 8 zs = 0 f = 0 IDAT size = 19674
Output IDAT size = 19674 bytes (3784 bytes decrease)
Output file size = 19752 bytes (3808 bytes = 16.16% decrease)
** Processing: /data/gannet/ripley/R/packages/tests-clang/aqp.Rcheck/vign_test/aqp/vignettes/Introduction-to-SoilProfileCollection-Objects_files/figure-html/profileApply-4-1.png
768x480 pixels, 3x8 bits/pixel, RGB
Input IDAT size = 31277 bytes
Input file size = 31391 bytes
Trying:
zc = 9 zm = 8 zs = 0 f = 0 IDAT size = 26940
zc = 9 zm = 8 zs = 1 f = 0
zc = 1 zm = 8 zs = 2 f = 0
zc = 9 zm = 8 zs = 3 f = 0
zc = 9 zm = 8 zs = 0 f = 5
zc = 9 zm = 8 zs = 1 f = 5
zc = 1 zm = 8 zs = 2 f = 5
zc = 9 zm = 8 zs = 3 f = 5
Selecting parameters:
zc = 9 zm = 8 zs = 0 f = 0 IDAT size = 26940
Output IDAT size = 26940 bytes (4337 bytes decrease)
Output file size = 27018 bytes (4373 bytes = 13.93% decrease)
** Processing: /data/gannet/ripley/R/packages/tests-clang/aqp.Rcheck/vign_test/aqp/vignettes/Introduction-to-SoilProfileCollection-Objects_files/figure-html/unnamed-chunk-44-1.png
768x384 pixels, 3x8 bits/pixel, RGB
Input IDAT size = 39469 bytes
Input file size = 39595 bytes
Trying:
zc = 9 zm = 8 zs = 0 f = 0 IDAT size = 31073
zc = 9 zm = 8 zs = 1 f = 0
zc = 1 zm = 8 zs = 2 f = 0
zc = 9 zm = 8 zs = 3 f = 0
zc = 9 zm = 8 zs = 0 f = 5
zc = 9 zm = 8 zs = 1 f = 5
zc = 1 zm = 8 zs = 2 f = 5
zc = 9 zm = 8 zs = 3 f = 5
Selecting parameters:
zc = 9 zm = 8 zs = 0 f = 0 IDAT size = 31073
Output IDAT size = 31073 bytes (8396 bytes decrease)
Output file size = 31151 bytes (8444 bytes = 21.33% decrease)
** Processing: /data/gannet/ripley/R/packages/tests-clang/aqp.Rcheck/vign_test/aqp/vignettes/Introduction-to-SoilProfileCollection-Objects_files/figure-html/unnamed-chunk-46-1.png
768x384 pixels, 3x8 bits/pixel, RGB
Input IDAT size = 25415 bytes
Input file size = 25529 bytes
Trying:
zc = 9 zm = 8 zs = 0 f = 0 IDAT size = 21752
zc = 9 zm = 8 zs = 1 f = 0
zc = 1 zm = 8 zs = 2 f = 0
zc = 9 zm = 8 zs = 3 f = 0
zc = 9 zm = 8 zs = 0 f = 5
zc = 9 zm = 8 zs = 1 f = 5
zc = 1 zm = 8 zs = 2 f = 5
zc = 9 zm = 8 zs = 3 f = 5
Selecting parameters:
zc = 9 zm = 8 zs = 0 f = 0 IDAT size = 21752
Output IDAT size = 21752 bytes (3663 bytes decrease)
Output file size = 21830 bytes (3699 bytes = 14.49% decrease)
** Processing: /data/gannet/ripley/R/packages/tests-clang/aqp.Rcheck/vign_test/aqp/vignettes/Introduction-to-SoilProfileCollection-Objects_files/figure-html/unnamed-chunk-47-1.png
768x384 pixels, 3x8 bits/pixel, RGB
Input IDAT size = 24872 bytes
Input file size = 24986 bytes
Trying:
zc = 9 zm = 8 zs = 0 f = 0 IDAT size = 21628
zc = 9 zm = 8 zs = 1 f = 0
zc = 1 zm = 8 zs = 2 f = 0
zc = 9 zm = 8 zs = 3 f = 0
zc = 9 zm = 8 zs = 0 f = 5
zc = 9 zm = 8 zs = 1 f = 5
zc = 1 zm = 8 zs = 2 f = 5
zc = 9 zm = 8 zs = 3 f = 5
Selecting parameters:
zc = 9 zm = 8 zs = 0 f = 0 IDAT size = 21628
Output IDAT size = 21628 bytes (3244 bytes decrease)
Output file size = 21706 bytes (3280 bytes = 13.13% decrease)
** Processing: /data/gannet/ripley/R/packages/tests-clang/aqp.Rcheck/vign_test/aqp/vignettes/Introduction-to-SoilProfileCollection-Objects_files/figure-html/slab-1.png
768x384 pixels, 3x8 bits/pixel, RGB
Input IDAT size = 64058 bytes
Input file size = 64220 bytes
Trying:
zc = 9 zm = 8 zs = 0 f = 0 IDAT size = 48280
zc = 9 zm = 8 zs = 1 f = 0
zc = 1 zm = 8 zs = 2 f = 0
zc = 9 zm = 8 zs = 3 f = 0
zc = 9 zm = 8 zs = 0 f = 5
zc = 9 zm = 8 zs = 1 f = 5
zc = 1 zm = 8 zs = 2 f = 5
zc = 9 zm = 8 zs = 3 f = 5
Selecting parameters:
zc = 9 zm = 8 zs = 0 f = 0 IDAT size = 48280
Output IDAT size = 48280 bytes (15778 bytes decrease)
Output file size = 48358 bytes (15862 bytes = 24.70% decrease)
** Processing: /data/gannet/ripley/R/packages/tests-clang/aqp.Rcheck/vign_test/aqp/vignettes/Introduction-to-SoilProfileCollection-Objects_files/figure-html/slab-2-1.png
768x384 pixels, 3x8 bits/pixel, RGB
Input IDAT size = 64104 bytes
Input file size = 64266 bytes
Trying:
zc = 9 zm = 8 zs = 0 f = 0 IDAT size = 49721
zc = 9 zm = 8 zs = 1 f = 0
zc = 1 zm = 8 zs = 2 f = 0
zc = 9 zm = 8 zs = 3 f = 0
zc = 9 zm = 8 zs = 0 f = 5
zc = 9 zm = 8 zs = 1 f = 5
zc = 1 zm = 8 zs = 2 f = 5
zc = 9 zm = 8 zs = 3 f = 5
Selecting parameters:
zc = 9 zm = 8 zs = 0 f = 0 IDAT size = 49721
Output IDAT size = 49721 bytes (14383 bytes decrease)
Output file size = 49799 bytes (14467 bytes = 22.51% decrease)
** Processing: /data/gannet/ripley/R/packages/tests-clang/aqp.Rcheck/vign_test/aqp/vignettes/Introduction-to-SoilProfileCollection-Objects_files/figure-html/unnamed-chunk-49-1.png
864x672 pixels, 3x8 bits/pixel, RGB
Input IDAT size = 34670 bytes
Input file size = 34796 bytes
Trying:
zc = 9 zm = 8 zs = 0 f = 0 IDAT size = 31693
zc = 9 zm = 8 zs = 1 f = 0
zc = 1 zm = 8 zs = 2 f = 0
zc = 9 zm = 8 zs = 3 f = 0
zc = 9 zm = 8 zs = 0 f = 5 IDAT size = 31652
zc = 9 zm = 8 zs = 1 f = 5
zc = 1 zm = 8 zs = 2 f = 5
zc = 9 zm = 8 zs = 3 f = 5
Selecting parameters:
zc = 9 zm = 8 zs = 0 f = 5 IDAT size = 31652
Output IDAT size = 31652 bytes (3018 bytes decrease)
Output file size = 31730 bytes (3066 bytes = 8.81% decrease)
** Processing: /data/gannet/ripley/R/packages/tests-clang/aqp.Rcheck/vign_test/aqp/vignettes/Introduction-to-SoilProfileCollection-Objects_files/figure-html/unnamed-chunk-50-1.png
864x672 pixels, 3x8 bits/pixel, RGB
Input IDAT size = 36352 bytes
Input file size = 36478 bytes
Trying:
zc = 9 zm = 8 zs = 0 f = 0 IDAT size = 32867
zc = 9 zm = 8 zs = 1 f = 0
zc = 1 zm = 8 zs = 2 f = 0
zc = 9 zm = 8 zs = 3 f = 0
zc = 9 zm = 8 zs = 0 f = 5
zc = 9 zm = 8 zs = 1 f = 5
zc = 1 zm = 8 zs = 2 f = 5
zc = 9 zm = 8 zs = 3 f = 5
Selecting parameters:
zc = 9 zm = 8 zs = 0 f = 0 IDAT size = 32867
Output IDAT size = 32867 bytes (3485 bytes decrease)
Output file size = 32945 bytes (3533 bytes = 9.69% decrease)
--- finished re-building ‘Introduction-to-SoilProfileCollection-Objects.Rmd’
--- re-building ‘Munsell-color-conversion.Rmd’ using rmarkdown
** Processing: /data/gannet/ripley/R/packages/tests-clang/aqp.Rcheck/vign_test/aqp/vignettes/Munsell-color-conversion_files/figure-html/unnamed-chunk-1-1.png
768x384 pixels, 3x8 bits/pixel, RGB
Input IDAT size = 19108 bytes
Input file size = 19210 bytes
Trying:
zc = 9 zm = 8 zs = 0 f = 0 IDAT size = 15794
zc = 9 zm = 8 zs = 1 f = 0
zc = 1 zm = 8 zs = 2 f = 0
zc = 9 zm = 8 zs = 3 f = 0
zc = 9 zm = 8 zs = 0 f = 5
zc = 9 zm = 8 zs = 1 f = 5
zc = 1 zm = 8 zs = 2 f = 5
zc = 9 zm = 8 zs = 3 f = 5
Selecting parameters:
zc = 9 zm = 8 zs = 0 f = 0 IDAT size = 15794
Output IDAT size = 15794 bytes (3314 bytes decrease)
Output file size = 15872 bytes (3338 bytes = 17.38% decrease)
--- finished re-building ‘Munsell-color-conversion.Rmd’
--- re-building ‘NCSP.Rmd’ using rmarkdown
Quitting from lines 39-47 [unnamed-chunk-1] (NCSP.Rmd)
Error: processing vignette 'NCSP.Rmd' failed with diagnostics:
there is no package called 'sharpshootR'
--- failed re-building ‘NCSP.Rmd’
--- re-building ‘aqp-overview.Rmd’ using rmarkdown
--- finished re-building ‘aqp-overview.Rmd’
--- re-building ‘label-placement.Rmd’ using rmarkdown
** Processing: /data/gannet/ripley/R/packages/tests-clang/aqp.Rcheck/vign_test/aqp/vignettes/label-placement_files/figure-html/unnamed-chunk-1-1.png
576x480 pixels, 3x8 bits/pixel, RGB
Input IDAT size = 20466 bytes
Input file size = 20568 bytes
Trying:
zc = 9 zm = 8 zs = 0 f = 0 IDAT size = 17715
zc = 9 zm = 8 zs = 1 f = 0
zc = 1 zm = 8 zs = 2 f = 0
zc = 9 zm = 8 zs = 3 f = 0
zc = 9 zm = 8 zs = 0 f = 5
zc = 9 zm = 8 zs = 1 f = 5
zc = 1 zm = 8 zs = 2 f = 5
zc = 9 zm = 8 zs = 3 f = 5
Selecting parameters:
zc = 9 zm = 8 zs = 0 f = 0 IDAT size = 17715
Output IDAT size = 17715 bytes (2751 bytes decrease)
Output file size = 17793 bytes (2775 bytes = 13.49% decrease)
** Processing: /data/gannet/ripley/R/packages/tests-clang/aqp.Rcheck/vign_test/aqp/vignettes/label-placement_files/figure-html/unnamed-chunk-3-1.png
768x480 pixels, 3x8 bits/pixel, RGB
Input IDAT size = 34749 bytes
Input file size = 34875 bytes
Trying:
zc = 9 zm = 8 zs = 0 f = 0 IDAT size = 30907
zc = 9 zm = 8 zs = 1 f = 0
zc = 1 zm = 8 zs = 2 f = 0
zc = 9 zm = 8 zs = 3 f = 0
zc = 9 zm = 8 zs = 0 f = 5
zc = 9 zm = 8 zs = 1 f = 5
zc = 1 zm = 8 zs = 2 f = 5
zc = 9 zm = 8 zs = 3 f = 5
Selecting parameters:
zc = 9 zm = 8 zs = 0 f = 0 IDAT size = 30907
Output IDAT size = 30907 bytes (3842 bytes decrease)
Output file size = 30985 bytes (3890 bytes = 11.15% decrease)
** Processing: /data/gannet/ripley/R/packages/tests-clang/aqp.Rcheck/vign_test/aqp/vignettes/label-placement_files/figure-html/unnamed-chunk-4-1.png
768x480 pixels, 3x8 bits/pixel, RGB
Input IDAT size = 41873 bytes
Input file size = 42011 bytes
Trying:
zc = 9 zm = 8 zs = 0 f = 0 IDAT size = 35785
zc = 9 zm = 8 zs = 1 f = 0
zc = 1 zm = 8 zs = 2 f = 0
zc = 9 zm = 8 zs = 3 f = 0
zc = 9 zm = 8 zs = 0 f = 5
zc = 9 zm = 8 zs = 1 f = 5
zc = 1 zm = 8 zs = 2 f = 5
zc = 9 zm = 8 zs = 3 f = 5
Selecting parameters:
zc = 9 zm = 8 zs = 0 f = 0 IDAT size = 35785
Output IDAT size = 35785 bytes (6088 bytes decrease)
Output file size = 35863 bytes (6148 bytes = 14.63% decrease)
** Processing: /data/gannet/ripley/R/packages/tests-clang/aqp.Rcheck/vign_test/aqp/vignettes/label-placement_files/figure-html/unnamed-chunk-5-1.png
768x480 pixels, 3x8 bits/pixel, RGB
Input IDAT size = 43172 bytes
Input file size = 43310 bytes
Trying:
zc = 9 zm = 8 zs = 0 f = 0 IDAT size = 37037
zc = 9 zm = 8 zs = 1 f = 0
zc = 1 zm = 8 zs = 2 f = 0
zc = 9 zm = 8 zs = 3 f = 0
zc = 9 zm = 8 zs = 0 f = 5
zc = 9 zm = 8 zs = 1 f = 5
zc = 1 zm = 8 zs = 2 f = 5
zc = 9 zm = 8 zs = 3 f = 5
Selecting parameters:
zc = 9 zm = 8 zs = 0 f = 0 IDAT size = 37037
Output IDAT size = 37037 bytes (6135 bytes decrease)
Output file size = 37115 bytes (6195 bytes = 14.30% decrease)
** Processing: /data/gannet/ripley/R/packages/tests-clang/aqp.Rcheck/vign_test/aqp/vignettes/label-placement_files/figure-html/unnamed-chunk-8-1.png
768x480 pixels, 3x8 bits/pixel, RGB
Input IDAT size = 50618 bytes
Input file size = 50768 bytes
Trying:
zc = 9 zm = 8 zs = 0 f = 0 IDAT size = 40145
zc = 9 zm = 8 zs = 1 f = 0
zc = 1 zm = 8 zs = 2 f = 0
zc = 9 zm = 8 zs = 3 f = 0
zc = 9 zm = 8 zs = 0 f = 5
zc = 9 zm = 8 zs = 1 f = 5
zc = 1 zm = 8 zs = 2 f = 5
zc = 9 zm = 8 zs = 3 f = 5
Selecting parameters:
zc = 9 zm = 8 zs = 0 f = 0 IDAT size = 40145
Output IDAT size = 40145 bytes (10473 bytes decrease)
Output file size = 40223 bytes (10545 bytes = 20.77% decrease)
** Processing: /data/gannet/ripley/R/packages/tests-clang/aqp.Rcheck/vign_test/aqp/vignettes/label-placement_files/figure-html/unnamed-chunk-9-1.png
768x480 pixels, 3x8 bits/pixel, RGB
Input IDAT size = 124913 bytes
Input file size = 125171 bytes
Trying:
zc = 9 zm = 8 zs = 0 f = 0 IDAT size = 99422
zc = 9 zm = 8 zs = 1 f = 0
zc = 1 zm = 8 zs = 2 f = 0
zc = 9 zm = 8 zs = 3 f = 0
zc = 9 zm = 8 zs = 0 f = 5
zc = 9 zm = 8 zs = 1 f = 5
zc = 1 zm = 8 zs = 2 f = 5
zc = 9 zm = 8 zs = 3 f = 5
Selecting parameters:
zc = 9 zm = 8 zs = 0 f = 0 IDAT size = 99422
Output IDAT size = 99422 bytes (25491 bytes decrease)
Output file size = 99500 bytes (25671 bytes = 20.51% decrease)
** Processing: /data/gannet/ripley/R/packages/tests-clang/aqp.Rcheck/vign_test/aqp/vignettes/label-placement_files/figure-html/unnamed-chunk-9-2.png
768x480 pixels, 3x8 bits/pixel, RGB
Input IDAT size = 123236 bytes
Input file size = 123494 bytes
Trying:
zc = 9 zm = 8 zs = 0 f = 0 IDAT size = 97635
zc = 9 zm = 8 zs = 1 f = 0
zc = 1 zm = 8 zs = 2 f = 0
zc = 9 zm = 8 zs = 3 f = 0
zc = 9 zm = 8 zs = 0 f = 5
zc = 9 zm = 8 zs = 1 f = 5
zc = 1 zm = 8 zs = 2 f = 5
zc = 9 zm = 8 zs = 3 f = 5
Selecting parameters:
zc = 9 zm = 8 zs = 0 f = 0 IDAT size = 97635
Output IDAT size = 97635 bytes (25601 bytes decrease)
Output file size = 97713 bytes (25781 bytes = 20.88% decrease)
** Processing: /data/gannet/ripley/R/packages/tests-clang/aqp.Rcheck/vign_test/aqp/vignettes/label-placement_files/figure-html/unnamed-chunk-9-3.png
768x480 pixels, 3x8 bits/pixel, RGB
Input IDAT size = 121010 bytes
Input file size = 121256 bytes
Trying:
zc = 9 zm = 8 zs = 0 f = 0 IDAT size = 94531
zc = 9 zm = 8 zs = 1 f = 0
zc = 1 zm = 8 zs = 2 f = 0
zc = 9 zm = 8 zs = 3 f = 0
zc = 9 zm = 8 zs = 0 f = 5
zc = 9 zm = 8 zs = 1 f = 5
zc = 1 zm = 8 zs = 2 f = 5
zc = 9 zm = 8 zs = 3 f = 5
Selecting parameters:
zc = 9 zm = 8 zs = 0 f = 0 IDAT size = 94531
Output IDAT size = 94531 bytes (26479 bytes decrease)
Output file size = 94609 bytes (26647 bytes = 21.98% decrease)
** Processing: /data/gannet/ripley/R/packages/tests-clang/aqp.Rcheck/vign_test/aqp/vignettes/label-placement_files/figure-html/unnamed-chunk-9-4.png
768x480 pixels, 3x8 bits/pixel, RGB
Input IDAT size = 119359 bytes
Input file size = 119605 bytes
Trying:
zc = 9 zm = 8 zs = 0 f = 0 IDAT size = 93216
zc = 9 zm = 8 zs = 1 f = 0
zc = 1 zm = 8 zs = 2 f = 0
zc = 9 zm = 8 zs = 3 f = 0
zc = 9 zm = 8 zs = 0 f = 5
zc = 9 zm = 8 zs = 1 f = 5
zc = 1 zm = 8 zs = 2 f = 5
zc = 9 zm = 8 zs = 3 f = 5
Selecting parameters:
zc = 9 zm = 8 zs = 0 f = 0 IDAT size = 93216
Output IDAT size = 93216 bytes (26143 bytes decrease)
Output file size = 93294 bytes (26311 bytes = 22.00% decrease)
** Processing: /data/gannet/ripley/R/packages/tests-clang/aqp.Rcheck/vign_test/aqp/vignettes/label-placement_files/figure-html/unnamed-chunk-9-5.png
768x480 pixels, 3x8 bits/pixel, RGB
Input IDAT size = 120557 bytes
Input file size = 120803 bytes
Trying:
zc = 9 zm = 8 zs = 0 f = 0 IDAT size = 94011
zc = 9 zm = 8 zs = 1 f = 0
zc = 1 zm = 8 zs = 2 f = 0
zc = 9 zm = 8 zs = 3 f = 0
zc = 9 zm = 8 zs = 0 f = 5
zc = 9 zm = 8 zs = 1 f = 5
zc = 1 zm = 8 zs = 2 f = 5
zc = 9 zm = 8 zs = 3 f = 5
Selecting parameters:
zc = 9 zm = 8 zs = 0 f = 0 IDAT size = 94011
Output IDAT size = 94011 bytes (26546 bytes decrease)
Output file size = 94089 bytes (26714 bytes = 22.11% decrease)
** Processing: /data/gannet/ripley/R/packages/tests-clang/aqp.Rcheck/vign_test/aqp/vignettes/label-placement_files/figure-html/unnamed-chunk-9-6.png
768x480 pixels, 3x8 bits/pixel, RGB
Input IDAT size = 123060 bytes
Input file size = 123318 bytes
Trying:
zc = 9 zm = 8 zs = 0 f = 0 IDAT size = 96892
zc = 9 zm = 8 zs = 1 f = 0
zc = 1 zm = 8 zs = 2 f = 0
zc = 9 zm = 8 zs = 3 f = 0
zc = 9 zm = 8 zs = 0 f = 5
zc = 9 zm = 8 zs = 1 f = 5
zc = 1 zm = 8 zs = 2 f = 5
zc = 9 zm = 8 zs = 3 f = 5
Selecting parameters:
zc = 9 zm = 8 zs = 0 f = 0 IDAT size = 96892
Output IDAT size = 96892 bytes (26168 bytes decrease)
Output file size = 96970 bytes (26348 bytes = 21.37% decrease)
** Processing: /data/gannet/ripley/R/packages/tests-clang/aqp.Rcheck/vign_test/aqp/vignettes/label-placement_files/figure-html/unnamed-chunk-13-1.png
816x480 pixels, 3x8 bits/pixel, RGB
Input IDAT size = 86005 bytes
Input file size = 86203 bytes
Trying:
zc = 9 zm = 8 zs = 0 f = 0 IDAT size = 68778
zc = 9 zm = 8 zs = 1 f = 0
zc = 1 zm = 8 zs = 2 f = 0
zc = 9 zm = 8 zs = 3 f = 0
zc = 9 zm = 8 zs = 0 f = 5
zc = 9 zm = 8 zs = 1 f = 5
zc = 1 zm = 8 zs = 2 f = 5
zc = 9 zm = 8 zs = 3 f = 5
Selecting parameters:
zc = 9 zm = 8 zs = 0 f = 0 IDAT size = 68778
Output IDAT size = 68778 bytes (17227 bytes decrease)
Output file size = 68856 bytes (17347 bytes = 20.12% decrease)
** Processing: /data/gannet/ripley/R/packages/tests-clang/aqp.Rcheck/vign_test/aqp/vignettes/label-placement_files/figure-html/unnamed-chunk-13-2.png
816x480 pixels, 3x8 bits/pixel, RGB
Input IDAT size = 110140 bytes
Input file size = 110374 bytes
Trying:
zc = 9 zm = 8 zs = 0 f = 0 IDAT size = 87887
zc = 9 zm = 8 zs = 1 f = 0
zc = 1 zm = 8 zs = 2 f = 0
zc = 9 zm = 8 zs = 3 f = 0
zc = 9 zm = 8 zs = 0 f = 5
zc = 9 zm = 8 zs = 1 f = 5
zc = 1 zm = 8 zs = 2 f = 5
zc = 9 zm = 8 zs = 3 f = 5
Selecting parameters:
zc = 9 zm = 8 zs = 0 f = 0 IDAT size = 87887
Output IDAT size = 87887 bytes (22253 bytes decrease)
Output file size = 87965 bytes (22409 bytes = 20.30% decrease)
** Processing: /data/gannet/ripley/R/packages/tests-clang/aqp.Rcheck/vign_test/aqp/vignettes/label-placement_files/figure-html/unnamed-chunk-13-3.png
816x480 pixels, 3x8 bits/pixel, RGB
Input IDAT size = 220134 bytes
Input file size = 220524 bytes
Trying:
zc = 9 zm = 8 zs = 0 f = 0 IDAT size = 216391
zc = 9 zm = 8 zs = 1 f = 0
zc = 1 zm = 8 zs = 2 f = 0
zc = 9 zm = 8 zs = 3 f = 0
zc = 9 zm = 8 zs = 0 f = 5 IDAT size = 205768
zc = 9 zm = 8 zs = 1 f = 5
zc = 1 zm = 8 zs = 2 f = 5
zc = 9 zm = 8 zs = 3 f = 5
Selecting parameters:
zc = 9 zm = 8 zs = 0 f = 5 IDAT size = 205768
Output IDAT size = 205768 bytes (14366 bytes decrease)
Output file size = 205846 bytes (14678 bytes = 6.66% decrease)
** Processing: /data/gannet/ripley/R/packages/tests-clang/aqp.Rcheck/vign_test/aqp/vignettes/label-placement_files/figure-html/unnamed-chunk-13-4.png
816x480 pixels, 3x8 bits/pixel, RGB
Input IDAT size = 221090 bytes
Input file size = 221480 bytes
Trying:
zc = 9 zm = 8 zs = 0 f = 0
zc = 9 zm = 8 zs = 1 f = 0
zc = 1 zm = 8 zs = 2 f = 0
zc = 9 zm = 8 zs = 3 f = 0
zc = 9 zm = 8 zs = 0 f = 5 IDAT size = 212356
zc = 9 zm = 8 zs = 1 f = 5
zc = 1 zm = 8 zs = 2 f = 5
zc = 9 zm = 8 zs = 3 f = 5
Selecting parameters:
zc = 9 zm = 8 zs = 0 f = 5 IDAT size = 212356
Output IDAT size = 212356 bytes (8734 bytes decrease)
Output file size = 212434 bytes (9046 bytes = 4.08% decrease)
** Processing: /data/gannet/ripley/R/packages/tests-clang/aqp.Rcheck/vign_test/aqp/vignettes/label-placement_files/figure-html/unnamed-chunk-13-5.png
816x480 pixels, 3x8 bits/pixel, RGB
Input IDAT size = 237815 bytes
Input file size = 238241 bytes
Trying:
zc = 9 zm = 8 zs = 0 f = 0
zc = 9 zm = 8 zs = 1 f = 0
zc = 1 zm = 8 zs = 2 f = 0
zc = 9 zm = 8 zs = 3 f = 0
zc = 9 zm = 8 zs = 0 f = 5 IDAT size = 228213
zc = 9 zm = 8 zs = 1 f = 5
zc = 1 zm = 8 zs = 2 f = 5
zc = 9 zm = 8 zs = 3 f = 5
Selecting parameters:
zc = 9 zm = 8 zs = 0 f = 5 IDAT size = 228213
Output IDAT size = 228213 bytes (9602 bytes decrease)
Output file size = 228291 bytes (9950 bytes = 4.18% decrease)
** Processing: /data/gannet/ripley/R/packages/tests-clang/aqp.Rcheck/vign_test/aqp/vignettes/label-placement_files/figure-html/unnamed-chunk-16-1.png
768x576 pixels, 3x8 bits/pixel, RGB
Input IDAT size = 69725 bytes
Input file size = 69899 bytes
Trying:
zc = 9 zm = 8 zs = 0 f = 0 IDAT size = 57718
zc = 9 zm = 8 zs = 1 f = 0
zc = 1 zm = 8 zs = 2 f = 0
zc = 9 zm = 8 zs = 3 f = 0
zc = 9 zm = 8 zs = 0 f = 5
zc = 9 zm = 8 zs = 1 f = 5
zc = 1 zm = 8 zs = 2 f = 5
zc = 9 zm = 8 zs = 3 f = 5
Selecting parameters:
zc = 9 zm = 8 zs = 0 f = 0 IDAT size = 57718
Output IDAT size = 57718 bytes (12007 bytes decrease)
Output file size = 57796 bytes (12103 bytes = 17.31% decrease)
** Processing: /data/gannet/ripley/R/packages/tests-clang/aqp.Rcheck/vign_test/aqp/vignettes/label-placement_files/figure-html/unnamed-chunk-17-1.png
768x576 pixels, 3x8 bits/pixel, RGB
Input IDAT size = 152313 bytes
Input file size = 152607 bytes
Trying:
zc = 9 zm = 8 zs = 0 f = 0 IDAT size = 134128
zc = 9 zm = 8 zs = 1 f = 0
zc = 1 zm = 8 zs = 2 f = 0
zc = 9 zm = 8 zs = 3 f = 0
zc = 9 zm = 8 zs = 0 f = 5
zc = 9 zm = 8 zs = 1 f = 5
zc = 1 zm = 8 zs = 2 f = 5
zc = 9 zm = 8 zs = 3 f = 5
Selecting parameters:
zc = 9 zm = 8 zs = 0 f = 0 IDAT size = 134128
Output IDAT size = 134128 bytes (18185 bytes decrease)
Output file size = 134206 bytes (18401 bytes = 12.06% decrease)
--- finished re-building ‘label-placement.Rmd’
--- re-building ‘missing-data.Rmd’ using rmarkdown
** Processing: /data/gannet/ripley/R/packages/tests-clang/aqp.Rcheck/vign_test/aqp/vignettes/missing-data_files/figure-html/unnamed-chunk-2-1.png
288x288 pixels, 3x8 bits/pixel, RGB
Input IDAT size = 27958 bytes
Input file size = 28072 bytes
Trying:
zc = 9 zm = 8 zs = 0 f = 0 IDAT size = 21700
zc = 9 zm = 8 zs = 1 f = 0
zc = 1 zm = 8 zs = 2 f = 0
zc = 9 zm = 8 zs = 3 f = 0
zc = 9 zm = 8 zs = 0 f = 5
zc = 9 zm = 8 zs = 1 f = 5
zc = 1 zm = 8 zs = 2 f = 5
zc = 9 zm = 8 zs = 3 f = 5
Selecting parameters:
zc = 9 zm = 8 zs = 0 f = 0 IDAT size = 21700
Output IDAT size = 21700 bytes (6258 bytes decrease)
Output file size = 21778 bytes (6294 bytes = 22.42% decrease)
** Processing: /data/gannet/ripley/R/packages/tests-clang/aqp.Rcheck/vign_test/aqp/vignettes/missing-data_files/figure-html/unnamed-chunk-2-2.png
288x288 pixels, 3x8 bits/pixel, RGB
Input IDAT size = 22671 bytes
Input file size = 22773 bytes
Trying:
zc = 9 zm = 8 zs = 0 f = 0 IDAT size = 17118
zc = 9 zm = 8 zs = 1 f = 0
zc = 1 zm = 8 zs = 2 f = 0
zc = 9 zm = 8 zs = 3 f = 0
zc = 9 zm = 8 zs = 0 f = 5
zc = 9 zm = 8 zs = 1 f = 5
zc = 1 zm = 8 zs = 2 f = 5
zc = 9 zm = 8 zs = 3 f = 5
Selecting parameters:
zc = 9 zm = 8 zs = 0 f = 0 IDAT size = 17118
Output IDAT size = 17118 bytes (5553 bytes decrease)
Output file size = 17196 bytes (5577 bytes = 24.49% decrease)
** Processing: /data/gannet/ripley/R/packages/tests-clang/aqp.Rcheck/vign_test/aqp/vignettes/missing-data_files/figure-html/unnamed-chunk-2-3.png
288x288 pixels, 3x8 bits/pixel, RGB
Input IDAT size = 24690 bytes
Input file size = 24804 bytes
Trying:
zc = 9 zm = 8 zs = 0 f = 0 IDAT size = 19070
zc = 9 zm = 8 zs = 1 f = 0
zc = 1 zm = 8 zs = 2 f = 0
zc = 9 zm = 8 zs = 3 f = 0
zc = 9 zm = 8 zs = 0 f = 5
zc = 9 zm = 8 zs = 1 f = 5
zc = 1 zm = 8 zs = 2 f = 5
zc = 9 zm = 8 zs = 3 f = 5
Selecting parameters:
zc = 9 zm = 8 zs = 0 f = 0 IDAT size = 19070
Output IDAT size = 19070 bytes (5620 bytes decrease)
Output file size = 19148 bytes (5656 bytes = 22.80% decrease)
** Processing: /data/gannet/ripley/R/packages/tests-clang/aqp.Rcheck/vign_test/aqp/vignettes/missing-data_files/figure-html/unnamed-chunk-2-4.png
288x288 pixels, 3x8 bits/pixel, RGB
Input IDAT size = 26119 bytes
Input file size = 26233 bytes
Trying:
zc = 9 zm = 8 zs = 0 f = 0 IDAT size = 20096
zc = 9 zm = 8 zs = 1 f = 0
zc = 1 zm = 8 zs = 2 f = 0
zc = 9 zm = 8 zs = 3 f = 0
zc = 9 zm = 8 zs = 0 f = 5
zc = 9 zm = 8 zs = 1 f = 5
zc = 1 zm = 8 zs = 2 f = 5
zc = 9 zm = 8 zs = 3 f = 5
Selecting parameters:
zc = 9 zm = 8 zs = 0 f = 0 IDAT size = 20096
Output IDAT size = 20096 bytes (6023 bytes decrease)
Output file size = 20174 bytes (6059 bytes = 23.10% decrease)
** Processing: /data/gannet/ripley/R/packages/tests-clang/aqp.Rcheck/vign_test/aqp/vignettes/missing-data_files/figure-html/unnamed-chunk-2-5.png
288x288 pixels, 3x8 bits/pixel, RGB
Input IDAT size = 34129 bytes
Input file size = 34255 bytes
Trying:
zc = 9 zm = 8 zs = 0 f = 0 IDAT size = 26278
zc = 9 zm = 8 zs = 1 f = 0
zc = 1 zm = 8 zs = 2 f = 0
zc = 9 zm = 8 zs = 3 f = 0
zc = 9 zm = 8 zs = 0 f = 5
zc = 9 zm = 8 zs = 1 f = 5
zc = 1 zm = 8 zs = 2 f = 5
zc = 9 zm = 8 zs = 3 f = 5
Selecting parameters:
zc = 9 zm = 8 zs = 0 f = 0 IDAT size = 26278
Output IDAT size = 26278 bytes (7851 bytes decrease)
Output file size = 26356 bytes (7899 bytes = 23.06% decrease)
** Processing: /data/gannet/ripley/R/packages/tests-clang/aqp.Rcheck/vign_test/aqp/vignettes/missing-data_files/figure-html/unnamed-chunk-3-1.png
288x288 pixels, 3x8 bits/pixel, RGB
Input IDAT size = 35597 bytes
Input file size = 35723 bytes
Trying:
zc = 9 zm = 8 zs = 0 f = 0 IDAT size = 28617
zc = 9 zm = 8 zs = 1 f = 0
zc = 1 zm = 8 zs = 2 f = 0
zc = 9 zm = 8 zs = 3 f = 0
zc = 9 zm = 8 zs = 0 f = 5
zc = 9 zm = 8 zs = 1 f = 5
zc = 1 zm = 8 zs = 2 f = 5
zc = 9 zm = 8 zs = 3 f = 5
Selecting parameters:
zc = 9 zm = 8 zs = 0 f = 0 IDAT size = 28617
Output IDAT size = 28617 bytes (6980 bytes decrease)
Output file size = 28695 bytes (7028 bytes = 19.67% decrease)
** Processing: /data/gannet/ripley/R/packages/tests-clang/aqp.Rcheck/vign_test/aqp/vignettes/missing-data_files/figure-html/unnamed-chunk-3-2.png
288x288 pixels, 3x8 bits/pixel, RGB
Input IDAT size = 35272 bytes
Input file size = 35398 bytes
Trying:
zc = 9 zm = 8 zs = 0 f = 0 IDAT size = 28219
zc = 9 zm = 8 zs = 1 f = 0
zc = 1 zm = 8 zs = 2 f = 0
zc = 9 zm = 8 zs = 3 f = 0
zc = 9 zm = 8 zs = 0 f = 5
zc = 9 zm = 8 zs = 1 f = 5
zc = 1 zm = 8 zs = 2 f = 5
zc = 9 zm = 8 zs = 3 f = 5
Selecting parameters:
zc = 9 zm = 8 zs = 0 f = 0 IDAT size = 28219
Output IDAT size = 28219 bytes (7053 bytes decrease)
Output file size = 28297 bytes (7101 bytes = 20.06% decrease)
** Processing: /data/gannet/ripley/R/packages/tests-clang/aqp.Rcheck/vign_test/aqp/vignettes/missing-data_files/figure-html/unnamed-chunk-3-3.png
288x288 pixels, 3x8 bits/pixel, RGB
Input IDAT size = 35384 bytes
Input file size = 35510 bytes
Trying:
zc = 9 zm = 8 zs = 0 f = 0 IDAT size = 28475
zc = 9 zm = 8 zs = 1 f = 0
zc = 1 zm = 8 zs = 2 f = 0
zc = 9 zm = 8 zs = 3 f = 0
zc = 9 zm = 8 zs = 0 f = 5
zc = 9 zm = 8 zs = 1 f = 5
zc = 1 zm = 8 zs = 2 f = 5
zc = 9 zm = 8 zs = 3 f = 5
Selecting parameters:
zc = 9 zm = 8 zs = 0 f = 0 IDAT size = 28475
Output IDAT size = 28475 bytes (6909 bytes decrease)
Output file size = 28553 bytes (6957 bytes = 19.59% decrease)
** Processing: /data/gannet/ripley/R/packages/tests-clang/aqp.Rcheck/vign_test/aqp/vignettes/missing-data_files/figure-html/unnamed-chunk-3-4.png
288x288 pixels, 3x8 bits/pixel, RGB
Input IDAT size = 34577 bytes
Input file size = 34703 bytes
Trying:
zc = 9 zm = 8 zs = 0 f = 0 IDAT size = 27005
zc = 9 zm = 8 zs = 1 f = 0
zc = 1 zm = 8 zs = 2 f = 0
zc = 9 zm = 8 zs = 3 f = 0
zc = 9 zm = 8 zs = 0 f = 5
zc = 9 zm = 8 zs = 1 f = 5
zc = 1 zm = 8 zs = 2 f = 5
zc = 9 zm = 8 zs = 3 f = 5
Selecting parameters:
zc = 9 zm = 8 zs = 0 f = 0 IDAT size = 27005
Output IDAT size = 27005 bytes (7572 bytes decrease)
Output file size = 27083 bytes (7620 bytes = 21.96% decrease)
** Processing: /data/gannet/ripley/R/packages/tests-clang/aqp.Rcheck/vign_test/aqp/vignettes/missing-data_files/figure-html/unnamed-chunk-3-5.png
288x288 pixels, 3x8 bits/pixel, RGB
Input IDAT size = 33360 bytes
Input file size = 33486 bytes
Trying:
zc = 9 zm = 8 zs = 0 f = 0 IDAT size = 25549
zc = 9 zm = 8 zs = 1 f = 0
zc = 1 zm = 8 zs = 2 f = 0
zc = 9 zm = 8 zs = 3 f = 0
zc = 9 zm = 8 zs = 0 f = 5
zc = 9 zm = 8 zs = 1 f = 5
zc = 1 zm = 8 zs = 2 f = 5
zc = 9 zm = 8 zs = 3 f = 5
Selecting parameters:
zc = 9 zm = 8 zs = 0 f = 0 IDAT size = 25549
Output IDAT size = 25549 bytes (7811 bytes decrease)
Output file size = 25627 bytes (7859 bytes = 23.47% decrease)
** Processing: /data/gannet/ripley/R/packages/tests-clang/aqp.Rcheck/vign_test/aqp/vignettes/missing-data_files/figure-html/unnamed-chunk-3-6.png
288x288 pixels, 3x8 bits/pixel, RGB
Input IDAT size = 37922 bytes
Input file size = 38048 bytes
Trying:
zc = 9 zm = 8 zs = 0 f = 0 IDAT size = 29258
zc = 9 zm = 8 zs = 1 f = 0
zc = 1 zm = 8 zs = 2 f = 0
zc = 9 zm = 8 zs = 3 f = 0
zc = 9 zm = 8 zs = 0 f = 5
zc = 9 zm = 8 zs = 1 f = 5
zc = 1 zm = 8 zs = 2 f = 5
zc = 9 zm = 8 zs = 3 f = 5
Selecting parameters:
zc = 9 zm = 8 zs = 0 f = 0 IDAT size = 29258
Output IDAT size = 29258 bytes (8664 bytes decrease)
Output file size = 29336 bytes (8712 bytes = 22.90% decrease)
** Processing: /data/gannet/ripley/R/packages/tests-clang/aqp.Rcheck/vign_test/aqp/vignettes/missing-data_files/figure-html/unnamed-chunk-3-7.png
288x288 pixels, 3x8 bits/pixel, RGB
Input IDAT size = 40643 bytes
Input file size = 40769 bytes
Trying:
zc = 9 zm = 8 zs = 0 f = 0 IDAT size = 30504
zc = 9 zm = 8 zs = 1 f = 0
zc = 1 zm = 8 zs = 2 f = 0
zc = 9 zm = 8 zs = 3 f = 0
zc = 9 zm = 8 zs = 0 f = 5
zc = 9 zm = 8 zs = 1 f = 5
zc = 1 zm = 8 zs = 2 f = 5
zc = 9 zm = 8 zs = 3 f = 5
Selecting parameters:
zc = 9 zm = 8 zs = 0 f = 0 IDAT size = 30504
Output IDAT size = 30504 bytes (10139 bytes decrease)
Output file size = 30582 bytes (10187 bytes = 24.99% decrease)
** Processing: /data/gannet/ripley/R/packages/tests-clang/aqp.Rcheck/vign_test/aqp/vignettes/missing-data_files/figure-html/unnamed-chunk-3-8.png
288x288 pixels, 3x8 bits/pixel, RGB
Input IDAT size = 41984 bytes
Input file size = 42122 bytes
Trying:
zc = 9 zm = 8 zs = 0 f = 0 IDAT size = 31438
zc = 9 zm = 8 zs = 1 f = 0
zc = 1 zm = 8 zs = 2 f = 0
zc = 9 zm = 8 zs = 3 f = 0
zc = 9 zm = 8 zs = 0 f = 5
zc = 9 zm = 8 zs = 1 f = 5
zc = 1 zm = 8 zs = 2 f = 5
zc = 9 zm = 8 zs = 3 f = 5
Selecting parameters:
zc = 9 zm = 8 zs = 0 f = 0 IDAT size = 31438
Output IDAT size = 31438 bytes (10546 bytes decrease)
Output file size = 31516 bytes (10606 bytes = 25.18% decrease)
--- finished re-building ‘missing-data.Rmd’
--- re-building ‘new-in-aqp-2.Rmd’ using rmarkdown
--- finished re-building ‘new-in-aqp-2.Rmd’
SUMMARY: processing the following file failed:
‘NCSP.Rmd’
Error: Vignette re-building failed.
Execution halted
Flavor: r-devel-linux-x86_64-fedora-clang
Version: 2.1.0
Check: re-building of vignette outputs
Result: ERROR
Error(s) in re-building vignettes:
--- re-building ‘Introduction-to-SoilProfileCollection-Objects.Rmd’ using rmarkdown
** Processing: /data/gannet/ripley/R/packages/tests-devel/aqp.Rcheck/vign_test/aqp/vignettes/Introduction-to-SoilProfileCollection-Objects_files/figure-html/unnamed-chunk-1-1.png
576x288 pixels, 8 bits/pixel, 256 colors in palette
Reducing image to 8 bits/pixel, grayscale
Input IDAT size = 8023 bytes
Input file size = 8881 bytes
Trying:
zc = 9 zm = 8 zs = 0 f = 0 IDAT size = 7095
zc = 9 zm = 8 zs = 1 f = 0
zc = 1 zm = 8 zs = 2 f = 0
zc = 9 zm = 8 zs = 3 f = 0
zc = 9 zm = 8 zs = 0 f = 5
zc = 9 zm = 8 zs = 1 f = 5
zc = 1 zm = 8 zs = 2 f = 5
zc = 9 zm = 8 zs = 3 f = 5
Selecting parameters:
zc = 9 zm = 8 zs = 0 f = 0 IDAT size = 7095
Output IDAT size = 7095 bytes (928 bytes decrease)
Output file size = 7173 bytes (1708 bytes = 19.23% decrease)
** Processing: /data/gannet/ripley/R/packages/tests-devel/aqp.Rcheck/vign_test/aqp/vignettes/Introduction-to-SoilProfileCollection-Objects_files/figure-html/unnamed-chunk-13-1.png
768x384 pixels, 3x8 bits/pixel, RGB
Input IDAT size = 15525 bytes
Input file size = 15615 bytes
Trying:
zc = 9 zm = 8 zs = 0 f = 0 IDAT size = 14943
zc = 9 zm = 8 zs = 1 f = 0
zc = 1 zm = 8 zs = 2 f = 0
zc = 9 zm = 8 zs = 3 f = 0
zc = 9 zm = 8 zs = 0 f = 5 IDAT size = 13613
zc = 9 zm = 8 zs = 1 f = 5
zc = 1 zm = 8 zs = 2 f = 5
zc = 9 zm = 8 zs = 3 f = 5
Selecting parameters:
zc = 9 zm = 8 zs = 0 f = 5 IDAT size = 13613
Output IDAT size = 13613 bytes (1912 bytes decrease)
Output file size = 13691 bytes (1924 bytes = 12.32% decrease)
** Processing: /data/gannet/ripley/R/packages/tests-devel/aqp.Rcheck/vign_test/aqp/vignettes/Introduction-to-SoilProfileCollection-Objects_files/figure-html/unnamed-chunk-14-1.png
768x384 pixels, 8 bits/pixel, 228 colors in palette
Reducing image to 8 bits/pixel, grayscale
Input IDAT size = 3931 bytes
Input file size = 4705 bytes
Trying:
zc = 9 zm = 8 zs = 0 f = 0 IDAT size = 3258
zc = 9 zm = 8 zs = 1 f = 0
zc = 1 zm = 8 zs = 2 f = 0
zc = 9 zm = 8 zs = 3 f = 0
zc = 9 zm = 8 zs = 0 f = 5 IDAT size = 3220
zc = 9 zm = 8 zs = 1 f = 5 IDAT size = 3202
zc = 1 zm = 8 zs = 2 f = 5
zc = 9 zm = 8 zs = 3 f = 5
Selecting parameters:
zc = 9 zm = 8 zs = 1 f = 5 IDAT size = 3202
Output IDAT size = 3202 bytes (729 bytes decrease)
Output file size = 3280 bytes (1425 bytes = 30.29% decrease)
** Processing: /data/gannet/ripley/R/packages/tests-devel/aqp.Rcheck/vign_test/aqp/vignettes/Introduction-to-SoilProfileCollection-Objects_files/figure-html/unnamed-chunk-15-1.png
768x384 pixels, 8 bits/pixel, 254 colors in palette
Reducing image to 8 bits/pixel, grayscale
Input IDAT size = 6636 bytes
Input file size = 7488 bytes
Trying:
zc = 9 zm = 8 zs = 0 f = 0 IDAT size = 5551
zc = 9 zm = 8 zs = 1 f = 0
zc = 1 zm = 8 zs = 2 f = 0
zc = 9 zm = 8 zs = 3 f = 0
zc = 9 zm = 8 zs = 0 f = 5
zc = 9 zm = 8 zs = 1 f = 5
zc = 1 zm = 8 zs = 2 f = 5
zc = 9 zm = 8 zs = 3 f = 5
Selecting parameters:
zc = 9 zm = 8 zs = 0 f = 0 IDAT size = 5551
Output IDAT size = 5551 bytes (1085 bytes decrease)
Output file size = 5629 bytes (1859 bytes = 24.83% decrease)
** Processing: /data/gannet/ripley/R/packages/tests-devel/aqp.Rcheck/vign_test/aqp/vignettes/Introduction-to-SoilProfileCollection-Objects_files/figure-html/unnamed-chunk-15-2.png
768x384 pixels, 8 bits/pixel, 236 colors in palette
Reducing image to 8 bits/pixel, grayscale
Input IDAT size = 3573 bytes
Input file size = 4371 bytes
Trying:
zc = 9 zm = 8 zs = 0 f = 0 IDAT size = 2888
zc = 9 zm = 8 zs = 1 f = 0
zc = 1 zm = 8 zs = 2 f = 0
zc = 9 zm = 8 zs = 3 f = 0
zc = 9 zm = 8 zs = 0 f = 5
zc = 9 zm = 8 zs = 1 f = 5
zc = 1 zm = 8 zs = 2 f = 5
zc = 9 zm = 8 zs = 3 f = 5
Selecting parameters:
zc = 9 zm = 8 zs = 0 f = 0 IDAT size = 2888
Output IDAT size = 2888 bytes (685 bytes decrease)
Output file size = 2966 bytes (1405 bytes = 32.14% decrease)
** Processing: /data/gannet/ripley/R/packages/tests-devel/aqp.Rcheck/vign_test/aqp/vignettes/Introduction-to-SoilProfileCollection-Objects_files/figure-html/unnamed-chunk-16-1.png
864x480 pixels, 3x8 bits/pixel, RGB
Input IDAT size = 46001 bytes
Input file size = 46139 bytes
Trying:
zc = 9 zm = 8 zs = 0 f = 0 IDAT size = 36872
zc = 9 zm = 8 zs = 1 f = 0
zc = 1 zm = 8 zs = 2 f = 0
zc = 9 zm = 8 zs = 3 f = 0
zc = 9 zm = 8 zs = 0 f = 5
zc = 9 zm = 8 zs = 1 f = 5
zc = 1 zm = 8 zs = 2 f = 5
zc = 9 zm = 8 zs = 3 f = 5
Selecting parameters:
zc = 9 zm = 8 zs = 0 f = 0 IDAT size = 36872
Output IDAT size = 36872 bytes (9129 bytes decrease)
Output file size = 36950 bytes (9189 bytes = 19.92% decrease)
** Processing: /data/gannet/ripley/R/packages/tests-devel/aqp.Rcheck/vign_test/aqp/vignettes/Introduction-to-SoilProfileCollection-Objects_files/figure-html/unnamed-chunk-17-1.png
864x480 pixels, 3x8 bits/pixel, RGB
Input IDAT size = 45912 bytes
Input file size = 46050 bytes
Trying:
zc = 9 zm = 8 zs = 0 f = 0 IDAT size = 37017
zc = 9 zm = 8 zs = 1 f = 0
zc = 1 zm = 8 zs = 2 f = 0
zc = 9 zm = 8 zs = 3 f = 0
zc = 9 zm = 8 zs = 0 f = 5
zc = 9 zm = 8 zs = 1 f = 5
zc = 1 zm = 8 zs = 2 f = 5
zc = 9 zm = 8 zs = 3 f = 5
Selecting parameters:
zc = 9 zm = 8 zs = 0 f = 0 IDAT size = 37017
Output IDAT size = 37017 bytes (8895 bytes decrease)
Output file size = 37095 bytes (8955 bytes = 19.45% decrease)
** Processing: /data/gannet/ripley/R/packages/tests-devel/aqp.Rcheck/vign_test/aqp/vignettes/Introduction-to-SoilProfileCollection-Objects_files/figure-html/unnamed-chunk-18-1.png
864x480 pixels, 3x8 bits/pixel, RGB
Input IDAT size = 45467 bytes
Input file size = 45605 bytes
Trying:
zc = 9 zm = 8 zs = 0 f = 0 IDAT size = 36582
zc = 9 zm = 8 zs = 1 f = 0
zc = 1 zm = 8 zs = 2 f = 0
zc = 9 zm = 8 zs = 3 f = 0
zc = 9 zm = 8 zs = 0 f = 5
zc = 9 zm = 8 zs = 1 f = 5
zc = 1 zm = 8 zs = 2 f = 5
zc = 9 zm = 8 zs = 3 f = 5
Selecting parameters:
zc = 9 zm = 8 zs = 0 f = 0 IDAT size = 36582
Output IDAT size = 36582 bytes (8885 bytes decrease)
Output file size = 36660 bytes (8945 bytes = 19.61% decrease)
** Processing: /data/gannet/ripley/R/packages/tests-devel/aqp.Rcheck/vign_test/aqp/vignettes/Introduction-to-SoilProfileCollection-Objects_files/figure-html/unnamed-chunk-19-1.png
864x480 pixels, 3x8 bits/pixel, RGB
Input IDAT size = 38540 bytes
Input file size = 38666 bytes
Trying:
zc = 9 zm = 8 zs = 0 f = 0 IDAT size = 31790
zc = 9 zm = 8 zs = 1 f = 0
zc = 1 zm = 8 zs = 2 f = 0
zc = 9 zm = 8 zs = 3 f = 0
zc = 9 zm = 8 zs = 0 f = 5
zc = 9 zm = 8 zs = 1 f = 5
zc = 1 zm = 8 zs = 2 f = 5
zc = 9 zm = 8 zs = 3 f = 5
Selecting parameters:
zc = 9 zm = 8 zs = 0 f = 0 IDAT size = 31790
Output IDAT size = 31790 bytes (6750 bytes decrease)
Output file size = 31868 bytes (6798 bytes = 17.58% decrease)
** Processing: /data/gannet/ripley/R/packages/tests-devel/aqp.Rcheck/vign_test/aqp/vignettes/Introduction-to-SoilProfileCollection-Objects_files/figure-html/unnamed-chunk-20-1.png
864x480 pixels, 3x8 bits/pixel, RGB
Input IDAT size = 45848 bytes
Input file size = 45986 bytes
Trying:
zc = 9 zm = 8 zs = 0 f = 0 IDAT size = 35960
zc = 9 zm = 8 zs = 1 f = 0
zc = 1 zm = 8 zs = 2 f = 0
zc = 9 zm = 8 zs = 3 f = 0
zc = 9 zm = 8 zs = 0 f = 5
zc = 9 zm = 8 zs = 1 f = 5
zc = 1 zm = 8 zs = 2 f = 5
zc = 9 zm = 8 zs = 3 f = 5
Selecting parameters:
zc = 9 zm = 8 zs = 0 f = 0 IDAT size = 35960
Output IDAT size = 35960 bytes (9888 bytes decrease)
Output file size = 36038 bytes (9948 bytes = 21.63% decrease)
** Processing: /data/gannet/ripley/R/packages/tests-devel/aqp.Rcheck/vign_test/aqp/vignettes/Introduction-to-SoilProfileCollection-Objects_files/figure-html/unnamed-chunk-21-1.png
864x480 pixels, 3x8 bits/pixel, RGB
Input IDAT size = 45469 bytes
Input file size = 45607 bytes
Trying:
zc = 9 zm = 8 zs = 0 f = 0 IDAT size = 36820
zc = 9 zm = 8 zs = 1 f = 0
zc = 1 zm = 8 zs = 2 f = 0
zc = 9 zm = 8 zs = 3 f = 0
zc = 9 zm = 8 zs = 0 f = 5
zc = 9 zm = 8 zs = 1 f = 5
zc = 1 zm = 8 zs = 2 f = 5
zc = 9 zm = 8 zs = 3 f = 5
Selecting parameters:
zc = 9 zm = 8 zs = 0 f = 0 IDAT size = 36820
Output IDAT size = 36820 bytes (8649 bytes decrease)
Output file size = 36898 bytes (8709 bytes = 19.10% decrease)
** Processing: /data/gannet/ripley/R/packages/tests-devel/aqp.Rcheck/vign_test/aqp/vignettes/Introduction-to-SoilProfileCollection-Objects_files/figure-html/unnamed-chunk-22-1.png
864x480 pixels, 3x8 bits/pixel, RGB
Input IDAT size = 43179 bytes
Input file size = 43317 bytes
Trying:
zc = 9 zm = 8 zs = 0 f = 0 IDAT size = 34988
zc = 9 zm = 8 zs = 1 f = 0
zc = 1 zm = 8 zs = 2 f = 0
zc = 9 zm = 8 zs = 3 f = 0
zc = 9 zm = 8 zs = 0 f = 5
zc = 9 zm = 8 zs = 1 f = 5
zc = 1 zm = 8 zs = 2 f = 5
zc = 9 zm = 8 zs = 3 f = 5
Selecting parameters:
zc = 9 zm = 8 zs = 0 f = 0 IDAT size = 34988
Output IDAT size = 34988 bytes (8191 bytes decrease)
Output file size = 35066 bytes (8251 bytes = 19.05% decrease)
** Processing: /data/gannet/ripley/R/packages/tests-devel/aqp.Rcheck/vign_test/aqp/vignettes/Introduction-to-SoilProfileCollection-Objects_files/figure-html/unnamed-chunk-24-1.png
480x576 pixels, 3x8 bits/pixel, RGB
Input IDAT size = 12530 bytes
Input file size = 12620 bytes
Trying:
zc = 9 zm = 8 zs = 0 f = 0 IDAT size = 11122
zc = 9 zm = 8 zs = 1 f = 0
zc = 1 zm = 8 zs = 2 f = 0
zc = 9 zm = 8 zs = 3 f = 0
zc = 9 zm = 8 zs = 0 f = 5
zc = 9 zm = 8 zs = 1 f = 5
zc = 1 zm = 8 zs = 2 f = 5
zc = 9 zm = 8 zs = 3 f = 5
Selecting parameters:
zc = 9 zm = 8 zs = 0 f = 0 IDAT size = 11122
Output IDAT size = 11122 bytes (1408 bytes decrease)
Output file size = 11200 bytes (1420 bytes = 11.25% decrease)
** Processing: /data/gannet/ripley/R/packages/tests-devel/aqp.Rcheck/vign_test/aqp/vignettes/Introduction-to-SoilProfileCollection-Objects_files/figure-html/unnamed-chunk-25-1.png
672x576 pixels, 3x8 bits/pixel, RGB
Input IDAT size = 18160 bytes
Input file size = 18262 bytes
Trying:
zc = 9 zm = 8 zs = 0 f = 0 IDAT size = 16692
zc = 9 zm = 8 zs = 1 f = 0
zc = 1 zm = 8 zs = 2 f = 0
zc = 9 zm = 8 zs = 3 f = 0
zc = 9 zm = 8 zs = 0 f = 5 IDAT size = 16436
zc = 9 zm = 8 zs = 1 f = 5
zc = 1 zm = 8 zs = 2 f = 5
zc = 9 zm = 8 zs = 3 f = 5
Selecting parameters:
zc = 9 zm = 8 zs = 0 f = 5 IDAT size = 16436
Output IDAT size = 16436 bytes (1724 bytes decrease)
Output file size = 16514 bytes (1748 bytes = 9.57% decrease)
** Processing: /data/gannet/ripley/R/packages/tests-devel/aqp.Rcheck/vign_test/aqp/vignettes/Introduction-to-SoilProfileCollection-Objects_files/figure-html/unnamed-chunk-26-1.png
768x576 pixels, 3x8 bits/pixel, RGB
Input IDAT size = 21885 bytes
Input file size = 21987 bytes
Trying:
zc = 9 zm = 8 zs = 0 f = 0 IDAT size = 20797
zc = 9 zm = 8 zs = 1 f = 0
zc = 1 zm = 8 zs = 2 f = 0
zc = 9 zm = 8 zs = 3 f = 0
zc = 9 zm = 8 zs = 0 f = 5 IDAT size = 20138
zc = 9 zm = 8 zs = 1 f = 5
zc = 1 zm = 8 zs = 2 f = 5
zc = 9 zm = 8 zs = 3 f = 5
Selecting parameters:
zc = 9 zm = 8 zs = 0 f = 5 IDAT size = 20138
Output IDAT size = 20138 bytes (1747 bytes decrease)
Output file size = 20216 bytes (1771 bytes = 8.05% decrease)
** Processing: /data/gannet/ripley/R/packages/tests-devel/aqp.Rcheck/vign_test/aqp/vignettes/Introduction-to-SoilProfileCollection-Objects_files/figure-html/unnamed-chunk-27-1.png
768x576 pixels, 3x8 bits/pixel, RGB
Input IDAT size = 24576 bytes
Input file size = 24678 bytes
Trying:
zc = 9 zm = 8 zs = 0 f = 0 IDAT size = 22462
zc = 9 zm = 8 zs = 1 f = 0
zc = 1 zm = 8 zs = 2 f = 0
zc = 9 zm = 8 zs = 3 f = 0
zc = 9 zm = 8 zs = 0 f = 5
zc = 9 zm = 8 zs = 1 f = 5
zc = 1 zm = 8 zs = 2 f = 5
zc = 9 zm = 8 zs = 3 f = 5
Selecting parameters:
zc = 9 zm = 8 zs = 0 f = 0 IDAT size = 22462
Output IDAT size = 22462 bytes (2114 bytes decrease)
Output file size = 22540 bytes (2138 bytes = 8.66% decrease)
** Processing: /data/gannet/ripley/R/packages/tests-devel/aqp.Rcheck/vign_test/aqp/vignettes/Introduction-to-SoilProfileCollection-Objects_files/figure-html/unnamed-chunk-28-1.png
864x480 pixels, 3x8 bits/pixel, RGB
Input IDAT size = 46287 bytes
Input file size = 46425 bytes
Trying:
zc = 9 zm = 8 zs = 0 f = 0 IDAT size = 37352
zc = 9 zm = 8 zs = 1 f = 0
zc = 1 zm = 8 zs = 2 f = 0
zc = 9 zm = 8 zs = 3 f = 0
zc = 9 zm = 8 zs = 0 f = 5
zc = 9 zm = 8 zs = 1 f = 5
zc = 1 zm = 8 zs = 2 f = 5
zc = 9 zm = 8 zs = 3 f = 5
Selecting parameters:
zc = 9 zm = 8 zs = 0 f = 0 IDAT size = 37352
Output IDAT size = 37352 bytes (8935 bytes decrease)
Output file size = 37430 bytes (8995 bytes = 19.38% decrease)
** Processing: /data/gannet/ripley/R/packages/tests-devel/aqp.Rcheck/vign_test/aqp/vignettes/Introduction-to-SoilProfileCollection-Objects_files/figure-html/unnamed-chunk-29-1.png
864x480 pixels, 3x8 bits/pixel, RGB
Input IDAT size = 45235 bytes
Input file size = 45373 bytes
Trying:
zc = 9 zm = 8 zs = 0 f = 0 IDAT size = 36722
zc = 9 zm = 8 zs = 1 f = 0
zc = 1 zm = 8 zs = 2 f = 0
zc = 9 zm = 8 zs = 3 f = 0
zc = 9 zm = 8 zs = 0 f = 5
zc = 9 zm = 8 zs = 1 f = 5
zc = 1 zm = 8 zs = 2 f = 5
zc = 9 zm = 8 zs = 3 f = 5
Selecting parameters:
zc = 9 zm = 8 zs = 0 f = 0 IDAT size = 36722
Output IDAT size = 36722 bytes (8513 bytes decrease)
Output file size = 36800 bytes (8573 bytes = 18.89% decrease)
** Processing: /data/gannet/ripley/R/packages/tests-devel/aqp.Rcheck/vign_test/aqp/vignettes/Introduction-to-SoilProfileCollection-Objects_files/figure-html/unnamed-chunk-30-1.png
864x480 pixels, 3x8 bits/pixel, RGB
Input IDAT size = 47027 bytes
Input file size = 47165 bytes
Trying:
zc = 9 zm = 8 zs = 0 f = 0 IDAT size = 37954
zc = 9 zm = 8 zs = 1 f = 0
zc = 1 zm = 8 zs = 2 f = 0
zc = 9 zm = 8 zs = 3 f = 0
zc = 9 zm = 8 zs = 0 f = 5
zc = 9 zm = 8 zs = 1 f = 5
zc = 1 zm = 8 zs = 2 f = 5
zc = 9 zm = 8 zs = 3 f = 5
Selecting parameters:
zc = 9 zm = 8 zs = 0 f = 0 IDAT size = 37954
Output IDAT size = 37954 bytes (9073 bytes decrease)
Output file size = 38032 bytes (9133 bytes = 19.36% decrease)
** Processing: /data/gannet/ripley/R/packages/tests-devel/aqp.Rcheck/vign_test/aqp/vignettes/Introduction-to-SoilProfileCollection-Objects_files/figure-html/unnamed-chunk-31-1.png
864x480 pixels, 3x8 bits/pixel, RGB
Input IDAT size = 46708 bytes
Input file size = 46846 bytes
Trying:
zc = 9 zm = 8 zs = 0 f = 0 IDAT size = 37680
zc = 9 zm = 8 zs = 1 f = 0
zc = 1 zm = 8 zs = 2 f = 0
zc = 9 zm = 8 zs = 3 f = 0
zc = 9 zm = 8 zs = 0 f = 5
zc = 9 zm = 8 zs = 1 f = 5
zc = 1 zm = 8 zs = 2 f = 5
zc = 9 zm = 8 zs = 3 f = 5
Selecting parameters:
zc = 9 zm = 8 zs = 0 f = 0 IDAT size = 37680
Output IDAT size = 37680 bytes (9028 bytes decrease)
Output file size = 37758 bytes (9088 bytes = 19.40% decrease)
** Processing: /data/gannet/ripley/R/packages/tests-devel/aqp.Rcheck/vign_test/aqp/vignettes/Introduction-to-SoilProfileCollection-Objects_files/figure-html/unnamed-chunk-32-1.png
768x384 pixels, 3x8 bits/pixel, RGB
Input IDAT size = 22653 bytes
Input file size = 22755 bytes
Trying:
zc = 9 zm = 8 zs = 0 f = 0 IDAT size = 20138
zc = 9 zm = 8 zs = 1 f = 0
zc = 1 zm = 8 zs = 2 f = 0
zc = 9 zm = 8 zs = 3 f = 0
zc = 9 zm = 8 zs = 0 f = 5
zc = 9 zm = 8 zs = 1 f = 5
zc = 1 zm = 8 zs = 2 f = 5
zc = 9 zm = 8 zs = 3 f = 5
Selecting parameters:
zc = 9 zm = 8 zs = 0 f = 0 IDAT size = 20138
Output IDAT size = 20138 bytes (2515 bytes decrease)
Output file size = 20216 bytes (2539 bytes = 11.16% decrease)
** Processing: /data/gannet/ripley/R/packages/tests-devel/aqp.Rcheck/vign_test/aqp/vignettes/Introduction-to-SoilProfileCollection-Objects_files/figure-html/unnamed-chunk-33-1.png
768x384 pixels, 3x8 bits/pixel, RGB
Input IDAT size = 22652 bytes
Input file size = 22754 bytes
Trying:
zc = 9 zm = 8 zs = 0 f = 0 IDAT size = 20136
zc = 9 zm = 8 zs = 1 f = 0
zc = 1 zm = 8 zs = 2 f = 0
zc = 9 zm = 8 zs = 3 f = 0
zc = 9 zm = 8 zs = 0 f = 5
zc = 9 zm = 8 zs = 1 f = 5
zc = 1 zm = 8 zs = 2 f = 5
zc = 9 zm = 8 zs = 3 f = 5
Selecting parameters:
zc = 9 zm = 8 zs = 0 f = 0 IDAT size = 20136
Output IDAT size = 20136 bytes (2516 bytes decrease)
Output file size = 20214 bytes (2540 bytes = 11.16% decrease)
** Processing: /data/gannet/ripley/R/packages/tests-devel/aqp.Rcheck/vign_test/aqp/vignettes/Introduction-to-SoilProfileCollection-Objects_files/figure-html/unnamed-chunk-34-1.png
768x384 pixels, 3x8 bits/pixel, RGB
Input IDAT size = 23298 bytes
Input file size = 23400 bytes
Trying:
zc = 9 zm = 8 zs = 0 f = 0 IDAT size = 20418
zc = 9 zm = 8 zs = 1 f = 0
zc = 1 zm = 8 zs = 2 f = 0
zc = 9 zm = 8 zs = 3 f = 0
zc = 9 zm = 8 zs = 0 f = 5
zc = 9 zm = 8 zs = 1 f = 5
zc = 1 zm = 8 zs = 2 f = 5
zc = 9 zm = 8 zs = 3 f = 5
Selecting parameters:
zc = 9 zm = 8 zs = 0 f = 0 IDAT size = 20418
Output IDAT size = 20418 bytes (2880 bytes decrease)
Output file size = 20496 bytes (2904 bytes = 12.41% decrease)
** Processing: /data/gannet/ripley/R/packages/tests-devel/aqp.Rcheck/vign_test/aqp/vignettes/Introduction-to-SoilProfileCollection-Objects_files/figure-html/unnamed-chunk-35-1.png
768x384 pixels, 3x8 bits/pixel, RGB
Input IDAT size = 21212 bytes
Input file size = 21314 bytes
Trying:
zc = 9 zm = 8 zs = 0 f = 0 IDAT size = 18418
zc = 9 zm = 8 zs = 1 f = 0
zc = 1 zm = 8 zs = 2 f = 0
zc = 9 zm = 8 zs = 3 f = 0
zc = 9 zm = 8 zs = 0 f = 5
zc = 9 zm = 8 zs = 1 f = 5
zc = 1 zm = 8 zs = 2 f = 5
zc = 9 zm = 8 zs = 3 f = 5
Selecting parameters:
zc = 9 zm = 8 zs = 0 f = 0 IDAT size = 18418
Output IDAT size = 18418 bytes (2794 bytes decrease)
Output file size = 18496 bytes (2818 bytes = 13.22% decrease)
** Processing: /data/gannet/ripley/R/packages/tests-devel/aqp.Rcheck/vign_test/aqp/vignettes/Introduction-to-SoilProfileCollection-Objects_files/figure-html/plotting-vol-fraction-1.png
768x384 pixels, 3x8 bits/pixel, RGB
Input IDAT size = 105712 bytes
Input file size = 105934 bytes
Trying:
zc = 9 zm = 8 zs = 0 f = 0 IDAT size = 85649
zc = 9 zm = 8 zs = 1 f = 0
zc = 1 zm = 8 zs = 2 f = 0
zc = 9 zm = 8 zs = 3 f = 0
zc = 9 zm = 8 zs = 0 f = 5
zc = 9 zm = 8 zs = 1 f = 5
zc = 1 zm = 8 zs = 2 f = 5
zc = 9 zm = 8 zs = 3 f = 5
Selecting parameters:
zc = 9 zm = 8 zs = 0 f = 0 IDAT size = 85649
Output IDAT size = 85649 bytes (20063 bytes decrease)
Output file size = 85727 bytes (20207 bytes = 19.08% decrease)
** Processing: /data/gannet/ripley/R/packages/tests-devel/aqp.Rcheck/vign_test/aqp/vignettes/Introduction-to-SoilProfileCollection-Objects_files/figure-html/unnamed-chunk-36-1.png
768x384 pixels, 3x8 bits/pixel, RGB
Input IDAT size = 19523 bytes
Input file size = 19625 bytes
Trying:
zc = 9 zm = 8 zs = 0 f = 0 IDAT size = 16919
zc = 9 zm = 8 zs = 1 f = 0
zc = 1 zm = 8 zs = 2 f = 0
zc = 9 zm = 8 zs = 3 f = 0
zc = 9 zm = 8 zs = 0 f = 5
zc = 9 zm = 8 zs = 1 f = 5
zc = 1 zm = 8 zs = 2 f = 5
zc = 9 zm = 8 zs = 3 f = 5
Selecting parameters:
zc = 9 zm = 8 zs = 0 f = 0 IDAT size = 16919
Output IDAT size = 16919 bytes (2604 bytes decrease)
Output file size = 16997 bytes (2628 bytes = 13.39% decrease)
** Processing: /data/gannet/ripley/R/packages/tests-devel/aqp.Rcheck/vign_test/aqp/vignettes/Introduction-to-SoilProfileCollection-Objects_files/figure-html/unnamed-chunk-37-1.png
768x384 pixels, 3x8 bits/pixel, RGB
Input IDAT size = 27584 bytes
Input file size = 27698 bytes
Trying:
zc = 9 zm = 8 zs = 0 f = 0 IDAT size = 23146
zc = 9 zm = 8 zs = 1 f = 0
zc = 1 zm = 8 zs = 2 f = 0
zc = 9 zm = 8 zs = 3 f = 0
zc = 9 zm = 8 zs = 0 f = 5
zc = 9 zm = 8 zs = 1 f = 5
zc = 1 zm = 8 zs = 2 f = 5
zc = 9 zm = 8 zs = 3 f = 5
Selecting parameters:
zc = 9 zm = 8 zs = 0 f = 0 IDAT size = 23146
Output IDAT size = 23146 bytes (4438 bytes decrease)
Output file size = 23224 bytes (4474 bytes = 16.15% decrease)
** Processing: /data/gannet/ripley/R/packages/tests-devel/aqp.Rcheck/vign_test/aqp/vignettes/Introduction-to-SoilProfileCollection-Objects_files/figure-html/unnamed-chunk-38-1.png
768x384 pixels, 3x8 bits/pixel, RGB
Input IDAT size = 29343 bytes
Input file size = 29457 bytes
Trying:
zc = 9 zm = 8 zs = 0 f = 0 IDAT size = 24372
zc = 9 zm = 8 zs = 1 f = 0
zc = 1 zm = 8 zs = 2 f = 0
zc = 9 zm = 8 zs = 3 f = 0
zc = 9 zm = 8 zs = 0 f = 5
zc = 9 zm = 8 zs = 1 f = 5
zc = 1 zm = 8 zs = 2 f = 5
zc = 9 zm = 8 zs = 3 f = 5
Selecting parameters:
zc = 9 zm = 8 zs = 0 f = 0 IDAT size = 24372
Output IDAT size = 24372 bytes (4971 bytes decrease)
Output file size = 24450 bytes (5007 bytes = 17.00% decrease)
** Processing: /data/gannet/ripley/R/packages/tests-devel/aqp.Rcheck/vign_test/aqp/vignettes/Introduction-to-SoilProfileCollection-Objects_files/figure-html/unnamed-chunk-39-1.png
768x384 pixels, 3x8 bits/pixel, RGB
Input IDAT size = 23780 bytes
Input file size = 23882 bytes
Trying:
zc = 9 zm = 8 zs = 0 f = 0 IDAT size = 20296
zc = 9 zm = 8 zs = 1 f = 0
zc = 1 zm = 8 zs = 2 f = 0
zc = 9 zm = 8 zs = 3 f = 0
zc = 9 zm = 8 zs = 0 f = 5
zc = 9 zm = 8 zs = 1 f = 5
zc = 1 zm = 8 zs = 2 f = 5
zc = 9 zm = 8 zs = 3 f = 5
Selecting parameters:
zc = 9 zm = 8 zs = 0 f = 0 IDAT size = 20296
Output IDAT size = 20296 bytes (3484 bytes decrease)
Output file size = 20374 bytes (3508 bytes = 14.69% decrease)
** Processing: /data/gannet/ripley/R/packages/tests-devel/aqp.Rcheck/vign_test/aqp/vignettes/Introduction-to-SoilProfileCollection-Objects_files/figure-html/unnamed-chunk-40-1.png
768x384 pixels, 3x8 bits/pixel, RGB
Input IDAT size = 29446 bytes
Input file size = 29560 bytes
Trying:
zc = 9 zm = 8 zs = 0 f = 0 IDAT size = 24857
zc = 9 zm = 8 zs = 1 f = 0
zc = 1 zm = 8 zs = 2 f = 0
zc = 9 zm = 8 zs = 3 f = 0
zc = 9 zm = 8 zs = 0 f = 5
zc = 9 zm = 8 zs = 1 f = 5
zc = 1 zm = 8 zs = 2 f = 5
zc = 9 zm = 8 zs = 3 f = 5
Selecting parameters:
zc = 9 zm = 8 zs = 0 f = 0 IDAT size = 24857
Output IDAT size = 24857 bytes (4589 bytes decrease)
Output file size = 24935 bytes (4625 bytes = 15.65% decrease)
** Processing: /data/gannet/ripley/R/packages/tests-devel/aqp.Rcheck/vign_test/aqp/vignettes/Introduction-to-SoilProfileCollection-Objects_files/figure-html/unnamed-chunk-41-1.png
768x384 pixels, 3x8 bits/pixel, RGB
Input IDAT size = 29289 bytes
Input file size = 29403 bytes
Trying:
zc = 9 zm = 8 zs = 0 f = 0 IDAT size = 24504
zc = 9 zm = 8 zs = 1 f = 0
zc = 1 zm = 8 zs = 2 f = 0
zc = 9 zm = 8 zs = 3 f = 0
zc = 9 zm = 8 zs = 0 f = 5
zc = 9 zm = 8 zs = 1 f = 5
zc = 1 zm = 8 zs = 2 f = 5
zc = 9 zm = 8 zs = 3 f = 5
Selecting parameters:
zc = 9 zm = 8 zs = 0 f = 0 IDAT size = 24504
Output IDAT size = 24504 bytes (4785 bytes decrease)
Output file size = 24582 bytes (4821 bytes = 16.40% decrease)
** Processing: /data/gannet/ripley/R/packages/tests-devel/aqp.Rcheck/vign_test/aqp/vignettes/Introduction-to-SoilProfileCollection-Objects_files/figure-html/unnamed-chunk-42-1.png
768x384 pixels, 3x8 bits/pixel, RGB
Input IDAT size = 23458 bytes
Input file size = 23560 bytes
Trying:
zc = 9 zm = 8 zs = 0 f = 0 IDAT size = 19674
zc = 9 zm = 8 zs = 1 f = 0
zc = 1 zm = 8 zs = 2 f = 0
zc = 9 zm = 8 zs = 3 f = 0
zc = 9 zm = 8 zs = 0 f = 5
zc = 9 zm = 8 zs = 1 f = 5
zc = 1 zm = 8 zs = 2 f = 5
zc = 9 zm = 8 zs = 3 f = 5
Selecting parameters:
zc = 9 zm = 8 zs = 0 f = 0 IDAT size = 19674
Output IDAT size = 19674 bytes (3784 bytes decrease)
Output file size = 19752 bytes (3808 bytes = 16.16% decrease)
** Processing: /data/gannet/ripley/R/packages/tests-devel/aqp.Rcheck/vign_test/aqp/vignettes/Introduction-to-SoilProfileCollection-Objects_files/figure-html/profileApply-4-1.png
768x480 pixels, 3x8 bits/pixel, RGB
Input IDAT size = 31277 bytes
Input file size = 31391 bytes
Trying:
zc = 9 zm = 8 zs = 0 f = 0 IDAT size = 26940
zc = 9 zm = 8 zs = 1 f = 0
zc = 1 zm = 8 zs = 2 f = 0
zc = 9 zm = 8 zs = 3 f = 0
zc = 9 zm = 8 zs = 0 f = 5
zc = 9 zm = 8 zs = 1 f = 5
zc = 1 zm = 8 zs = 2 f = 5
zc = 9 zm = 8 zs = 3 f = 5
Selecting parameters:
zc = 9 zm = 8 zs = 0 f = 0 IDAT size = 26940
Output IDAT size = 26940 bytes (4337 bytes decrease)
Output file size = 27018 bytes (4373 bytes = 13.93% decrease)
** Processing: /data/gannet/ripley/R/packages/tests-devel/aqp.Rcheck/vign_test/aqp/vignettes/Introduction-to-SoilProfileCollection-Objects_files/figure-html/unnamed-chunk-44-1.png
768x384 pixels, 3x8 bits/pixel, RGB
Input IDAT size = 39469 bytes
Input file size = 39595 bytes
Trying:
zc = 9 zm = 8 zs = 0 f = 0 IDAT size = 31073
zc = 9 zm = 8 zs = 1 f = 0
zc = 1 zm = 8 zs = 2 f = 0
zc = 9 zm = 8 zs = 3 f = 0
zc = 9 zm = 8 zs = 0 f = 5
zc = 9 zm = 8 zs = 1 f = 5
zc = 1 zm = 8 zs = 2 f = 5
zc = 9 zm = 8 zs = 3 f = 5
Selecting parameters:
zc = 9 zm = 8 zs = 0 f = 0 IDAT size = 31073
Output IDAT size = 31073 bytes (8396 bytes decrease)
Output file size = 31151 bytes (8444 bytes = 21.33% decrease)
** Processing: /data/gannet/ripley/R/packages/tests-devel/aqp.Rcheck/vign_test/aqp/vignettes/Introduction-to-SoilProfileCollection-Objects_files/figure-html/unnamed-chunk-46-1.png
768x384 pixels, 3x8 bits/pixel, RGB
Input IDAT size = 25415 bytes
Input file size = 25529 bytes
Trying:
zc = 9 zm = 8 zs = 0 f = 0 IDAT size = 21752
zc = 9 zm = 8 zs = 1 f = 0
zc = 1 zm = 8 zs = 2 f = 0
zc = 9 zm = 8 zs = 3 f = 0
zc = 9 zm = 8 zs = 0 f = 5
zc = 9 zm = 8 zs = 1 f = 5
zc = 1 zm = 8 zs = 2 f = 5
zc = 9 zm = 8 zs = 3 f = 5
Selecting parameters:
zc = 9 zm = 8 zs = 0 f = 0 IDAT size = 21752
Output IDAT size = 21752 bytes (3663 bytes decrease)
Output file size = 21830 bytes (3699 bytes = 14.49% decrease)
** Processing: /data/gannet/ripley/R/packages/tests-devel/aqp.Rcheck/vign_test/aqp/vignettes/Introduction-to-SoilProfileCollection-Objects_files/figure-html/unnamed-chunk-47-1.png
768x384 pixels, 3x8 bits/pixel, RGB
Input IDAT size = 24872 bytes
Input file size = 24986 bytes
Trying:
zc = 9 zm = 8 zs = 0 f = 0 IDAT size = 21628
zc = 9 zm = 8 zs = 1 f = 0
zc = 1 zm = 8 zs = 2 f = 0
zc = 9 zm = 8 zs = 3 f = 0
zc = 9 zm = 8 zs = 0 f = 5
zc = 9 zm = 8 zs = 1 f = 5
zc = 1 zm = 8 zs = 2 f = 5
zc = 9 zm = 8 zs = 3 f = 5
Selecting parameters:
zc = 9 zm = 8 zs = 0 f = 0 IDAT size = 21628
Output IDAT size = 21628 bytes (3244 bytes decrease)
Output file size = 21706 bytes (3280 bytes = 13.13% decrease)
** Processing: /data/gannet/ripley/R/packages/tests-devel/aqp.Rcheck/vign_test/aqp/vignettes/Introduction-to-SoilProfileCollection-Objects_files/figure-html/slab-1.png
768x384 pixels, 3x8 bits/pixel, RGB
Input IDAT size = 64058 bytes
Input file size = 64220 bytes
Trying:
zc = 9 zm = 8 zs = 0 f = 0 IDAT size = 48280
zc = 9 zm = 8 zs = 1 f = 0
zc = 1 zm = 8 zs = 2 f = 0
zc = 9 zm = 8 zs = 3 f = 0
zc = 9 zm = 8 zs = 0 f = 5
zc = 9 zm = 8 zs = 1 f = 5
zc = 1 zm = 8 zs = 2 f = 5
zc = 9 zm = 8 zs = 3 f = 5
Selecting parameters:
zc = 9 zm = 8 zs = 0 f = 0 IDAT size = 48280
Output IDAT size = 48280 bytes (15778 bytes decrease)
Output file size = 48358 bytes (15862 bytes = 24.70% decrease)
** Processing: /data/gannet/ripley/R/packages/tests-devel/aqp.Rcheck/vign_test/aqp/vignettes/Introduction-to-SoilProfileCollection-Objects_files/figure-html/slab-2-1.png
768x384 pixels, 3x8 bits/pixel, RGB
Input IDAT size = 64104 bytes
Input file size = 64266 bytes
Trying:
zc = 9 zm = 8 zs = 0 f = 0 IDAT size = 49721
zc = 9 zm = 8 zs = 1 f = 0
zc = 1 zm = 8 zs = 2 f = 0
zc = 9 zm = 8 zs = 3 f = 0
zc = 9 zm = 8 zs = 0 f = 5
zc = 9 zm = 8 zs = 1 f = 5
zc = 1 zm = 8 zs = 2 f = 5
zc = 9 zm = 8 zs = 3 f = 5
Selecting parameters:
zc = 9 zm = 8 zs = 0 f = 0 IDAT size = 49721
Output IDAT size = 49721 bytes (14383 bytes decrease)
Output file size = 49799 bytes (14467 bytes = 22.51% decrease)
** Processing: /data/gannet/ripley/R/packages/tests-devel/aqp.Rcheck/vign_test/aqp/vignettes/Introduction-to-SoilProfileCollection-Objects_files/figure-html/unnamed-chunk-49-1.png
864x672 pixels, 3x8 bits/pixel, RGB
Input IDAT size = 34562 bytes
Input file size = 34688 bytes
Trying:
zc = 9 zm = 8 zs = 0 f = 0 IDAT size = 31571
zc = 9 zm = 8 zs = 1 f = 0
zc = 1 zm = 8 zs = 2 f = 0
zc = 9 zm = 8 zs = 3 f = 0
zc = 9 zm = 8 zs = 0 f = 5 IDAT size = 31530
zc = 9 zm = 8 zs = 1 f = 5
zc = 1 zm = 8 zs = 2 f = 5
zc = 9 zm = 8 zs = 3 f = 5
Selecting parameters:
zc = 9 zm = 8 zs = 0 f = 5 IDAT size = 31530
Output IDAT size = 31530 bytes (3032 bytes decrease)
Output file size = 31608 bytes (3080 bytes = 8.88% decrease)
** Processing: /data/gannet/ripley/R/packages/tests-devel/aqp.Rcheck/vign_test/aqp/vignettes/Introduction-to-SoilProfileCollection-Objects_files/figure-html/unnamed-chunk-50-1.png
864x672 pixels, 3x8 bits/pixel, RGB
Input IDAT size = 36389 bytes
Input file size = 36515 bytes
Trying:
zc = 9 zm = 8 zs = 0 f = 0 IDAT size = 32814
zc = 9 zm = 8 zs = 1 f = 0
zc = 1 zm = 8 zs = 2 f = 0
zc = 9 zm = 8 zs = 3 f = 0
zc = 9 zm = 8 zs = 0 f = 5
zc = 9 zm = 8 zs = 1 f = 5
zc = 1 zm = 8 zs = 2 f = 5
zc = 9 zm = 8 zs = 3 f = 5
Selecting parameters:
zc = 9 zm = 8 zs = 0 f = 0 IDAT size = 32814
Output IDAT size = 32814 bytes (3575 bytes decrease)
Output file size = 32892 bytes (3623 bytes = 9.92% decrease)
--- finished re-building ‘Introduction-to-SoilProfileCollection-Objects.Rmd’
--- re-building ‘Munsell-color-conversion.Rmd’ using rmarkdown
** Processing: /data/gannet/ripley/R/packages/tests-devel/aqp.Rcheck/vign_test/aqp/vignettes/Munsell-color-conversion_files/figure-html/unnamed-chunk-1-1.png
768x384 pixels, 3x8 bits/pixel, RGB
Input IDAT size = 19108 bytes
Input file size = 19210 bytes
Trying:
zc = 9 zm = 8 zs = 0 f = 0 IDAT size = 15794
zc = 9 zm = 8 zs = 1 f = 0
zc = 1 zm = 8 zs = 2 f = 0
zc = 9 zm = 8 zs = 3 f = 0
zc = 9 zm = 8 zs = 0 f = 5
zc = 9 zm = 8 zs = 1 f = 5
zc = 1 zm = 8 zs = 2 f = 5
zc = 9 zm = 8 zs = 3 f = 5
Selecting parameters:
zc = 9 zm = 8 zs = 0 f = 0 IDAT size = 15794
Output IDAT size = 15794 bytes (3314 bytes decrease)
Output file size = 15872 bytes (3338 bytes = 17.38% decrease)
--- finished re-building ‘Munsell-color-conversion.Rmd’
--- re-building ‘NCSP.Rmd’ using rmarkdown
Quitting from lines 39-47 [unnamed-chunk-1] (NCSP.Rmd)
Error: processing vignette 'NCSP.Rmd' failed with diagnostics:
there is no package called 'sharpshootR'
--- failed re-building ‘NCSP.Rmd’
--- re-building ‘aqp-overview.Rmd’ using rmarkdown
--- finished re-building ‘aqp-overview.Rmd’
--- re-building ‘label-placement.Rmd’ using rmarkdown
** Processing: /data/gannet/ripley/R/packages/tests-devel/aqp.Rcheck/vign_test/aqp/vignettes/label-placement_files/figure-html/unnamed-chunk-1-1.png
576x480 pixels, 3x8 bits/pixel, RGB
Input IDAT size = 20466 bytes
Input file size = 20568 bytes
Trying:
zc = 9 zm = 8 zs = 0 f = 0 IDAT size = 17715
zc = 9 zm = 8 zs = 1 f = 0
zc = 1 zm = 8 zs = 2 f = 0
zc = 9 zm = 8 zs = 3 f = 0
zc = 9 zm = 8 zs = 0 f = 5
zc = 9 zm = 8 zs = 1 f = 5
zc = 1 zm = 8 zs = 2 f = 5
zc = 9 zm = 8 zs = 3 f = 5
Selecting parameters:
zc = 9 zm = 8 zs = 0 f = 0 IDAT size = 17715
Output IDAT size = 17715 bytes (2751 bytes decrease)
Output file size = 17793 bytes (2775 bytes = 13.49% decrease)
** Processing: /data/gannet/ripley/R/packages/tests-devel/aqp.Rcheck/vign_test/aqp/vignettes/label-placement_files/figure-html/unnamed-chunk-3-1.png
768x480 pixels, 3x8 bits/pixel, RGB
Input IDAT size = 34749 bytes
Input file size = 34875 bytes
Trying:
zc = 9 zm = 8 zs = 0 f = 0 IDAT size = 30907
zc = 9 zm = 8 zs = 1 f = 0
zc = 1 zm = 8 zs = 2 f = 0
zc = 9 zm = 8 zs = 3 f = 0
zc = 9 zm = 8 zs = 0 f = 5
zc = 9 zm = 8 zs = 1 f = 5
zc = 1 zm = 8 zs = 2 f = 5
zc = 9 zm = 8 zs = 3 f = 5
Selecting parameters:
zc = 9 zm = 8 zs = 0 f = 0 IDAT size = 30907
Output IDAT size = 30907 bytes (3842 bytes decrease)
Output file size = 30985 bytes (3890 bytes = 11.15% decrease)
** Processing: /data/gannet/ripley/R/packages/tests-devel/aqp.Rcheck/vign_test/aqp/vignettes/label-placement_files/figure-html/unnamed-chunk-4-1.png
768x480 pixels, 3x8 bits/pixel, RGB
Input IDAT size = 41873 bytes
Input file size = 42011 bytes
Trying:
zc = 9 zm = 8 zs = 0 f = 0 IDAT size = 35785
zc = 9 zm = 8 zs = 1 f = 0
zc = 1 zm = 8 zs = 2 f = 0
zc = 9 zm = 8 zs = 3 f = 0
zc = 9 zm = 8 zs = 0 f = 5
zc = 9 zm = 8 zs = 1 f = 5
zc = 1 zm = 8 zs = 2 f = 5
zc = 9 zm = 8 zs = 3 f = 5
Selecting parameters:
zc = 9 zm = 8 zs = 0 f = 0 IDAT size = 35785
Output IDAT size = 35785 bytes (6088 bytes decrease)
Output file size = 35863 bytes (6148 bytes = 14.63% decrease)
** Processing: /data/gannet/ripley/R/packages/tests-devel/aqp.Rcheck/vign_test/aqp/vignettes/label-placement_files/figure-html/unnamed-chunk-5-1.png
768x480 pixels, 3x8 bits/pixel, RGB
Input IDAT size = 43172 bytes
Input file size = 43310 bytes
Trying:
zc = 9 zm = 8 zs = 0 f = 0 IDAT size = 37037
zc = 9 zm = 8 zs = 1 f = 0
zc = 1 zm = 8 zs = 2 f = 0
zc = 9 zm = 8 zs = 3 f = 0
zc = 9 zm = 8 zs = 0 f = 5
zc = 9 zm = 8 zs = 1 f = 5
zc = 1 zm = 8 zs = 2 f = 5
zc = 9 zm = 8 zs = 3 f = 5
Selecting parameters:
zc = 9 zm = 8 zs = 0 f = 0 IDAT size = 37037
Output IDAT size = 37037 bytes (6135 bytes decrease)
Output file size = 37115 bytes (6195 bytes = 14.30% decrease)
** Processing: /data/gannet/ripley/R/packages/tests-devel/aqp.Rcheck/vign_test/aqp/vignettes/label-placement_files/figure-html/unnamed-chunk-8-1.png
768x480 pixels, 3x8 bits/pixel, RGB
Input IDAT size = 50618 bytes
Input file size = 50768 bytes
Trying:
zc = 9 zm = 8 zs = 0 f = 0 IDAT size = 40145
zc = 9 zm = 8 zs = 1 f = 0
zc = 1 zm = 8 zs = 2 f = 0
zc = 9 zm = 8 zs = 3 f = 0
zc = 9 zm = 8 zs = 0 f = 5
zc = 9 zm = 8 zs = 1 f = 5
zc = 1 zm = 8 zs = 2 f = 5
zc = 9 zm = 8 zs = 3 f = 5
Selecting parameters:
zc = 9 zm = 8 zs = 0 f = 0 IDAT size = 40145
Output IDAT size = 40145 bytes (10473 bytes decrease)
Output file size = 40223 bytes (10545 bytes = 20.77% decrease)
** Processing: /data/gannet/ripley/R/packages/tests-devel/aqp.Rcheck/vign_test/aqp/vignettes/label-placement_files/figure-html/unnamed-chunk-9-1.png
768x480 pixels, 3x8 bits/pixel, RGB
Input IDAT size = 124913 bytes
Input file size = 125171 bytes
Trying:
zc = 9 zm = 8 zs = 0 f = 0 IDAT size = 99422
zc = 9 zm = 8 zs = 1 f = 0
zc = 1 zm = 8 zs = 2 f = 0
zc = 9 zm = 8 zs = 3 f = 0
zc = 9 zm = 8 zs = 0 f = 5
zc = 9 zm = 8 zs = 1 f = 5
zc = 1 zm = 8 zs = 2 f = 5
zc = 9 zm = 8 zs = 3 f = 5
Selecting parameters:
zc = 9 zm = 8 zs = 0 f = 0 IDAT size = 99422
Output IDAT size = 99422 bytes (25491 bytes decrease)
Output file size = 99500 bytes (25671 bytes = 20.51% decrease)
** Processing: /data/gannet/ripley/R/packages/tests-devel/aqp.Rcheck/vign_test/aqp/vignettes/label-placement_files/figure-html/unnamed-chunk-9-2.png
768x480 pixels, 3x8 bits/pixel, RGB
Input IDAT size = 123236 bytes
Input file size = 123494 bytes
Trying:
zc = 9 zm = 8 zs = 0 f = 0 IDAT size = 97635
zc = 9 zm = 8 zs = 1 f = 0
zc = 1 zm = 8 zs = 2 f = 0
zc = 9 zm = 8 zs = 3 f = 0
zc = 9 zm = 8 zs = 0 f = 5
zc = 9 zm = 8 zs = 1 f = 5
zc = 1 zm = 8 zs = 2 f = 5
zc = 9 zm = 8 zs = 3 f = 5
Selecting parameters:
zc = 9 zm = 8 zs = 0 f = 0 IDAT size = 97635
Output IDAT size = 97635 bytes (25601 bytes decrease)
Output file size = 97713 bytes (25781 bytes = 20.88% decrease)
** Processing: /data/gannet/ripley/R/packages/tests-devel/aqp.Rcheck/vign_test/aqp/vignettes/label-placement_files/figure-html/unnamed-chunk-9-3.png
768x480 pixels, 3x8 bits/pixel, RGB
Input IDAT size = 121010 bytes
Input file size = 121256 bytes
Trying:
zc = 9 zm = 8 zs = 0 f = 0 IDAT size = 94531
zc = 9 zm = 8 zs = 1 f = 0
zc = 1 zm = 8 zs = 2 f = 0
zc = 9 zm = 8 zs = 3 f = 0
zc = 9 zm = 8 zs = 0 f = 5
zc = 9 zm = 8 zs = 1 f = 5
zc = 1 zm = 8 zs = 2 f = 5
zc = 9 zm = 8 zs = 3 f = 5
Selecting parameters:
zc = 9 zm = 8 zs = 0 f = 0 IDAT size = 94531
Output IDAT size = 94531 bytes (26479 bytes decrease)
Output file size = 94609 bytes (26647 bytes = 21.98% decrease)
** Processing: /data/gannet/ripley/R/packages/tests-devel/aqp.Rcheck/vign_test/aqp/vignettes/label-placement_files/figure-html/unnamed-chunk-9-4.png
768x480 pixels, 3x8 bits/pixel, RGB
Input IDAT size = 119359 bytes
Input file size = 119605 bytes
Trying:
zc = 9 zm = 8 zs = 0 f = 0 IDAT size = 93216
zc = 9 zm = 8 zs = 1 f = 0
zc = 1 zm = 8 zs = 2 f = 0
zc = 9 zm = 8 zs = 3 f = 0
zc = 9 zm = 8 zs = 0 f = 5
zc = 9 zm = 8 zs = 1 f = 5
zc = 1 zm = 8 zs = 2 f = 5
zc = 9 zm = 8 zs = 3 f = 5
Selecting parameters:
zc = 9 zm = 8 zs = 0 f = 0 IDAT size = 93216
Output IDAT size = 93216 bytes (26143 bytes decrease)
Output file size = 93294 bytes (26311 bytes = 22.00% decrease)
** Processing: /data/gannet/ripley/R/packages/tests-devel/aqp.Rcheck/vign_test/aqp/vignettes/label-placement_files/figure-html/unnamed-chunk-9-5.png
768x480 pixels, 3x8 bits/pixel, RGB
Input IDAT size = 120557 bytes
Input file size = 120803 bytes
Trying:
zc = 9 zm = 8 zs = 0 f = 0 IDAT size = 94011
zc = 9 zm = 8 zs = 1 f = 0
zc = 1 zm = 8 zs = 2 f = 0
zc = 9 zm = 8 zs = 3 f = 0
zc = 9 zm = 8 zs = 0 f = 5
zc = 9 zm = 8 zs = 1 f = 5
zc = 1 zm = 8 zs = 2 f = 5
zc = 9 zm = 8 zs = 3 f = 5
Selecting parameters:
zc = 9 zm = 8 zs = 0 f = 0 IDAT size = 94011
Output IDAT size = 94011 bytes (26546 bytes decrease)
Output file size = 94089 bytes (26714 bytes = 22.11% decrease)
** Processing: /data/gannet/ripley/R/packages/tests-devel/aqp.Rcheck/vign_test/aqp/vignettes/label-placement_files/figure-html/unnamed-chunk-9-6.png
768x480 pixels, 3x8 bits/pixel, RGB
Input IDAT size = 123060 bytes
Input file size = 123318 bytes
Trying:
zc = 9 zm = 8 zs = 0 f = 0 IDAT size = 96892
zc = 9 zm = 8 zs = 1 f = 0
zc = 1 zm = 8 zs = 2 f = 0
zc = 9 zm = 8 zs = 3 f = 0
zc = 9 zm = 8 zs = 0 f = 5
zc = 9 zm = 8 zs = 1 f = 5
zc = 1 zm = 8 zs = 2 f = 5
zc = 9 zm = 8 zs = 3 f = 5
Selecting parameters:
zc = 9 zm = 8 zs = 0 f = 0 IDAT size = 96892
Output IDAT size = 96892 bytes (26168 bytes decrease)
Output file size = 96970 bytes (26348 bytes = 21.37% decrease)
** Processing: /data/gannet/ripley/R/packages/tests-devel/aqp.Rcheck/vign_test/aqp/vignettes/label-placement_files/figure-html/unnamed-chunk-13-1.png
816x480 pixels, 3x8 bits/pixel, RGB
Input IDAT size = 86005 bytes
Input file size = 86203 bytes
Trying:
zc = 9 zm = 8 zs = 0 f = 0 IDAT size = 68778
zc = 9 zm = 8 zs = 1 f = 0
zc = 1 zm = 8 zs = 2 f = 0
zc = 9 zm = 8 zs = 3 f = 0
zc = 9 zm = 8 zs = 0 f = 5
zc = 9 zm = 8 zs = 1 f = 5
zc = 1 zm = 8 zs = 2 f = 5
zc = 9 zm = 8 zs = 3 f = 5
Selecting parameters:
zc = 9 zm = 8 zs = 0 f = 0 IDAT size = 68778
Output IDAT size = 68778 bytes (17227 bytes decrease)
Output file size = 68856 bytes (17347 bytes = 20.12% decrease)
** Processing: /data/gannet/ripley/R/packages/tests-devel/aqp.Rcheck/vign_test/aqp/vignettes/label-placement_files/figure-html/unnamed-chunk-13-2.png
816x480 pixels, 3x8 bits/pixel, RGB
Input IDAT size = 110140 bytes
Input file size = 110374 bytes
Trying:
zc = 9 zm = 8 zs = 0 f = 0 IDAT size = 87887
zc = 9 zm = 8 zs = 1 f = 0
zc = 1 zm = 8 zs = 2 f = 0
zc = 9 zm = 8 zs = 3 f = 0
zc = 9 zm = 8 zs = 0 f = 5
zc = 9 zm = 8 zs = 1 f = 5
zc = 1 zm = 8 zs = 2 f = 5
zc = 9 zm = 8 zs = 3 f = 5
Selecting parameters:
zc = 9 zm = 8 zs = 0 f = 0 IDAT size = 87887
Output IDAT size = 87887 bytes (22253 bytes decrease)
Output file size = 87965 bytes (22409 bytes = 20.30% decrease)
** Processing: /data/gannet/ripley/R/packages/tests-devel/aqp.Rcheck/vign_test/aqp/vignettes/label-placement_files/figure-html/unnamed-chunk-13-3.png
816x480 pixels, 3x8 bits/pixel, RGB
Input IDAT size = 220134 bytes
Input file size = 220524 bytes
Trying:
zc = 9 zm = 8 zs = 0 f = 0 IDAT size = 216391
zc = 9 zm = 8 zs = 1 f = 0
zc = 1 zm = 8 zs = 2 f = 0
zc = 9 zm = 8 zs = 3 f = 0
zc = 9 zm = 8 zs = 0 f = 5 IDAT size = 205768
zc = 9 zm = 8 zs = 1 f = 5
zc = 1 zm = 8 zs = 2 f = 5
zc = 9 zm = 8 zs = 3 f = 5
Selecting parameters:
zc = 9 zm = 8 zs = 0 f = 5 IDAT size = 205768
Output IDAT size = 205768 bytes (14366 bytes decrease)
Output file size = 205846 bytes (14678 bytes = 6.66% decrease)
** Processing: /data/gannet/ripley/R/packages/tests-devel/aqp.Rcheck/vign_test/aqp/vignettes/label-placement_files/figure-html/unnamed-chunk-13-4.png
816x480 pixels, 3x8 bits/pixel, RGB
Input IDAT size = 221090 bytes
Input file size = 221480 bytes
Trying:
zc = 9 zm = 8 zs = 0 f = 0
zc = 9 zm = 8 zs = 1 f = 0
zc = 1 zm = 8 zs = 2 f = 0
zc = 9 zm = 8 zs = 3 f = 0
zc = 9 zm = 8 zs = 0 f = 5 IDAT size = 212356
zc = 9 zm = 8 zs = 1 f = 5
zc = 1 zm = 8 zs = 2 f = 5
zc = 9 zm = 8 zs = 3 f = 5
Selecting parameters:
zc = 9 zm = 8 zs = 0 f = 5 IDAT size = 212356
Output IDAT size = 212356 bytes (8734 bytes decrease)
Output file size = 212434 bytes (9046 bytes = 4.08% decrease)
** Processing: /data/gannet/ripley/R/packages/tests-devel/aqp.Rcheck/vign_test/aqp/vignettes/label-placement_files/figure-html/unnamed-chunk-13-5.png
816x480 pixels, 3x8 bits/pixel, RGB
Input IDAT size = 237815 bytes
Input file size = 238241 bytes
Trying:
zc = 9 zm = 8 zs = 0 f = 0
zc = 9 zm = 8 zs = 1 f = 0
zc = 1 zm = 8 zs = 2 f = 0
zc = 9 zm = 8 zs = 3 f = 0
zc = 9 zm = 8 zs = 0 f = 5 IDAT size = 228213
zc = 9 zm = 8 zs = 1 f = 5
zc = 1 zm = 8 zs = 2 f = 5
zc = 9 zm = 8 zs = 3 f = 5
Selecting parameters:
zc = 9 zm = 8 zs = 0 f = 5 IDAT size = 228213
Output IDAT size = 228213 bytes (9602 bytes decrease)
Output file size = 228291 bytes (9950 bytes = 4.18% decrease)
** Processing: /data/gannet/ripley/R/packages/tests-devel/aqp.Rcheck/vign_test/aqp/vignettes/label-placement_files/figure-html/unnamed-chunk-16-1.png
768x576 pixels, 3x8 bits/pixel, RGB
Input IDAT size = 69725 bytes
Input file size = 69899 bytes
Trying:
zc = 9 zm = 8 zs = 0 f = 0 IDAT size = 57718
zc = 9 zm = 8 zs = 1 f = 0
zc = 1 zm = 8 zs = 2 f = 0
zc = 9 zm = 8 zs = 3 f = 0
zc = 9 zm = 8 zs = 0 f = 5
zc = 9 zm = 8 zs = 1 f = 5
zc = 1 zm = 8 zs = 2 f = 5
zc = 9 zm = 8 zs = 3 f = 5
Selecting parameters:
zc = 9 zm = 8 zs = 0 f = 0 IDAT size = 57718
Output IDAT size = 57718 bytes (12007 bytes decrease)
Output file size = 57796 bytes (12103 bytes = 17.31% decrease)
** Processing: /data/gannet/ripley/R/packages/tests-devel/aqp.Rcheck/vign_test/aqp/vignettes/label-placement_files/figure-html/unnamed-chunk-17-1.png
768x576 pixels, 3x8 bits/pixel, RGB
Input IDAT size = 152313 bytes
Input file size = 152607 bytes
Trying:
zc = 9 zm = 8 zs = 0 f = 0 IDAT size = 134128
zc = 9 zm = 8 zs = 1 f = 0
zc = 1 zm = 8 zs = 2 f = 0
zc = 9 zm = 8 zs = 3 f = 0
zc = 9 zm = 8 zs = 0 f = 5
zc = 9 zm = 8 zs = 1 f = 5
zc = 1 zm = 8 zs = 2 f = 5
zc = 9 zm = 8 zs = 3 f = 5
Selecting parameters:
zc = 9 zm = 8 zs = 0 f = 0 IDAT size = 134128
Output IDAT size = 134128 bytes (18185 bytes decrease)
Output file size = 134206 bytes (18401 bytes = 12.06% decrease)
--- finished re-building ‘label-placement.Rmd’
--- re-building ‘missing-data.Rmd’ using rmarkdown
** Processing: /data/gannet/ripley/R/packages/tests-devel/aqp.Rcheck/vign_test/aqp/vignettes/missing-data_files/figure-html/unnamed-chunk-2-1.png
288x288 pixels, 3x8 bits/pixel, RGB
Input IDAT size = 27958 bytes
Input file size = 28072 bytes
Trying:
zc = 9 zm = 8 zs = 0 f = 0 IDAT size = 21700
zc = 9 zm = 8 zs = 1 f = 0
zc = 1 zm = 8 zs = 2 f = 0
zc = 9 zm = 8 zs = 3 f = 0
zc = 9 zm = 8 zs = 0 f = 5
zc = 9 zm = 8 zs = 1 f = 5
zc = 1 zm = 8 zs = 2 f = 5
zc = 9 zm = 8 zs = 3 f = 5
Selecting parameters:
zc = 9 zm = 8 zs = 0 f = 0 IDAT size = 21700
Output IDAT size = 21700 bytes (6258 bytes decrease)
Output file size = 21778 bytes (6294 bytes = 22.42% decrease)
** Processing: /data/gannet/ripley/R/packages/tests-devel/aqp.Rcheck/vign_test/aqp/vignettes/missing-data_files/figure-html/unnamed-chunk-2-2.png
288x288 pixels, 3x8 bits/pixel, RGB
Input IDAT size = 22671 bytes
Input file size = 22773 bytes
Trying:
zc = 9 zm = 8 zs = 0 f = 0 IDAT size = 17118
zc = 9 zm = 8 zs = 1 f = 0
zc = 1 zm = 8 zs = 2 f = 0
zc = 9 zm = 8 zs = 3 f = 0
zc = 9 zm = 8 zs = 0 f = 5
zc = 9 zm = 8 zs = 1 f = 5
zc = 1 zm = 8 zs = 2 f = 5
zc = 9 zm = 8 zs = 3 f = 5
Selecting parameters:
zc = 9 zm = 8 zs = 0 f = 0 IDAT size = 17118
Output IDAT size = 17118 bytes (5553 bytes decrease)
Output file size = 17196 bytes (5577 bytes = 24.49% decrease)
** Processing: /data/gannet/ripley/R/packages/tests-devel/aqp.Rcheck/vign_test/aqp/vignettes/missing-data_files/figure-html/unnamed-chunk-2-3.png
288x288 pixels, 3x8 bits/pixel, RGB
Input IDAT size = 24690 bytes
Input file size = 24804 bytes
Trying:
zc = 9 zm = 8 zs = 0 f = 0 IDAT size = 19070
zc = 9 zm = 8 zs = 1 f = 0
zc = 1 zm = 8 zs = 2 f = 0
zc = 9 zm = 8 zs = 3 f = 0
zc = 9 zm = 8 zs = 0 f = 5
zc = 9 zm = 8 zs = 1 f = 5
zc = 1 zm = 8 zs = 2 f = 5
zc = 9 zm = 8 zs = 3 f = 5
Selecting parameters:
zc = 9 zm = 8 zs = 0 f = 0 IDAT size = 19070
Output IDAT size = 19070 bytes (5620 bytes decrease)
Output file size = 19148 bytes (5656 bytes = 22.80% decrease)
** Processing: /data/gannet/ripley/R/packages/tests-devel/aqp.Rcheck/vign_test/aqp/vignettes/missing-data_files/figure-html/unnamed-chunk-2-4.png
288x288 pixels, 3x8 bits/pixel, RGB
Input IDAT size = 26119 bytes
Input file size = 26233 bytes
Trying:
zc = 9 zm = 8 zs = 0 f = 0 IDAT size = 20096
zc = 9 zm = 8 zs = 1 f = 0
zc = 1 zm = 8 zs = 2 f = 0
zc = 9 zm = 8 zs = 3 f = 0
zc = 9 zm = 8 zs = 0 f = 5
zc = 9 zm = 8 zs = 1 f = 5
zc = 1 zm = 8 zs = 2 f = 5
zc = 9 zm = 8 zs = 3 f = 5
Selecting parameters:
zc = 9 zm = 8 zs = 0 f = 0 IDAT size = 20096
Output IDAT size = 20096 bytes (6023 bytes decrease)
Output file size = 20174 bytes (6059 bytes = 23.10% decrease)
** Processing: /data/gannet/ripley/R/packages/tests-devel/aqp.Rcheck/vign_test/aqp/vignettes/missing-data_files/figure-html/unnamed-chunk-2-5.png
288x288 pixels, 3x8 bits/pixel, RGB
Input IDAT size = 34129 bytes
Input file size = 34255 bytes
Trying:
zc = 9 zm = 8 zs = 0 f = 0 IDAT size = 26278
zc = 9 zm = 8 zs = 1 f = 0
zc = 1 zm = 8 zs = 2 f = 0
zc = 9 zm = 8 zs = 3 f = 0
zc = 9 zm = 8 zs = 0 f = 5
zc = 9 zm = 8 zs = 1 f = 5
zc = 1 zm = 8 zs = 2 f = 5
zc = 9 zm = 8 zs = 3 f = 5
Selecting parameters:
zc = 9 zm = 8 zs = 0 f = 0 IDAT size = 26278
Output IDAT size = 26278 bytes (7851 bytes decrease)
Output file size = 26356 bytes (7899 bytes = 23.06% decrease)
** Processing: /data/gannet/ripley/R/packages/tests-devel/aqp.Rcheck/vign_test/aqp/vignettes/missing-data_files/figure-html/unnamed-chunk-3-1.png
288x288 pixels, 3x8 bits/pixel, RGB
Input IDAT size = 35597 bytes
Input file size = 35723 bytes
Trying:
zc = 9 zm = 8 zs = 0 f = 0 IDAT size = 28617
zc = 9 zm = 8 zs = 1 f = 0
zc = 1 zm = 8 zs = 2 f = 0
zc = 9 zm = 8 zs = 3 f = 0
zc = 9 zm = 8 zs = 0 f = 5
zc = 9 zm = 8 zs = 1 f = 5
zc = 1 zm = 8 zs = 2 f = 5
zc = 9 zm = 8 zs = 3 f = 5
Selecting parameters:
zc = 9 zm = 8 zs = 0 f = 0 IDAT size = 28617
Output IDAT size = 28617 bytes (6980 bytes decrease)
Output file size = 28695 bytes (7028 bytes = 19.67% decrease)
** Processing: /data/gannet/ripley/R/packages/tests-devel/aqp.Rcheck/vign_test/aqp/vignettes/missing-data_files/figure-html/unnamed-chunk-3-2.png
288x288 pixels, 3x8 bits/pixel, RGB
Input IDAT size = 35272 bytes
Input file size = 35398 bytes
Trying:
zc = 9 zm = 8 zs = 0 f = 0 IDAT size = 28219
zc = 9 zm = 8 zs = 1 f = 0
zc = 1 zm = 8 zs = 2 f = 0
zc = 9 zm = 8 zs = 3 f = 0
zc = 9 zm = 8 zs = 0 f = 5
zc = 9 zm = 8 zs = 1 f = 5
zc = 1 zm = 8 zs = 2 f = 5
zc = 9 zm = 8 zs = 3 f = 5
Selecting parameters:
zc = 9 zm = 8 zs = 0 f = 0 IDAT size = 28219
Output IDAT size = 28219 bytes (7053 bytes decrease)
Output file size = 28297 bytes (7101 bytes = 20.06% decrease)
** Processing: /data/gannet/ripley/R/packages/tests-devel/aqp.Rcheck/vign_test/aqp/vignettes/missing-data_files/figure-html/unnamed-chunk-3-3.png
288x288 pixels, 3x8 bits/pixel, RGB
Input IDAT size = 35384 bytes
Input file size = 35510 bytes
Trying:
zc = 9 zm = 8 zs = 0 f = 0 IDAT size = 28475
zc = 9 zm = 8 zs = 1 f = 0
zc = 1 zm = 8 zs = 2 f = 0
zc = 9 zm = 8 zs = 3 f = 0
zc = 9 zm = 8 zs = 0 f = 5
zc = 9 zm = 8 zs = 1 f = 5
zc = 1 zm = 8 zs = 2 f = 5
zc = 9 zm = 8 zs = 3 f = 5
Selecting parameters:
zc = 9 zm = 8 zs = 0 f = 0 IDAT size = 28475
Output IDAT size = 28475 bytes (6909 bytes decrease)
Output file size = 28553 bytes (6957 bytes = 19.59% decrease)
** Processing: /data/gannet/ripley/R/packages/tests-devel/aqp.Rcheck/vign_test/aqp/vignettes/missing-data_files/figure-html/unnamed-chunk-3-4.png
288x288 pixels, 3x8 bits/pixel, RGB
Input IDAT size = 34577 bytes
Input file size = 34703 bytes
Trying:
zc = 9 zm = 8 zs = 0 f = 0 IDAT size = 27005
zc = 9 zm = 8 zs = 1 f = 0
zc = 1 zm = 8 zs = 2 f = 0
zc = 9 zm = 8 zs = 3 f = 0
zc = 9 zm = 8 zs = 0 f = 5
zc = 9 zm = 8 zs = 1 f = 5
zc = 1 zm = 8 zs = 2 f = 5
zc = 9 zm = 8 zs = 3 f = 5
Selecting parameters:
zc = 9 zm = 8 zs = 0 f = 0 IDAT size = 27005
Output IDAT size = 27005 bytes (7572 bytes decrease)
Output file size = 27083 bytes (7620 bytes = 21.96% decrease)
** Processing: /data/gannet/ripley/R/packages/tests-devel/aqp.Rcheck/vign_test/aqp/vignettes/missing-data_files/figure-html/unnamed-chunk-3-5.png
288x288 pixels, 3x8 bits/pixel, RGB
Input IDAT size = 33360 bytes
Input file size = 33486 bytes
Trying:
zc = 9 zm = 8 zs = 0 f = 0 IDAT size = 25549
zc = 9 zm = 8 zs = 1 f = 0
zc = 1 zm = 8 zs = 2 f = 0
zc = 9 zm = 8 zs = 3 f = 0
zc = 9 zm = 8 zs = 0 f = 5
zc = 9 zm = 8 zs = 1 f = 5
zc = 1 zm = 8 zs = 2 f = 5
zc = 9 zm = 8 zs = 3 f = 5
Selecting parameters:
zc = 9 zm = 8 zs = 0 f = 0 IDAT size = 25549
Output IDAT size = 25549 bytes (7811 bytes decrease)
Output file size = 25627 bytes (7859 bytes = 23.47% decrease)
** Processing: /data/gannet/ripley/R/packages/tests-devel/aqp.Rcheck/vign_test/aqp/vignettes/missing-data_files/figure-html/unnamed-chunk-3-6.png
288x288 pixels, 3x8 bits/pixel, RGB
Input IDAT size = 37922 bytes
Input file size = 38048 bytes
Trying:
zc = 9 zm = 8 zs = 0 f = 0 IDAT size = 29258
zc = 9 zm = 8 zs = 1 f = 0
zc = 1 zm = 8 zs = 2 f = 0
zc = 9 zm = 8 zs = 3 f = 0
zc = 9 zm = 8 zs = 0 f = 5
zc = 9 zm = 8 zs = 1 f = 5
zc = 1 zm = 8 zs = 2 f = 5
zc = 9 zm = 8 zs = 3 f = 5
Selecting parameters:
zc = 9 zm = 8 zs = 0 f = 0 IDAT size = 29258
Output IDAT size = 29258 bytes (8664 bytes decrease)
Output file size = 29336 bytes (8712 bytes = 22.90% decrease)
** Processing: /data/gannet/ripley/R/packages/tests-devel/aqp.Rcheck/vign_test/aqp/vignettes/missing-data_files/figure-html/unnamed-chunk-3-7.png
288x288 pixels, 3x8 bits/pixel, RGB
Input IDAT size = 40643 bytes
Input file size = 40769 bytes
Trying:
zc = 9 zm = 8 zs = 0 f = 0 IDAT size = 30504
zc = 9 zm = 8 zs = 1 f = 0
zc = 1 zm = 8 zs = 2 f = 0
zc = 9 zm = 8 zs = 3 f = 0
zc = 9 zm = 8 zs = 0 f = 5
zc = 9 zm = 8 zs = 1 f = 5
zc = 1 zm = 8 zs = 2 f = 5
zc = 9 zm = 8 zs = 3 f = 5
Selecting parameters:
zc = 9 zm = 8 zs = 0 f = 0 IDAT size = 30504
Output IDAT size = 30504 bytes (10139 bytes decrease)
Output file size = 30582 bytes (10187 bytes = 24.99% decrease)
** Processing: /data/gannet/ripley/R/packages/tests-devel/aqp.Rcheck/vign_test/aqp/vignettes/missing-data_files/figure-html/unnamed-chunk-3-8.png
288x288 pixels, 3x8 bits/pixel, RGB
Input IDAT size = 41984 bytes
Input file size = 42122 bytes
Trying:
zc = 9 zm = 8 zs = 0 f = 0 IDAT size = 31438
zc = 9 zm = 8 zs = 1 f = 0
zc = 1 zm = 8 zs = 2 f = 0
zc = 9 zm = 8 zs = 3 f = 0
zc = 9 zm = 8 zs = 0 f = 5
zc = 9 zm = 8 zs = 1 f = 5
zc = 1 zm = 8 zs = 2 f = 5
zc = 9 zm = 8 zs = 3 f = 5
Selecting parameters:
zc = 9 zm = 8 zs = 0 f = 0 IDAT size = 31438
Output IDAT size = 31438 bytes (10546 bytes decrease)
Output file size = 31516 bytes (10606 bytes = 25.18% decrease)
--- finished re-building ‘missing-data.Rmd’
--- re-building ‘new-in-aqp-2.Rmd’ using rmarkdown
--- finished re-building ‘new-in-aqp-2.Rmd’
SUMMARY: processing the following file failed:
‘NCSP.Rmd’
Error: Vignette re-building failed.
Execution halted
Flavor: r-devel-linux-x86_64-fedora-gcc
Version: 2.1.0
Check: installed package size
Result: NOTE
installed size is 6.9Mb
sub-directories of 1Mb or more:
R 2.0Mb
data 2.1Mb
doc 1.8Mb
Flavors: r-release-macos-arm64, r-release-macos-x86_64, r-release-windows-x86_64, r-oldrel-macos-arm64, r-oldrel-macos-x86_64, r-oldrel-windows-x86_64