Last updated on 2024-08-18 04:48:06 CEST.
Flavor | Version | Tinstall | Tcheck | Ttotal | Status | Flags |
---|---|---|---|---|---|---|
r-devel-linux-x86_64-debian-clang | 0.3.3 | 64.69 | 209.03 | 273.72 | NOTE | |
r-devel-linux-x86_64-debian-gcc | 0.3.3 | 47.14 | 135.96 | 183.10 | NOTE | |
r-devel-linux-x86_64-fedora-clang | 0.3.3 | 465.85 | OK | |||
r-devel-linux-x86_64-fedora-gcc | 0.3.3 | 452.19 | OK | |||
r-devel-windows-x86_64 | 0.3.3 | 73.00 | 203.00 | 276.00 | OK | |
r-patched-linux-x86_64 | 0.3.3 | 63.14 | 193.47 | 256.61 | NOTE | |
r-release-linux-x86_64 | 0.3.3 | 66.62 | 195.39 | 262.01 | NOTE | |
r-release-macos-arm64 | 0.3.3 | 96.00 | OK | |||
r-release-macos-x86_64 | 0.3.3 | 192.00 | OK | |||
r-release-windows-x86_64 | 0.3.3 | 72.00 | 200.00 | 272.00 | OK | |
r-oldrel-macos-arm64 | 0.3.3 | 114.00 | OK | |||
r-oldrel-macos-x86_64 | 0.3.3 | 239.00 | OK | |||
r-oldrel-windows-x86_64 | 0.3.3 | 88.00 | 257.00 | 345.00 | OK |
Version: 0.3.3
Check: R code for possible problems
Result: NOTE
Found the following calls to attach():
File ‘apollo/R/apollo_attach.R’:
attach(as.list(apollo_beta), warn.conflicts = FALSE)
attach(database, warn.conflicts = FALSE)
attach(draws, warn.conflicts = FALSE)
attach(randcoeff, warn.conflicts = FALSE)
attach(lcpars, warn.conflicts = FALSE)
See section ‘Good practice’ in ‘?attach’.
Flavors: r-devel-linux-x86_64-debian-clang, r-devel-linux-x86_64-debian-gcc, r-patched-linux-x86_64, r-release-linux-x86_64