Last updated on 2024-08-18 04:48:06 CEST.
Flavor | Version | Tinstall | Tcheck | Ttotal | Status | Flags |
---|---|---|---|---|---|---|
r-devel-linux-x86_64-debian-clang | 1.3.3 | 5.18 | 40.19 | 45.37 | OK | |
r-devel-linux-x86_64-debian-gcc | 1.3.3 | 3.92 | 28.44 | 32.36 | OK | |
r-devel-linux-x86_64-fedora-clang | 1.3.3 | 74.07 | NOTE | |||
r-devel-linux-x86_64-fedora-gcc | 1.3.3 | 70.08 | OK | |||
r-devel-windows-x86_64 | 1.3.3 | 6.00 | 66.00 | 72.00 | OK | |
r-patched-linux-x86_64 | 1.3.3 | 5.53 | 38.42 | 43.95 | OK | |
r-release-linux-x86_64 | 1.3.3 | 4.68 | 37.36 | 42.04 | OK | |
r-release-macos-arm64 | 1.3.3 | 24.00 | OK | |||
r-release-macos-x86_64 | 1.3.3 | 39.00 | OK | |||
r-release-windows-x86_64 | 1.3.3 | 6.00 | 65.00 | 71.00 | OK | |
r-oldrel-macos-arm64 | 1.3.3 | 38.00 | OK | |||
r-oldrel-macos-x86_64 | 1.3.3 | 79.00 | OK | |||
r-oldrel-windows-x86_64 | 1.3.3 | 8.00 | 73.00 | 81.00 | OK |
Version: 1.3.3
Check: Rd cross-references
Result: NOTE
Undeclared packages ‘geepack’, ‘dispmod’ in Rd xrefs
Flavor: r-devel-linux-x86_64-fedora-clang