Last updated on 2024-08-17 05:49:16 CEST.
Flavor | Version | Tinstall | Tcheck | Ttotal | Status | Flags |
---|---|---|---|---|---|---|
r-devel-linux-x86_64-debian-clang | 1.0.0 | 4.24 | 47.02 | 51.26 | OK | |
r-devel-linux-x86_64-debian-gcc | 1.0.0 | 3.01 | 34.14 | 37.15 | OK | |
r-devel-linux-x86_64-fedora-clang | 1.0.0 | 82.77 | NOTE | |||
r-devel-linux-x86_64-fedora-gcc | 1.0.0 | 91.40 | NOTE | |||
r-devel-windows-x86_64 | 1.0.0 | 5.00 | 93.00 | 98.00 | OK | |
r-patched-linux-x86_64 | 1.0.0 | 3.56 | 44.63 | 48.19 | OK | |
r-release-linux-x86_64 | 1.0.0 | 4.06 | 45.23 | 49.29 | OK | |
r-release-macos-arm64 | 1.0.0 | 61.00 | OK | |||
r-release-macos-x86_64 | 1.0.0 | 78.00 | OK | |||
r-release-windows-x86_64 | 1.0.0 | 6.00 | 92.00 | 98.00 | OK | |
r-oldrel-macos-arm64 | 1.0.0 | 61.00 | OK | |||
r-oldrel-macos-x86_64 | 1.0.0 | 66.00 | OK | |||
r-oldrel-windows-x86_64 | 1.0.0 | 8.00 | 97.00 | 105.00 | OK |
Version: 1.0.0
Check: data for non-ASCII characters
Result: NOTE
Note: found 7 marked UTF-8 strings
Flavors: r-devel-linux-x86_64-fedora-clang, r-devel-linux-x86_64-fedora-gcc