Last updated on 2025-02-10 03:49:12 CET.
Flavor | Version | Tinstall | Tcheck | Ttotal | Status | Flags |
---|---|---|---|---|---|---|
r-devel-linux-x86_64-debian-clang | 0.2.1 | 1.86 | 23.53 | 25.39 | OK | |
r-devel-linux-x86_64-debian-gcc | 0.2.1 | 1.42 | 18.65 | 20.07 | OK | |
r-devel-linux-x86_64-fedora-clang | 0.2.1 | 43.82 | OK | |||
r-devel-linux-x86_64-fedora-gcc | 0.2.1 | 55.77 | OK | |||
r-devel-windows-x86_64 | 0.2.1 | 4.00 | 45.00 | 49.00 | OK | |
r-patched-linux-x86_64 | 0.2.1 | 1.59 | 22.66 | 24.25 | NOTE | |
r-release-linux-x86_64 | 0.2.1 | 1.73 | 22.63 | 24.36 | NOTE | |
r-release-macos-arm64 | 0.2.1 | 27.00 | NOTE | |||
r-release-macos-x86_64 | 0.2.1 | 34.00 | NOTE | |||
r-release-windows-x86_64 | 0.2.1 | 3.00 | 106.00 | 109.00 | NOTE | |
r-oldrel-macos-arm64 | 0.2.1 | 23.00 | NOTE | |||
r-oldrel-macos-x86_64 | 0.2.1 | 37.00 | NOTE | |||
r-oldrel-windows-x86_64 | 0.2.1 | 2.00 | 48.00 | 50.00 | NOTE |
Version: 0.2.1
Check: LazyData
Result: NOTE
'LazyData' is specified without a 'data' directory
Flavors: r-patched-linux-x86_64, r-release-linux-x86_64, r-release-macos-arm64, r-release-macos-x86_64, r-release-windows-x86_64, r-oldrel-macos-arm64, r-oldrel-macos-x86_64, r-oldrel-windows-x86_64