Last updated on 2024-08-17 05:49:16 CEST.
Flavor | Version | Tinstall | Tcheck | Ttotal | Status | Flags |
---|---|---|---|---|---|---|
r-devel-linux-x86_64-debian-clang | 1.3.0 | 54.53 | 534.28 | 588.81 | NOTE | |
r-devel-linux-x86_64-debian-gcc | 1.3.0 | 41.26 | 389.31 | 430.57 | NOTE | |
r-devel-linux-x86_64-fedora-clang | 1.3.0 | 932.84 | NOTE | |||
r-devel-linux-x86_64-fedora-gcc | 1.3.0 | 915.01 | NOTE | |||
r-devel-windows-x86_64 | 1.3.0 | 57.00 | 620.00 | 677.00 | NOTE | |
r-patched-linux-x86_64 | 1.3.0 | 59.62 | 494.92 | 554.54 | NOTE | |
r-release-linux-x86_64 | 1.3.0 | 52.48 | 504.29 | 556.77 | NOTE | |
r-release-macos-arm64 | 1.3.0 | 250.00 | NOTE | |||
r-release-macos-x86_64 | 1.3.0 | 390.00 | NOTE | |||
r-release-windows-x86_64 | 1.3.0 | 61.00 | 622.00 | 683.00 | NOTE | |
r-oldrel-macos-arm64 | 1.3.0 | 235.00 | OK | |||
r-oldrel-macos-x86_64 | 1.3.0 | 560.00 | OK | |||
r-oldrel-windows-x86_64 | 1.3.0 | 76.00 | 768.00 | 844.00 | OK |
Version: 1.3.0
Check: Rd files
Result: NOTE
checkRd: (-1) buildPhylipLineage.Rd:61: Lost braces; missing escapes or markup?
61 | names with the format {"Inferred1", "Inferred2", ...}.
| ^
Flavors: r-devel-linux-x86_64-debian-clang, r-devel-linux-x86_64-debian-gcc, r-devel-linux-x86_64-fedora-clang, r-devel-linux-x86_64-fedora-gcc, r-devel-windows-x86_64, r-patched-linux-x86_64, r-release-linux-x86_64, r-release-macos-arm64, r-release-macos-x86_64, r-release-windows-x86_64
Version: 1.3.0
Check: Rd cross-references
Result: NOTE
Found the following Rd file(s) with Rd \link{} targets missing package
anchors:
gridPlot.Rd: ggplot
plotAbundanceCurve.Rd: ggplot
plotDiversityCurve.Rd: ggplot
plotDiversityTest.Rd: ggplot
Please provide package anchors for all Rd \link{} targets not in the
package itself and the base packages.
Flavors: r-devel-linux-x86_64-debian-clang, r-devel-linux-x86_64-debian-gcc, r-devel-windows-x86_64