Last updated on 2024-08-17 05:49:16 CEST.
Flavor | Version | Tinstall | Tcheck | Ttotal | Status | Flags |
---|---|---|---|---|---|---|
r-devel-linux-x86_64-debian-clang | 0.4.1 | 4.72 | 50.01 | 54.73 | OK | |
r-devel-linux-x86_64-debian-gcc | 0.4.1 | 3.40 | 34.66 | 38.06 | OK | |
r-devel-linux-x86_64-fedora-clang | 0.4.1 | 87.95 | NOTE | |||
r-devel-linux-x86_64-fedora-gcc | 0.4.1 | 154.24 | NOTE | |||
r-devel-windows-x86_64 | 0.4.1 | 6.00 | 66.00 | 72.00 | OK | |
r-patched-linux-x86_64 | 0.4.1 | 5.20 | 46.47 | 51.67 | OK | |
r-release-linux-x86_64 | 0.4.1 | 4.83 | 46.70 | 51.53 | OK | |
r-release-macos-arm64 | 0.4.1 | 45.00 | OK | |||
r-release-macos-x86_64 | 0.4.1 | 73.00 | OK | |||
r-release-windows-x86_64 | 0.4.1 | 6.00 | 65.00 | 71.00 | OK | |
r-oldrel-macos-arm64 | 0.4.1 | 48.00 | OK | |||
r-oldrel-macos-x86_64 | 0.4.1 | 87.00 | OK | |||
r-oldrel-windows-x86_64 | 0.4.1 | 8.00 | 76.00 | 84.00 | OK |
Version: 0.4.1
Check: dependencies in R code
Result: NOTE
Namespaces in Imports field not imported from:
‘knitr’ ‘randomNames’ ‘tidyr’
All declared Imports should be used.
Flavors: r-devel-linux-x86_64-fedora-clang, r-devel-linux-x86_64-fedora-gcc