Last updated on 2025-02-04 05:50:14 CET.
Flavor | Version | Tinstall | Tcheck | Ttotal | Status | Flags |
---|---|---|---|---|---|---|
r-devel-linux-x86_64-debian-clang | 0.3.1 | 5.16 | 112.82 | 117.98 | OK | |
r-devel-linux-x86_64-debian-gcc | 0.3.1 | 3.16 | 76.10 | 79.26 | OK | |
r-devel-linux-x86_64-fedora-clang | 0.3.1 | 204.44 | OK | |||
r-devel-linux-x86_64-fedora-gcc | 0.3.1 | 209.66 | OK | |||
r-devel-windows-x86_64 | 0.3.1 | 8.00 | 114.00 | 122.00 | OK | |
r-patched-linux-x86_64 | 0.3.1 | 3.78 | 101.48 | 105.26 | NOTE | |
r-release-linux-x86_64 | 0.3.1 | 4.42 | 101.56 | 105.98 | NOTE | |
r-release-macos-arm64 | 0.3.1 | 53.00 | NOTE | |||
r-release-macos-x86_64 | 0.3.1 | 83.00 | NOTE | |||
r-release-windows-x86_64 | 0.3.1 | 7.00 | 112.00 | 119.00 | NOTE | |
r-oldrel-macos-arm64 | 0.3.1 | 55.00 | NOTE | |||
r-oldrel-macos-x86_64 | 0.3.1 | 98.00 | NOTE | |||
r-oldrel-windows-x86_64 | 0.3.1 | 9.00 | 134.00 | 143.00 | NOTE |
Version: 0.3.1
Check: LazyData
Result: NOTE
'LazyData' is specified without a 'data' directory
Flavors: r-patched-linux-x86_64, r-release-linux-x86_64, r-release-macos-arm64, r-release-macos-x86_64, r-release-windows-x86_64, r-oldrel-macos-arm64, r-oldrel-macos-x86_64, r-oldrel-windows-x86_64