Last updated on 2024-08-17 05:49:39 CEST.
Flavor | Version | Tinstall | Tcheck | Ttotal | Status | Flags |
---|---|---|---|---|---|---|
r-devel-linux-x86_64-debian-clang | 0.2.1 | 274.24 | 332.96 | 607.20 | OK | |
r-devel-linux-x86_64-debian-gcc | 0.2.1 | 194.88 | 224.36 | 419.24 | OK | |
r-devel-linux-x86_64-fedora-clang | 0.2.1 | 1078.23 | OK | |||
r-devel-linux-x86_64-fedora-gcc | 0.2.1 | 1123.65 | OK | |||
r-devel-windows-x86_64 | 0.2.1 | 265.00 | 333.00 | 598.00 | OK | |
r-patched-linux-x86_64 | 0.2.1 | 270.80 | 324.74 | 595.54 | OK | |
r-release-linux-x86_64 | 0.2.1 | 273.64 | 327.92 | 601.56 | OK | |
r-release-macos-arm64 | 0.2.1 | 238.00 | NOTE | |||
r-release-macos-x86_64 | 0.2.1 | 301.00 | NOTE | |||
r-release-windows-x86_64 | 0.2.1 | 286.00 | 327.00 | 613.00 | OK | |
r-oldrel-macos-arm64 | 0.2.1 | 243.00 | NOTE | |||
r-oldrel-macos-x86_64 | 0.2.1 | 492.00 | NOTE | |||
r-oldrel-windows-x86_64 | 0.2.1 | 327.00 | 427.00 | 754.00 | OK |
Version: 0.2.1
Check: installed package size
Result: NOTE
installed size is 58.1Mb
sub-directories of 1Mb or more:
libs 57.2Mb
Flavors: r-release-macos-arm64, r-release-macos-x86_64, r-oldrel-macos-arm64, r-oldrel-macos-x86_64