CRAN Package Check Results for Package WeibullFit

Last updated on 2025-02-04 05:50:34 CET.

Flavor Version Tinstall Tcheck Ttotal Status Flags
r-devel-linux-x86_64-debian-clang 0.1.0 5.81 47.54 53.35 NOTE
r-devel-linux-x86_64-debian-gcc 0.1.0 4.79 36.42 41.21 NOTE
r-devel-linux-x86_64-fedora-clang 0.1.0 90.37 NOTE
r-devel-linux-x86_64-fedora-gcc 0.1.0 88.49 NOTE
r-devel-windows-x86_64 0.1.0 8.00 65.00 73.00 NOTE
r-patched-linux-x86_64 0.1.0 5.54 45.44 50.98 NOTE
r-release-linux-x86_64 0.1.0 6.00 45.31 51.31 NOTE
r-release-macos-arm64 0.1.0 30.00 NOTE
r-release-macos-x86_64 0.1.0 56.00 NOTE
r-release-windows-x86_64 0.1.0 8.00 64.00 72.00 NOTE
r-oldrel-macos-arm64 0.1.0 29.00 OK
r-oldrel-macos-x86_64 0.1.0 44.00 OK
r-oldrel-windows-x86_64 0.1.0 10.00 73.00 83.00 OK

Check Details

Version: 0.1.0
Check: Rd files
Result: NOTE checkRd: (-1) busTrace.Rd:15: Lost braces 15 | /href{https://crawdad.org/coppe-ufrj/RioBuses/20180319/} | ^ Flavors: r-devel-linux-x86_64-debian-clang, r-devel-linux-x86_64-debian-gcc, r-devel-linux-x86_64-fedora-clang, r-devel-linux-x86_64-fedora-gcc, r-devel-windows-x86_64, r-patched-linux-x86_64, r-release-linux-x86_64, r-release-macos-arm64, r-release-macos-x86_64, r-release-windows-x86_64