CRAN Package Check Results for Package WARN

Last updated on 2025-02-04 05:50:34 CET.

Flavor Version Tinstall Tcheck Ttotal Status Flags
r-devel-linux-x86_64-debian-clang 1.2-4 2.51 28.86 31.37 NOTE
r-devel-linux-x86_64-debian-gcc 1.2-4 2.03 20.98 23.01 NOTE
r-devel-linux-x86_64-fedora-clang 1.2-4 52.30 OK
r-devel-linux-x86_64-fedora-gcc 1.2-4 46.58 OK
r-devel-windows-x86_64 1.2-4 3.00 57.00 60.00 NOTE
r-patched-linux-x86_64 1.2-4 2.72 26.72 29.44 OK
r-release-linux-x86_64 1.2-4 2.52 26.70 29.22 OK
r-release-macos-arm64 1.2-4 16.00 OK
r-release-macos-x86_64 1.2-4 27.00 OK
r-release-windows-x86_64 1.2-4 3.00 50.00 53.00 OK
r-oldrel-macos-arm64 1.2-4 17.00 OK
r-oldrel-macos-x86_64 1.2-4 24.00 OK
r-oldrel-windows-x86_64 1.2-4 4.00 51.00 55.00 OK

Check Details

Version: 1.2-4
Check: Rd cross-references
Result: NOTE Found the following Rd file(s) with Rd \link{} targets missing package anchors: warn.Rd: kde2d, width.SJ Please provide package anchors for all Rd \link{} targets not in the package itself and the base packages. Flavors: r-devel-linux-x86_64-debian-clang, r-devel-linux-x86_64-debian-gcc, r-devel-windows-x86_64