Last updated on 2025-02-10 03:49:34 CET.
Flavor | Version | Tinstall | Tcheck | Ttotal | Status | Flags |
---|---|---|---|---|---|---|
r-devel-linux-x86_64-debian-clang | 1.0.1 | 29.60 | 78.17 | 107.77 | NOTE | |
r-devel-linux-x86_64-debian-gcc | 1.0.1 | 22.97 | 47.24 | 70.21 | NOTE | |
r-devel-linux-x86_64-fedora-clang | 1.0.1 | 162.82 | NOTE | |||
r-devel-linux-x86_64-fedora-gcc | 1.0.1 | 164.73 | NOTE | |||
r-devel-windows-x86_64 | 1.0.1 | 33.00 | 80.00 | 113.00 | NOTE | |
r-patched-linux-x86_64 | 1.0.1 | 32.23 | 72.62 | 104.85 | NOTE | |
r-release-linux-x86_64 | 1.0.1 | 29.47 | 54.75 | 84.22 | NOTE | |
r-release-macos-arm64 | 1.0.1 | 44.00 | NOTE | |||
r-release-macos-x86_64 | 1.0.1 | 60.00 | NOTE | |||
r-release-windows-x86_64 | 1.0.1 | 34.00 | 87.00 | 121.00 | NOTE | |
r-oldrel-macos-arm64 | 1.0.1 | 46.00 | NOTE | |||
r-oldrel-macos-x86_64 | 1.0.1 | 77.00 | NOTE | |||
r-oldrel-windows-x86_64 | 1.0.1 | 40.00 | 94.00 | 134.00 | NOTE |
Version: 1.0.1
Check: C++ specification
Result: NOTE
Specified C++11: please drop specification unless essential
Flavors: r-devel-linux-x86_64-debian-clang, r-devel-linux-x86_64-debian-gcc, r-devel-linux-x86_64-fedora-clang, r-devel-linux-x86_64-fedora-gcc, r-devel-windows-x86_64, r-patched-linux-x86_64, r-release-linux-x86_64, r-release-macos-arm64, r-release-macos-x86_64, r-release-windows-x86_64, r-oldrel-macos-arm64, r-oldrel-macos-x86_64, r-oldrel-windows-x86_64
Version: 1.0.1
Check: installed package size
Result: NOTE
installed size is 5.2Mb
sub-directories of 1Mb or more:
libs 3.6Mb
Flavors: r-release-macos-arm64, r-release-macos-x86_64, r-oldrel-macos-arm64, r-oldrel-macos-x86_64