Last updated on 2024-08-17 05:49:39 CEST.
Flavor | Version | Tinstall | Tcheck | Ttotal | Status | Flags |
---|---|---|---|---|---|---|
r-devel-linux-x86_64-debian-clang | 0.2.6 | 89.88 | 41.84 | 131.72 | NOTE | |
r-devel-linux-x86_64-debian-gcc | 0.2.6 | 64.23 | 31.33 | 95.56 | NOTE | |
r-devel-linux-x86_64-fedora-clang | 0.2.6 | 251.18 | NOTE | |||
r-devel-linux-x86_64-fedora-gcc | 0.2.6 | 260.34 | NOTE | |||
r-devel-windows-x86_64 | 0.2.6 | 127.00 | 83.00 | 210.00 | NOTE | |
r-patched-linux-x86_64 | 0.2.6 | 91.01 | 40.36 | 131.37 | NOTE | |
r-release-linux-x86_64 | 0.2.6 | 91.48 | 39.47 | 130.95 | NOTE | |
r-release-macos-arm64 | 0.2.6 | 58.00 | NOTE | |||
r-release-macos-x86_64 | 0.2.6 | 62.00 | NOTE | |||
r-release-windows-x86_64 | 0.2.6 | 132.00 | 86.00 | 218.00 | NOTE | |
r-oldrel-macos-arm64 | 0.2.6 | 76.00 | OK | |||
r-oldrel-macos-x86_64 | 0.2.6 | 121.00 | OK | |||
r-oldrel-windows-x86_64 | 0.2.6 | 148.00 | 103.00 | 251.00 | OK |
Version: 0.2.6
Check: Rd files
Result: NOTE
checkRd: (-1) vic_param.Rd:311: Lost braces
311 | albedo must be supplied in code{forcing_veg}. Default = 1.}
| ^
checkRd: (-1) vic_param.Rd:323: Lost braces
323 | supplied in code{forcing_veg}. Default = 1.}
| ^
checkRd: (-1) vic_param.Rd:341: Lost braces
341 | be supplied in code{forcing_veg} Default = 0.}
| ^
Flavors: r-devel-linux-x86_64-debian-clang, r-devel-linux-x86_64-debian-gcc, r-devel-linux-x86_64-fedora-clang, r-devel-linux-x86_64-fedora-gcc, r-devel-windows-x86_64, r-patched-linux-x86_64, r-release-linux-x86_64, r-release-macos-arm64, r-release-macos-x86_64, r-release-windows-x86_64