Last updated on 2025-02-10 03:49:34 CET.
Flavor | Version | Tinstall | Tcheck | Ttotal | Status | Flags |
---|---|---|---|---|---|---|
r-devel-linux-x86_64-debian-clang | 1.1-12 | 99.02 | 538.97 | 637.99 | OK | |
r-devel-linux-x86_64-debian-gcc | 1.1-12 | 68.86 | 320.71 | 389.57 | OK | |
r-devel-linux-x86_64-fedora-clang | 1.1-12 | 1098.48 | OK | |||
r-devel-linux-x86_64-fedora-gcc | 1.1-12 | 989.40 | OK | |||
r-devel-windows-x86_64 | 1.1-12 | 101.00 | 591.00 | 692.00 | OK | |
r-patched-linux-x86_64 | 1.1-12 | 110.98 | 484.21 | 595.19 | OK | |
r-release-linux-x86_64 | 1.1-12 | 83.26 | 493.41 | 576.67 | OK | |
r-release-macos-arm64 | 1.1-12 | 193.00 | NOTE | |||
r-release-macos-x86_64 | 1.1-12 | 594.00 | NOTE | |||
r-release-windows-x86_64 | 1.1-12 | 108.00 | 573.00 | 681.00 | NOTE | |
r-oldrel-macos-arm64 | 1.1-12 | 195.00 | NOTE | |||
r-oldrel-macos-x86_64 | 1.1-12 | 591.00 | WARN | |||
r-oldrel-windows-x86_64 | 1.1-12 | 116.00 | 732.00 | 848.00 | NOTE |
Version: 1.1-12
Check: installed package size
Result: NOTE
installed size is 9.8Mb
sub-directories of 1Mb or more:
R 5.1Mb
help 3.5Mb
Flavors: r-release-macos-arm64, r-release-macos-x86_64, r-release-windows-x86_64, r-oldrel-macos-arm64, r-oldrel-macos-x86_64, r-oldrel-windows-x86_64
Version: 1.1-12
Check: Rd cross-references
Result: WARN
Missing link or links in documentation object 'amlbinomial.Rd':
‘[VGAMdata]{alaplace1}’
Missing link or links in documentation object 'amlexponential.Rd':
‘[VGAMdata]{alaplace1}’
Missing link or links in documentation object 'amlnormal.Rd':
‘[VGAMdata]{alaplace1}’
Missing link or links in documentation object 'amlpoisson.Rd':
‘[VGAMdata]{alaplace1}’
Missing link or links in documentation object 'extlogF.UC.Rd':
‘[VGAMdata]{dalap}’
Missing link or links in documentation object 'extlogF1.Rd':
‘[VGAMdata]{alaplace1}’ ‘[VGAMdata]{dalap}’
Missing link or links in documentation object 'grc.Rd':
‘[VGAMdata]{alaplace2}’
Missing link or links in documentation object 'laplace.Rd':
‘[VGAMdata]{alaplace2}’
Missing link or links in documentation object 'lms.bcn.Rd':
‘[VGAMdata]{alaplace1}’
Missing link or links in documentation object 'simulate.vlm.Rd':
‘[VGAMdata]{alaplace1}’ ‘[VGAMdata]{alaplace2}’
‘[VGAMdata]{triangle}’
Missing link or links in documentation object 'triangleUC.Rd':
‘[VGAMdata]{triangle}’
Missing link or links in documentation object 'wald.stat.Rd':
‘[VGAMdata]{alaplace1}’
See section 'Cross-references' in the 'Writing R Extensions' manual.
Flavor: r-oldrel-macos-x86_64