Last updated on 2025-02-04 05:50:34 CET.
Flavor | Version | Tinstall | Tcheck | Ttotal | Status | Flags |
---|---|---|---|---|---|---|
r-devel-linux-x86_64-debian-clang | 1.0.1 | 5.35 | 44.31 | 49.66 | OK | |
r-devel-linux-x86_64-debian-gcc | 1.0.1 | 3.94 | 31.43 | 35.37 | OK | |
r-devel-linux-x86_64-fedora-clang | 1.0.1 | 82.60 | NOTE | |||
r-devel-linux-x86_64-fedora-gcc | 1.0.1 | 72.31 | NOTE | |||
r-devel-windows-x86_64 | 1.0.1 | 8.00 | 62.00 | 70.00 | OK | |
r-patched-linux-x86_64 | 1.0.1 | 5.19 | 40.24 | 45.43 | NOTE | |
r-release-linux-x86_64 | 1.0.1 | 4.97 | 40.31 | 45.28 | NOTE | |
r-release-macos-arm64 | 1.0.1 | 22.00 | NOTE | |||
r-release-macos-x86_64 | 1.0.1 | 37.00 | NOTE | |||
r-release-windows-x86_64 | 1.0.1 | 8.00 | 62.00 | 70.00 | NOTE | |
r-oldrel-macos-arm64 | 1.0.1 | 26.00 | NOTE | |||
r-oldrel-macos-x86_64 | 1.0.1 | 37.00 | NOTE | |||
r-oldrel-windows-x86_64 | 1.0.1 | 8.00 | 71.00 | 79.00 | NOTE |
Version: 1.0.1
Check: dependencies in R code
Result: NOTE
Namespace in Imports field not imported from: ‘dplyr’
All declared Imports should be used.
Flavors: r-devel-linux-x86_64-fedora-clang, r-devel-linux-x86_64-fedora-gcc
Version: 1.0.1
Check: LazyData
Result: NOTE
'LazyData' is specified without a 'data' directory
Flavors: r-patched-linux-x86_64, r-release-linux-x86_64, r-release-macos-arm64, r-release-macos-x86_64, r-release-windows-x86_64, r-oldrel-macos-arm64, r-oldrel-macos-x86_64, r-oldrel-windows-x86_64