Last updated on 2024-08-17 05:49:37 CEST.
Flavor | Version | Tinstall | Tcheck | Ttotal | Status | Flags |
---|---|---|---|---|---|---|
r-devel-linux-x86_64-debian-clang | 0.1.3 | 9.61 | 71.72 | 81.33 | OK | |
r-devel-linux-x86_64-debian-gcc | 0.1.3 | 6.47 | 53.79 | 60.26 | OK | |
r-devel-linux-x86_64-fedora-clang | 0.1.3 | 123.39 | NOTE | |||
r-devel-linux-x86_64-fedora-gcc | 0.1.3 | 116.38 | OK | |||
r-devel-windows-x86_64 | 0.1.3 | 10.00 | 93.00 | 103.00 | OK | |
r-patched-linux-x86_64 | 0.1.3 | 7.84 | 67.50 | 75.34 | OK | |
r-release-linux-x86_64 | 0.1.3 | 8.46 | 67.69 | 76.15 | OK | |
r-release-macos-arm64 | 0.1.3 | 42.00 | OK | |||
r-release-macos-x86_64 | 0.1.3 | 102.00 | OK | |||
r-release-windows-x86_64 | 0.1.3 | 9.00 | 92.00 | 101.00 | OK | |
r-oldrel-macos-arm64 | 0.1.1 | 27.00 | OK | |||
r-oldrel-macos-x86_64 | 0.1.1 | 49.00 | OK | |||
r-oldrel-windows-x86_64 | 0.1.1 | 6.00 | 61.00 | 67.00 | OK |
Version: 0.1.3
Check: Rd cross-references
Result: NOTE
Undeclared packages ‘units’, ‘data.table’ in Rd xrefs
Flavor: r-devel-linux-x86_64-fedora-clang