Last updated on 2024-08-18 04:48:26 CEST.
Flavor | Version | Tinstall | Tcheck | Ttotal | Status | Flags |
---|---|---|---|---|---|---|
r-devel-linux-x86_64-debian-clang | 3.2.1 | 16.91 | 107.29 | 124.20 | NOTE | |
r-devel-linux-x86_64-debian-gcc | 3.2.1 | 12.77 | 76.74 | 89.51 | NOTE | |
r-devel-linux-x86_64-fedora-clang | 3.2.1 | 204.44 | NOTE | |||
r-devel-linux-x86_64-fedora-gcc | 3.2.1 | 193.17 | NOTE | |||
r-devel-windows-x86_64 | 3.2.1 | 14.00 | 97.00 | 111.00 | NOTE | |
r-patched-linux-x86_64 | 3.2.1 | 15.93 | 101.71 | 117.64 | NOTE | |
r-release-linux-x86_64 | 3.2.1 | 16.28 | 101.79 | 118.07 | NOTE | |
r-release-macos-arm64 | 3.2.1 | 84.00 | NOTE | |||
r-release-macos-x86_64 | 3.2.1 | 95.00 | NOTE | |||
r-release-windows-x86_64 | 3.2.1 | 15.00 | 153.00 | 168.00 | NOTE | |
r-oldrel-macos-arm64 | 3.2.1 | 54.00 | NOTE | |||
r-oldrel-macos-x86_64 | 3.2.1 | 94.00 | NOTE | |||
r-oldrel-windows-x86_64 | 3.2.1 | 18.00 | 202.00 | 220.00 | NOTE |
Version: 3.2.1
Check: LazyData
Result: NOTE
'LazyData' is specified without a 'data' directory
Flavors: r-devel-linux-x86_64-debian-clang, r-devel-linux-x86_64-debian-gcc, r-devel-linux-x86_64-fedora-clang, r-devel-linux-x86_64-fedora-gcc, r-devel-windows-x86_64, r-patched-linux-x86_64, r-release-linux-x86_64, r-release-macos-arm64, r-release-macos-x86_64, r-release-windows-x86_64, r-oldrel-macos-arm64, r-oldrel-macos-x86_64, r-oldrel-windows-x86_64