Last updated on 2024-08-17 05:49:37 CEST.
Flavor | Version | Tinstall | Tcheck | Ttotal | Status | Flags |
---|---|---|---|---|---|---|
r-devel-linux-x86_64-debian-clang | 1.2.6 | 26.38 | 308.97 | 335.35 | OK | |
r-devel-linux-x86_64-debian-gcc | 1.2.6 | 20.10 | 196.89 | 216.99 | OK | |
r-devel-linux-x86_64-fedora-clang | 1.2.6 | 527.71 | NOTE | |||
r-devel-linux-x86_64-fedora-gcc | 1.2.6 | 530.85 | OK | |||
r-devel-windows-x86_64 | 1.2.6 | 35.00 | 371.00 | 406.00 | NOTE | |
r-patched-linux-x86_64 | 1.2.6 | 27.73 | 290.34 | 318.07 | OK | |
r-release-linux-x86_64 | 1.2.6 | 26.53 | 297.78 | 324.31 | OK | |
r-release-macos-arm64 | 1.2.6 | 91.00 | NOTE | |||
r-release-macos-x86_64 | 1.2.6 | 214.00 | NOTE | |||
r-release-windows-x86_64 | 1.2.6 | 36.00 | 375.00 | 411.00 | NOTE | |
r-oldrel-macos-arm64 | 1.2.6 | 106.00 | NOTE | |||
r-oldrel-macos-x86_64 | 1.2.6 | 184.00 | NOTE | |||
r-oldrel-windows-x86_64 | 1.2.6 | 42.00 | 461.00 | 503.00 | NOTE |
Version: 1.2.6
Check: package dependencies
Result: NOTE
Imports includes 26 non-default packages.
Importing from so many packages makes the package vulnerable to any of
them becoming unavailable. Move as many as possible to Suggests and
use conditionally.
Flavor: r-devel-linux-x86_64-fedora-clang
Version: 1.2.6
Check: installed package size
Result: NOTE
installed size is 13.3Mb
sub-directories of 1Mb or more:
doc 12.0Mb
Flavors: r-devel-linux-x86_64-fedora-clang, r-devel-windows-x86_64, r-release-macos-arm64, r-release-macos-x86_64, r-release-windows-x86_64, r-oldrel-macos-arm64, r-oldrel-macos-x86_64, r-oldrel-windows-x86_64