CRAN Package Check Results for Package SuperpixelImageSegmentation

Last updated on 2025-02-04 05:50:32 CET.

Flavor Version Tinstall Tcheck Ttotal Status Flags
r-devel-linux-x86_64-debian-clang 1.0.5 42.89 35.83 78.72 NOTE
r-devel-linux-x86_64-debian-gcc 1.0.5 37.15 27.59 64.74 NOTE
r-devel-linux-x86_64-fedora-clang 1.0.5 145.47 NOTE
r-devel-linux-x86_64-fedora-gcc 1.0.5 157.54 NOTE
r-devel-windows-x86_64 1.0.5 47.00 78.00 125.00 NOTE
r-patched-linux-x86_64 1.0.5 52.16 33.96 86.12 NOTE
r-release-linux-x86_64 1.0.5 49.70 33.89 83.59 NOTE
r-release-macos-arm64 1.0.5 35.00 NOTE
r-release-macos-x86_64 1.0.5 57.00 NOTE
r-release-windows-x86_64 1.0.5 49.00 77.00 126.00 NOTE
r-oldrel-macos-arm64 1.0.5 44.00 NOTE
r-oldrel-macos-x86_64 1.0.5 69.00 NOTE
r-oldrel-windows-x86_64 1.0.5 56.00 91.00 147.00 NOTE

Check Details

Version: 1.0.5
Check: C++ specification
Result: NOTE Specified C++11: please drop specification unless essential Flavors: r-devel-linux-x86_64-debian-clang, r-devel-linux-x86_64-debian-gcc, r-devel-linux-x86_64-fedora-clang, r-devel-linux-x86_64-fedora-gcc, r-devel-windows-x86_64, r-patched-linux-x86_64, r-release-linux-x86_64, r-release-macos-arm64, r-release-macos-x86_64, r-release-windows-x86_64, r-oldrel-macos-arm64, r-oldrel-macos-x86_64, r-oldrel-windows-x86_64

Version: 1.0.5
Check: installed package size
Result: NOTE installed size is 5.6Mb sub-directories of 1Mb or more: libs 5.3Mb Flavors: r-release-macos-arm64, r-release-macos-x86_64, r-oldrel-macos-arm64, r-oldrel-macos-x86_64