Last updated on 2025-02-04 05:50:32 CET.
Flavor | Version | Tinstall | Tcheck | Ttotal | Status | Flags |
---|---|---|---|---|---|---|
r-devel-linux-x86_64-debian-clang | 0.1.0 | 11.83 | 32.15 | 43.98 | NOTE | |
r-devel-linux-x86_64-debian-gcc | 0.1.0 | 8.08 | 25.32 | 33.40 | NOTE | |
r-devel-linux-x86_64-fedora-clang | 0.1.0 | 73.86 | NOTE | |||
r-devel-linux-x86_64-fedora-gcc | 0.1.0 | 81.99 | NOTE | |||
r-devel-windows-x86_64 | 0.1.0 | 11.00 | 62.00 | 73.00 | NOTE | |
r-patched-linux-x86_64 | 0.1.0 | 11.04 | 31.25 | 42.29 | NOTE | |
r-release-linux-x86_64 | 0.1.0 | 10.43 | 31.33 | 41.76 | NOTE | |
r-release-macos-arm64 | 0.1.0 | 35.00 | NOTE | |||
r-release-macos-x86_64 | 0.1.0 | 47.00 | NOTE | |||
r-release-windows-x86_64 | 0.1.0 | 11.00 | 61.00 | 72.00 | NOTE | |
r-oldrel-macos-arm64 | 0.1.0 | 40.00 | OK | |||
r-oldrel-macos-x86_64 | 0.1.0 | 53.00 | OK | |||
r-oldrel-windows-x86_64 | 0.1.0 | 16.00 | 63.00 | 79.00 | OK |
Version: 0.1.0
Check: Rd files
Result: NOTE
checkRd: (-1) stackExample.Rd:10: Lost braces in \itemize; meant \describe ?
checkRd: (-1) stackExample.Rd:11: Lost braces in \itemize; meant \describe ?
Flavors: r-devel-linux-x86_64-debian-clang, r-devel-linux-x86_64-debian-gcc, r-devel-linux-x86_64-fedora-clang, r-devel-linux-x86_64-fedora-gcc, r-devel-windows-x86_64, r-patched-linux-x86_64, r-release-linux-x86_64, r-release-macos-arm64, r-release-macos-x86_64, r-release-windows-x86_64
Version: 0.1.0
Check: dependencies in R code
Result: NOTE
Namespaces in Imports field not imported from:
‘MASS’ ‘mice’ ‘sandwich’ ‘zoo’
All declared Imports should be used.
Flavors: r-devel-linux-x86_64-fedora-clang, r-devel-linux-x86_64-fedora-gcc