Last updated on 2025-02-10 03:49:31 CET.
Flavor | Version | Tinstall | Tcheck | Ttotal | Status | Flags |
---|---|---|---|---|---|---|
r-devel-linux-x86_64-debian-clang | 6.1.0 | 16.43 | 89.63 | 106.06 | NOTE | |
r-devel-linux-x86_64-debian-gcc | 6.2.0 | 11.81 | 70.31 | 82.12 | OK | |
r-devel-linux-x86_64-fedora-clang | 6.2.0 | 197.48 | OK | |||
r-devel-linux-x86_64-fedora-gcc | 6.2.0 | 198.20 | OK | |||
r-devel-windows-x86_64 | 6.2.0 | 18.00 | 124.00 | 142.00 | OK | |
r-patched-linux-x86_64 | 6.2.0 | 15.57 | 93.78 | 109.35 | OK | |
r-release-linux-x86_64 | 6.2.0 | 14.36 | 93.30 | 107.66 | OK | |
r-release-macos-arm64 | 6.2.0 | 79.00 | NOTE | |||
r-release-macos-x86_64 | 6.2.0 | 175.00 | OK | |||
r-release-windows-x86_64 | 6.2.0 | 22.00 | 144.00 | 166.00 | OK | |
r-oldrel-macos-arm64 | 6.1.0 | 62.00 | NOTE | |||
r-oldrel-macos-x86_64 | 6.1.0 | 131.00 | NOTE | |||
r-oldrel-windows-x86_64 | 6.2.0 | 22.00 | 157.00 | 179.00 | OK |
Version: 6.1.0
Check: Rd cross-references
Result: NOTE
Found the following Rd file(s) with Rd \link{} targets missing package
anchors:
loadAdatsAsList.Rd: bind_rows
pivotExpressionSet.Rd: pivot_longer
soma_adat.Rd: tibble
Please provide package anchors for all Rd \link{} targets not in the
package itself and the base packages.
Flavor: r-devel-linux-x86_64-debian-clang
Version: 6.2.0
Check: installed package size
Result: NOTE
installed size is 6.0Mb
sub-directories of 1Mb or more:
data 3.8Mb
extdata 1.1Mb
Flavor: r-release-macos-arm64
Version: 6.1.0
Check: installed package size
Result: NOTE
installed size is 5.9Mb
sub-directories of 1Mb or more:
data 3.8Mb
extdata 1.1Mb
Flavors: r-oldrel-macos-arm64, r-oldrel-macos-x86_64